{"id":741148,"date":"2025-08-28T00:42:55","date_gmt":"2025-08-27T21:42:55","guid":{"rendered":"https:\/\/roveyayinevi.com.tr\/index.php\/urun\/curume-2\/"},"modified":"2025-10-01T07:41:35","modified_gmt":"2025-10-01T04:41:35","slug":"curume-2","status":"publish","type":"product","link":"https:\/\/roveyayinevi.com.tr\/index.php\/urun\/curume-2\/","title":{"rendered":"\u00c7\u00fcr\u00fcme"},"content":{"rendered":"<p>\u201cUyan anne uyan, bir filmin i\u00e7inde de\u011filiz, bir roman konusu de\u011filiz, uzak zamanlara ait k\u00f6t\u00fc bir hik\u00e2ye, masal, efsane, her neyse onlar da de\u011filiz\u2026 Biz bunlar\u0131 ya\u015fad\u0131k, \u00e7\u0131r\u0131l\u00e7\u0131plak hakikat bu. Bunlar\u0131 dinlemeye dayanabilir misin? Sen dinlemesen de dinleyenler \u00e7\u0131kacakt\u0131r, anlatt\u0131klar\u0131ma inananlar olacakt\u0131r, bu kadar sert, bu kadar yak\u0131c\u0131, cehennem kadar azap verici bu ger\u00e7eklikle y\u00fczle\u015fmek isteyenler olacakt\u0131r mutlaka. Bir insan\u0131n ne kadar ileri gidebilece\u011fini, k\u00f6t\u00fcl\u00fc\u011f\u00fcn bir s\u0131n\u0131r\u0131 olmad\u0131\u011f\u0131n\u0131 anlayanlar olacakt\u0131r.\u201d   Ba\u015f\u00fcst\u00fc Mahallesi\u2019nin i\u00e7ine kapal\u0131, a\u011f\u0131rba\u015fl\u0131, y\u00fcz\u00fcn\u00fc Tanr\u0131\u2019ya d\u00f6nm\u00fc\u015f Ongun Apartman\u0131\u2019na i\u00e7g\u00fcveyi olarak gelen S\u0131dd\u0131k her \u015feyi geri d\u00f6n\u00fclmez bir bi\u00e7imde de\u011fi\u015ftirecektir. B\u00fct\u00fcn aile, hatta b\u00fct\u00fcn mahalle bu karanl\u0131k, gizemli adam\u0131n g\u00fcnaha \u00e7a\u011fr\u0131s\u0131n\u0131n pe\u015finden gidecektir. \u0130nsanlar b\u00fcy\u00fclenmi\u015f\u00e7esine S\u0131dd\u0131k\u2019a itaat edip onun kurdu\u011fu d\u00fcnyada hazz\u0131n, g\u00fcnah\u0131n, su\u00e7un, t\u00f6vbenin, ink\u00e2r\u0131n i\u00e7 i\u00e7e ge\u00e7ti\u011fi bir hayat s\u00fcrd\u00fcr\u00fcrken, mahallenin gen\u00e7 imam\u0131 \u0130smail de her yeri saran \u00e7\u00fcr\u00fcm\u00fc\u015fl\u00fc\u011f\u00fcn ve y\u0131k\u0131m\u0131n kayna\u011f\u0131n\u0131 bulmaya \u00e7al\u0131\u015facakt\u0131r. Bu sofuca g\u00fcnahk\u00e2rl\u0131\u011fa bir son veren de kutsal kitaplar\u0131n kurban hik\u00e2yesini tersine \u00e7eviren o\u011ful \u0130shak olacakt\u0131r.   Cem Kalender, Palu ailesinden yola \u00e7\u0131karak yazd\u0131\u011f\u0131 bu romanda toplumun ve bireyin \u00e7\u00fcr\u00fcm\u00fc\u015fl\u00fc\u011f\u00fcn\u00fc g\u00f6zler \u00f6n\u00fcne seriyor.     Yazar Hakk\u0131nda: Cem Kalender, 1976\u2019da Kahramanmara\u015f, Af\u015fin\u2019de do\u011fdu. Gazi \u00dcniversitesi Kastamonu E\u011fitim Fak\u00fcltesi\u2019ni bitirdikten sonra \u00f6\u011fretmen olarak \u0130stanbul\u2019a atand\u0131. Burada hem \u00f6\u011fretmenlik yap\u0131p hem de Marmara \u00dcniversitesi \u0130leti\u015fim Fak\u00fcltesi Gazetecilik B\u00f6l\u00fcm\u00fc\u2019n\u00fc okumaya ba\u015flad\u0131. Bir s\u00fcre sonra \u00fcniversiteyi b\u0131rak\u0131p yazmaya yo\u011funla\u015ft\u0131. \u0130lk roman\u0131 Klan\u2019\u0131 2007\u2019de yazd\u0131 ve roman dosya halindeyken Ahmet Hamdi Tanp\u0131nar Edebiyat \u00d6d\u00fcl\u00fc\u2019n\u00fc ald\u0131. Bir y\u0131l sonra ikinci kitab\u0131 Zaman\u0131n Unutkan Koynunda \u00e7\u0131kt\u0131 ve \u00d6mer T\u00fcrke\u015f\u2019in 2010\u2019da haz\u0131rlad\u0131\u011f\u0131 \u201c\u00d6lmeden \u00d6nce Okunacak 140 Kitap\u201d listesinde yer ald\u0131. 2013\u2019te \u00fc\u00e7\u00fcnc\u00fc kitab\u0131 Kay\u0131p Gergedanlar okuyucudan ve edebiyat \u00e7evrelerinden iyi ele\u015ftiriler ald\u0131. 2015\u2019te Gezi Direni\u015fi\u2019ni merkeze ald\u0131\u011f\u0131 Kas\u0131mpa\u015fal\u0131 Oedipus\u2019u yazd\u0131. 2020\u2019de \u00f6tekile\u015ftirilenlerin hayat\u0131n\u0131 anlatt\u0131\u011f\u0131 Mazarin Mavisi Do\u011fan Kitap\u2019ta \u00e7\u0131kt\u0131.      <\/p>\n","protected":false},"excerpt":{"rendered":"<p>\u201cUyan anne uyan, bir filmin i\u00e7inde de\u011filiz, bir roman konusu de\u011filiz, uzak zamanlara ait k\u00f6t\u00fc bir hik\u00e2ye, masal, efsane, her neyse onlar da de\u011filiz\u2026 Biz bunlar\u0131<span class=\"excerpt-hellip\"> [\u2026]<\/span><\/p>\n","protected":false},"featured_media":0,"template":"","meta":{"_monsterinsights_skip_tracking":false,"_monsterinsights_sitenote_active":false,"_monsterinsights_sitenote_note":"","_monsterinsights_sitenote_category":0},"product_brand":[],"product_cat":[12291,12711],"product_tag":[],"class_list":{"0":"post-741148","1":"product","2":"type-product","3":"status-publish","5":"product_cat-edebiyat","6":"product_cat-roman-oyku","7":"pa_cilt-ciltsiz","8":"pa_tur-kitap","9":"pa_yayinevi-dogan-kitap","10":"pa_yazar-cem-kalender","12":"first","13":"instock","14":"sale","15":"shipping-taxable","16":"purchasable","17":"product-type-simple"},"_links":{"self":[{"href":"https:\/\/roveyayinevi.com.tr\/index.php\/wp-json\/wp\/v2\/product\/741148","targetHints":{"allow":["GET"]}}],"collection":[{"href":"https:\/\/roveyayinevi.com.tr\/index.php\/wp-json\/wp\/v2\/product"}],"about":[{"href":"https:\/\/roveyayinevi.com.tr\/index.php\/wp-json\/wp\/v2\/types\/product"}],"wp:attachment":[{"href":"https:\/\/roveyayinevi.com.tr\/index.php\/wp-json\/wp\/v2\/media?parent=741148"}],"wp:term":[{"taxonomy":"product_brand","embeddable":true,"href":"https:\/\/roveyayinevi.com.tr\/index.php\/wp-json\/wp\/v2\/product_brand?post=741148"},{"taxonomy":"product_cat","embeddable":true,"href":"https:\/\/roveyayinevi.com.tr\/index.php\/wp-json\/wp\/v2\/product_cat?post=741148"},{"taxonomy":"product_tag","embeddable":true,"href":"https:\/\/roveyayinevi.com.tr\/index.php\/wp-json\/wp\/v2\/product_tag?post=741148"}],"curies":[{"name":"wp","href":"https:\/\/api.w.org\/{rel}","templated":true}]}}