{"id":741136,"date":"2025-08-28T00:42:41","date_gmt":"2025-08-27T21:42:41","guid":{"rendered":"https:\/\/roveyayinevi.com.tr\/index.php\/urun\/butun-yildizlar-gitmis\/"},"modified":"2025-09-13T18:32:37","modified_gmt":"2025-09-13T15:32:37","slug":"butun-yildizlar-gitmis","status":"publish","type":"product","link":"https:\/\/roveyayinevi.com.tr\/index.php\/urun\/butun-yildizlar-gitmis\/","title":{"rendered":"B\u00fct\u00fcn Y\u0131ld\u0131zlar Gitmi\u015f"},"content":{"rendered":"<p>B\u00fct\u00fcn Y\u0131ld\u0131zlar G\u0130TM\u0130\u015e. Minik ay\u0131, bir gece g\u00f6kte parlayan bir tek y\u0131ld\u0131z bile g\u00f6rememi\u015f. Bunun \u00fczerine uzayda b\u00fcy\u00fck bir maceraya at\u0131lmaya karar vermi\u015f. Acaba karanl\u0131k g\u00f6ky\u00fcz\u00fcn\u00fc ayd\u0131nlatacak parlak y\u0131ld\u0131zlar\u0131 bulabilmi\u015f mi? Gelin, cevab\u0131 bu sevimli, s\u0131cac\u0131k \u00f6yk\u00fcde birlikte \u00f6\u011frenelim. <\/p>\n","protected":false},"excerpt":{"rendered":"<p>B\u00fct\u00fcn Y\u0131ld\u0131zlar G\u0130TM\u0130\u015e. Minik ay\u0131, bir gece g\u00f6kte parlayan bir tek y\u0131ld\u0131z bile g\u00f6rememi\u015f. Bunun \u00fczerine uzayda b\u00fcy\u00fck bir maceraya at\u0131lmaya karar vermi\u015f. Acaba karanl\u0131k g\u00f6ky\u00fcz\u00fcn\u00fc<span class=\"excerpt-hellip\"> [\u2026]<\/span><\/p>\n","protected":false},"featured_media":0,"template":"","meta":{"_monsterinsights_skip_tracking":false,"_monsterinsights_sitenote_active":false,"_monsterinsights_sitenote_note":"","_monsterinsights_sitenote_category":0},"product_brand":[],"product_cat":[12274,12284],"product_tag":[],"class_list":{"0":"post-741136","1":"product","2":"type-product","3":"status-publish","5":"product_cat-cocuk-ve-genclik-kitaplari","6":"product_cat-hikayeler","7":"pa_cilt-ciltsiz","8":"pa_tur-kitap","9":"pa_yayinevi-is-bankasi-kultur-yayinlari","10":"pa_yazar-stephanie-moss","12":"first","13":"instock","14":"sale","15":"shipping-taxable","16":"purchasable","17":"product-type-simple"},"_links":{"self":[{"href":"https:\/\/roveyayinevi.com.tr\/index.php\/wp-json\/wp\/v2\/product\/741136","targetHints":{"allow":["GET"]}}],"collection":[{"href":"https:\/\/roveyayinevi.com.tr\/index.php\/wp-json\/wp\/v2\/product"}],"about":[{"href":"https:\/\/roveyayinevi.com.tr\/index.php\/wp-json\/wp\/v2\/types\/product"}],"wp:attachment":[{"href":"https:\/\/roveyayinevi.com.tr\/index.php\/wp-json\/wp\/v2\/media?parent=741136"}],"wp:term":[{"taxonomy":"product_brand","embeddable":true,"href":"https:\/\/roveyayinevi.com.tr\/index.php\/wp-json\/wp\/v2\/product_brand?post=741136"},{"taxonomy":"product_cat","embeddable":true,"href":"https:\/\/roveyayinevi.com.tr\/index.php\/wp-json\/wp\/v2\/product_cat?post=741136"},{"taxonomy":"product_tag","embeddable":true,"href":"https:\/\/roveyayinevi.com.tr\/index.php\/wp-json\/wp\/v2\/product_tag?post=741136"}],"curies":[{"name":"wp","href":"https:\/\/api.w.org\/{rel}","templated":true}]}}