{"id":741110,"date":"2025-08-28T00:42:09","date_gmt":"2025-08-27T21:42:09","guid":{"rendered":"https:\/\/roveyayinevi.com.tr\/index.php\/urun\/gizli-takip-dedektif-aynes\/"},"modified":"2026-04-16T02:52:13","modified_gmt":"2026-04-15T23:52:13","slug":"gizli-takip-dedektif-aynes","status":"publish","type":"product","link":"https:\/\/roveyayinevi.com.tr\/index.php\/urun\/gizli-takip-dedektif-aynes\/","title":{"rendered":"Gizli Takip &#8211; Dedektif Aynes"},"content":{"rendered":"<p>Aynes, Paris\u2019te annesinin yan\u0131ndayken yak\u0131n arkada\u015f\u0131 Damien\u2019in ablas\u0131 Camille, bir anda ortadan kaybolur. Gen\u00e7 k\u0131z ka\u00e7t\u0131 m\u0131 yoksa ka\u00e7\u0131r\u0131ld\u0131 m\u0131? Ailesi b\u00fcy\u00fck \u00fcz\u00fcnt\u00fc i\u00e7indedir.Damien, babas\u0131ndan yard\u0131m istemesi i\u00e7in Aynes\u2019le konu\u015fur. Fakat Aynes, babas\u0131na sormak yerine bu olay\u0131 kendisi \u00e7\u00f6zmeye karar verir. B\u00f6ylece art\u0131k \u00e7ocuk olmad\u0131\u011f\u0131n\u0131 ve kendi ayaklar\u0131 \u00fczerinde duracak bir ya\u015fa geldi\u011fini ailesine ispatlamak ister.O s\u0131rlarda, Komiser Roullier de Marsilya\u2019da gergin bir soru\u015fturma y\u00fcr\u00fctmekle me\u015fguld\u00fcr. Ekibindeki en iyi polislerden olan Jimenez\u2019in ba\u015f\u0131 b\u00fcy\u00fck dertte olabilir.Aynes, okuldaki arkada\u015flar\u0131ndan baz\u0131lar\u0131yla konu\u015farak kendi soru\u015fturma ekibini kurar. T\u00fcm ipu\u00e7lar\u0131na ra\u011fmen gen\u00e7 dedektiflerin g\u00f6zden ka\u00e7\u0131rd\u0131klar\u0131 bir \u015fey vard\u0131r. Psikolog Pat\u2019le g\u00f6r\u00fc\u015fen Aynes, \u00f6nemli bir detay\u0131n fark\u0131na var\u0131r. B\u00f6ylece Camille\u2019i bulabilmek i\u00e7in hemen harekete ge\u00e7erler. Fakat onun izini s\u00fcrerek nas\u0131l bir tehlikeye at\u0131ld\u0131klar\u0131n\u0131n hen\u00fcz fark\u0131nda de\u011fildirler.<\/p>\n","protected":false},"excerpt":{"rendered":"<p>Aynes, Paris\u2019te annesinin yan\u0131ndayken yak\u0131n arkada\u015f\u0131 Damien\u2019in ablas\u0131 Camille, bir anda ortadan kaybolur. Gen\u00e7 k\u0131z ka\u00e7t\u0131 m\u0131 yoksa ka\u00e7\u0131r\u0131ld\u0131 m\u0131? Ailesi b\u00fcy\u00fck \u00fcz\u00fcnt\u00fc i\u00e7indedir.Damien, babas\u0131ndan yard\u0131m<span class=\"excerpt-hellip\"> [\u2026]<\/span><\/p>\n","protected":false},"featured_media":0,"template":"","meta":{"_monsterinsights_skip_tracking":false,"_monsterinsights_sitenote_active":false,"_monsterinsights_sitenote_note":"","_monsterinsights_sitenote_category":0},"product_brand":[],"product_cat":[12274,12284],"product_tag":[],"class_list":{"0":"post-741110","1":"product","2":"type-product","3":"status-publish","5":"product_cat-cocuk-ve-genclik-kitaplari","6":"product_cat-hikayeler","7":"pa_cilt-ciltsiz","8":"pa_tur-kitap","9":"pa_yayinevi-carpe-diem-kitaplari","10":"pa_yazar-jean-luc-luciani","12":"first","13":"instock","14":"sale","15":"shipping-taxable","16":"purchasable","17":"product-type-simple"},"_links":{"self":[{"href":"https:\/\/roveyayinevi.com.tr\/index.php\/wp-json\/wp\/v2\/product\/741110","targetHints":{"allow":["GET"]}}],"collection":[{"href":"https:\/\/roveyayinevi.com.tr\/index.php\/wp-json\/wp\/v2\/product"}],"about":[{"href":"https:\/\/roveyayinevi.com.tr\/index.php\/wp-json\/wp\/v2\/types\/product"}],"wp:attachment":[{"href":"https:\/\/roveyayinevi.com.tr\/index.php\/wp-json\/wp\/v2\/media?parent=741110"}],"wp:term":[{"taxonomy":"product_brand","embeddable":true,"href":"https:\/\/roveyayinevi.com.tr\/index.php\/wp-json\/wp\/v2\/product_brand?post=741110"},{"taxonomy":"product_cat","embeddable":true,"href":"https:\/\/roveyayinevi.com.tr\/index.php\/wp-json\/wp\/v2\/product_cat?post=741110"},{"taxonomy":"product_tag","embeddable":true,"href":"https:\/\/roveyayinevi.com.tr\/index.php\/wp-json\/wp\/v2\/product_tag?post=741110"}],"curies":[{"name":"wp","href":"https:\/\/api.w.org\/{rel}","templated":true}]}}