{"id":741096,"date":"2025-08-28T00:41:52","date_gmt":"2025-08-27T21:41:52","guid":{"rendered":"https:\/\/roveyayinevi.com.tr\/index.php\/urun\/peygamberimiz-asm-kadinlara-nasil-davranirdi\/"},"modified":"2026-04-16T02:52:13","modified_gmt":"2026-04-15T23:52:13","slug":"peygamberimiz-asm-kadinlara-nasil-davranirdi","status":"publish","type":"product","link":"https:\/\/roveyayinevi.com.tr\/index.php\/urun\/peygamberimiz-asm-kadinlara-nasil-davranirdi\/","title":{"rendered":"Peygamberimiz (asm) Kad\u0131nlara Nas\u0131l Davran\u0131rd\u0131?"},"content":{"rendered":"<p>Aynayd\u0131 O (asm)&#8230;O aynada herkes kendini g\u00f6r\u00fcrken kendini de bizlere g\u00f6sterirdi.O aynada yans\u0131yan kad\u0131n\u0131 \u00e7o\u011fu kez g\u00f6remedik. Ya da g\u00f6rmek istemedik.O aynadaki kad\u0131n nas\u0131ld\u0131?O hi\u00e7bir kad\u0131n\u0131 mutsuz etmi\u015f miydi?Hi\u00e7bir kad\u0131n\u0131 k\u0131rm\u0131\u015f m\u0131yd\u0131?\u0130ncitmi\u015f miydi?Ele\u015ftirmi\u015f miydi? En \u00f6nemlisi, hi\u00e7bir kad\u0131n\u0131 d\u00f6vm\u00fc\u015f m\u00fcyd\u00fc?Sorular uzat\u0131labilir. O hayat\u0131nda hi\u00e7bir kad\u0131n\u0131 ve k\u00f6leyi d\u00f6vmemi\u015f, \u015fahs\u0131na yap\u0131lan haks\u0131zl\u0131ktan dolay\u0131 intikam almam\u0131\u015ft\u0131.B\u00fct\u00fcn bunlar, Onun kad\u0131na davran\u0131\u015f\u0131 ve s\u00fcnnetiydi. O \u00e7evresindeki her kad\u0131n\u0131n ruhunda yans\u0131yan esmalar\u0131 parlatt\u0131. Bizlere d\u00fc\u015fen o aynadaki kad\u0131n\u0131 \u00f6\u011frenip \u00f6ncelikli olarak hayata s\u00fcnnet olarak ge\u00e7irmekti. \u00c7\u00fcnk\u00fc Onun kad\u0131na davran\u0131\u015f\u0131 \u00f6\u011frenilmeden kad\u0131n g\u00fclmezdi, \u00e7ocuk g\u00fclmezdi, e\u015f g\u00fclmezdi.  Kad\u0131na y\u00f6nelik \u015fiddet olaylar\u0131n\u0131n \u00e7ok artt\u0131\u011f\u0131 ve dinin kimi k\u00fclt\u00fcrel yorumlar\u0131ndan \u00f6t\u00fcr\u00fc ataerkillikle \u0130slam&#8217;\u0131n birbirine e\u015f g\u00f6r\u00fcld\u00fc\u011f\u00fc bir zamanda Hz. Peygamberin (asm) kad\u0131nlara y\u00f6nelik tutumunu \u00f6\u011frenmeye ve yeniden hat\u0131rlamaya her zamankinden \u00e7ok ihtiyac\u0131m\u0131z var.<\/p>\n","protected":false},"excerpt":{"rendered":"<p>Aynayd\u0131 O (asm)&#8230;O aynada herkes kendini g\u00f6r\u00fcrken kendini de bizlere g\u00f6sterirdi.O aynada yans\u0131yan kad\u0131n\u0131 \u00e7o\u011fu kez g\u00f6remedik. Ya da g\u00f6rmek istemedik.O aynadaki kad\u0131n nas\u0131ld\u0131?O hi\u00e7bir kad\u0131n\u0131<span class=\"excerpt-hellip\"> [\u2026]<\/span><\/p>\n","protected":false},"featured_media":0,"template":"","meta":{"_monsterinsights_skip_tracking":false,"_monsterinsights_sitenote_active":false,"_monsterinsights_sitenote_note":"","_monsterinsights_sitenote_category":0},"product_brand":[],"product_cat":[12718,12719],"product_tag":[],"class_list":{"0":"post-741096","1":"product","2":"type-product","3":"status-publish","5":"product_cat-din","6":"product_cat-islam","7":"pa_cilt-ciltsiz","8":"pa_tur-kitap","9":"pa_yayinevi-timas-yayinlari","10":"pa_yazar-nuriye-celegen","12":"first","13":"instock","14":"sale","15":"shipping-taxable","16":"purchasable","17":"product-type-simple"},"_links":{"self":[{"href":"https:\/\/roveyayinevi.com.tr\/index.php\/wp-json\/wp\/v2\/product\/741096","targetHints":{"allow":["GET"]}}],"collection":[{"href":"https:\/\/roveyayinevi.com.tr\/index.php\/wp-json\/wp\/v2\/product"}],"about":[{"href":"https:\/\/roveyayinevi.com.tr\/index.php\/wp-json\/wp\/v2\/types\/product"}],"wp:attachment":[{"href":"https:\/\/roveyayinevi.com.tr\/index.php\/wp-json\/wp\/v2\/media?parent=741096"}],"wp:term":[{"taxonomy":"product_brand","embeddable":true,"href":"https:\/\/roveyayinevi.com.tr\/index.php\/wp-json\/wp\/v2\/product_brand?post=741096"},{"taxonomy":"product_cat","embeddable":true,"href":"https:\/\/roveyayinevi.com.tr\/index.php\/wp-json\/wp\/v2\/product_cat?post=741096"},{"taxonomy":"product_tag","embeddable":true,"href":"https:\/\/roveyayinevi.com.tr\/index.php\/wp-json\/wp\/v2\/product_tag?post=741096"}],"curies":[{"name":"wp","href":"https:\/\/api.w.org\/{rel}","templated":true}]}}