{"id":741093,"date":"2025-08-28T00:41:49","date_gmt":"2025-08-27T21:41:49","guid":{"rendered":"https:\/\/roveyayinevi.com.tr\/index.php\/urun\/metin-akpinar-sahneye-adanmis-bir-omur\/"},"modified":"2026-04-16T02:52:13","modified_gmt":"2026-04-15T23:52:13","slug":"metin-akpinar-sahneye-adanmis-bir-omur","status":"publish","type":"product","link":"https:\/\/roveyayinevi.com.tr\/index.php\/urun\/metin-akpinar-sahneye-adanmis-bir-omur\/","title":{"rendered":"Metin Akp\u0131nar: Sahneye Adanm\u0131\u015f Bir \u00d6m\u00fcr"},"content":{"rendered":"<p>Aksaray\u2019da kalabal\u0131k bir konakta do\u011fan, etraf\u0131 g\u00f6zleyerek b\u00fcy\u00fcyen, her duydu\u011funu zihnine kaydeden bir \u00e7ocuk\u2026 Daha lisedeyken \u00f6\u011fretmenine, \u201cSen en iyisi tiyatrocu ol o\u011flum,\u201d dedirtecek kadar mayas\u0131n\u0131 belli eden, gizli cevher bir gen\u00e7\u2026 E\u015fiyle altm\u0131\u015f iki y\u0131l ayn\u0131 yast\u0131\u011fa ba\u015f koyacak kadar derin bir \u00e2\u015f\u0131k\u2026 T\u00fcrkiye\u2019de kabare k\u00fclt\u00fcr\u00fcn\u00fc ba\u015flatan, y\u00fczlerce temsilde yer alan, Ye\u015fil\u00e7am\u2019da da birbirinden unutulmaz karakterlere hayat vermi\u015f bir oyuncu\u2026 Kar\u015f\u0131n\u0131zda her y\u00f6n\u00fcyle Metin Akp\u0131nar.  Zeynep Mira\u00e7, muhatab\u0131n\u0131 nas\u0131l konu\u015fturaca\u011f\u0131n\u0131 biliyor, hem ince hem dikkatli sorular sormay\u0131 ba\u015far\u0131yor ve Metin Akp\u0131nar\u2019\u0131 bir zaman t\u00fcneline sokarak onun tiyatro tutkusunu, en yak\u0131n\u0131 Zeki Alasya\u2019yla olan dostluklar\u0131n\u0131, e\u015fi G\u00f6ksel Akp\u0131nar\u2019la olan a\u015fk\u0131n\u0131, Anadolu\u2019daki turnelerini, Ulvi Uraz\u2019dan Haldun Taner\u2019e \u201choca\u201dlar\u0131n\u0131 bir bir anlat\u0131yor bize. \u00dcstelik kar\u015f\u0131m\u0131zdaki manzara yaln\u0131zca Metin Akp\u0131nar\u2019\u0131n hayat\u0131 de\u011fil, ayn\u0131 zamanda bir T\u00fcrkiye tarihi kesiti; muht\u0131ralar, ihtilaller, sans\u00fcrler, davalarla belki \u00f6rselenen, ama asla tutkusundan vazge\u00e7meyen t\u00fcm sanat emek\u00e7ilerinin \u00e7ok iyi bildi\u011fi bir direnme hik\u00e2yesi bu anlat\u0131lan. Ne de olsa Metin Akp\u0131nar\u2019\u0131n hayat\u0131, sahneye adanm\u0131\u015f bir \u00f6m\u00fcr\u2026<\/p>\n","protected":false},"excerpt":{"rendered":"<p>Aksaray\u2019da kalabal\u0131k bir konakta do\u011fan, etraf\u0131 g\u00f6zleyerek b\u00fcy\u00fcyen, her duydu\u011funu zihnine kaydeden bir \u00e7ocuk\u2026 Daha lisedeyken \u00f6\u011fretmenine, \u201cSen en iyisi tiyatrocu ol o\u011flum,\u201d dedirtecek kadar mayas\u0131n\u0131<span class=\"excerpt-hellip\"> [\u2026]<\/span><\/p>\n","protected":false},"featured_media":0,"template":"","meta":{"_monsterinsights_skip_tracking":false,"_monsterinsights_sitenote_active":false,"_monsterinsights_sitenote_note":"","_monsterinsights_sitenote_category":0},"product_brand":[],"product_cat":[14009,12291],"product_tag":[],"class_list":{"0":"post-741093","1":"product","2":"type-product","3":"status-publish","5":"product_cat-biyografi-otobiyografi-edebiyat","6":"product_cat-edebiyat","7":"pa_cilt-ciltsiz","8":"pa_tur-kitap","9":"pa_yayinevi-mundi","10":"pa_yazar-zeynep-mirac-taner","12":"first","13":"instock","14":"sale","15":"shipping-taxable","16":"purchasable","17":"product-type-simple"},"_links":{"self":[{"href":"https:\/\/roveyayinevi.com.tr\/index.php\/wp-json\/wp\/v2\/product\/741093","targetHints":{"allow":["GET"]}}],"collection":[{"href":"https:\/\/roveyayinevi.com.tr\/index.php\/wp-json\/wp\/v2\/product"}],"about":[{"href":"https:\/\/roveyayinevi.com.tr\/index.php\/wp-json\/wp\/v2\/types\/product"}],"wp:attachment":[{"href":"https:\/\/roveyayinevi.com.tr\/index.php\/wp-json\/wp\/v2\/media?parent=741093"}],"wp:term":[{"taxonomy":"product_brand","embeddable":true,"href":"https:\/\/roveyayinevi.com.tr\/index.php\/wp-json\/wp\/v2\/product_brand?post=741093"},{"taxonomy":"product_cat","embeddable":true,"href":"https:\/\/roveyayinevi.com.tr\/index.php\/wp-json\/wp\/v2\/product_cat?post=741093"},{"taxonomy":"product_tag","embeddable":true,"href":"https:\/\/roveyayinevi.com.tr\/index.php\/wp-json\/wp\/v2\/product_tag?post=741093"}],"curies":[{"name":"wp","href":"https:\/\/api.w.org\/{rel}","templated":true}]}}