{"id":741086,"date":"2025-08-28T00:41:42","date_gmt":"2025-08-27T21:41:42","guid":{"rendered":"https:\/\/roveyayinevi.com.tr\/index.php\/urun\/duygularin-dogasi\/"},"modified":"2026-04-03T02:56:30","modified_gmt":"2026-04-02T23:56:30","slug":"duygularin-dogasi","status":"publish","type":"product","link":"https:\/\/roveyayinevi.com.tr\/index.php\/urun\/duygularin-dogasi\/","title":{"rendered":"Duygular\u0131n Do\u011fas\u0131"},"content":{"rendered":"<p>Pek \u00e7ok a\u00e7\u0131dan duygular\u0131m\u0131z kurtulmam\u0131z gereken \u00e7etrefilli meseleler olarak g\u00f6r\u00fcl\u00fcr. Bazen onlar\u0131n a\u011f\u0131rl\u0131\u011f\u0131 alt\u0131nda eziliriz, bazense bitmeyen bir sava\u015fa s\u00fcr\u00fckleniriz. Ancak duygular\u0131n ne oldu\u011funa, nas\u0131l olu\u015ftuklar\u0131na, rollerine ve hayat\u0131m\u0131z\u0131 nas\u0131l etkilediklerine bakt\u0131\u011f\u0131m\u0131zda onlar\u0131 y\u00f6netmekte ustala\u015f\u0131r\u0131z. \u00c7\u00fcnk\u00fc duygular\u0131m\u0131z bize bir \u015feyler anlat\u0131r ve onlar\u0131n lisan\u0131n\u0131 anlamak i\u00e7in onlara usta g\u00f6zlerle bakmak gerekir.Olumsuz duygularla ba\u015fa \u00e7\u0131kmakta zorlan\u0131yorsan\u0131z, duygular\u0131n \u00e7al\u0131\u015fma mekanizmas\u0131n\u0131 ki\u015fisel geli\u015fiminiz i\u00e7in bir ara\u00e7 olarak nas\u0131l kullanabilece\u011finizi \u00f6\u011frenmek istiyorsan\u0131z bu kitap tam size g\u00f6re.D\u00fcnya \u00e7ap\u0131nda \u00e7oksatan yazar Thibaut Meurisse, Duygular\u0131n Do\u011fas\u0131 kitab\u0131nda sizi duygular\u0131n\u0131z\u0131n do\u011fas\u0131n\u0131 anlamaya davet ediyor. Bedeninizi, d\u00fc\u015f\u00fcncelerinizi, kelimelerinizi kullanarak duygular\u0131n\u0131z\u0131 nas\u0131l y\u00f6netebilece\u011finizin, k\u0131rg\u0131nl\u0131k, \u00f6fke, korku, erteleme ve depresyondan kurtulmak i\u00e7in duygular\u0131n\u0131zdan nas\u0131l rehberlik alabilece\u011finizin sihirli form\u00fcl\u00fcn\u00fc sunuyor. Tatmin dolu ve daha hafif bir ya\u015fam i\u00e7in ad\u0131m ad\u0131m ilerleyen \u00e7al\u0131\u015fma metoduyla, duygular\u0131n daha \u00f6nce hi\u00e7 fark etmedi\u011finiz \u00f6zelliklerini ve g\u00fcc\u00fcn\u00fc ke\u015ffedecek, kontrol\u00fc tekrar ele ge\u00e7ireceksiniz.Siz duygular\u0131n\u0131z de\u011filsiniz. Duygular gelir ge\u00e7er ve siz h\u00e2l\u00e2 neyseniz osunuzdur! (Tan\u0131t\u0131m B\u00fclteninden)<\/p>\n","protected":false},"excerpt":{"rendered":"<p>Pek \u00e7ok a\u00e7\u0131dan duygular\u0131m\u0131z kurtulmam\u0131z gereken \u00e7etrefilli meseleler olarak g\u00f6r\u00fcl\u00fcr. Bazen onlar\u0131n a\u011f\u0131rl\u0131\u011f\u0131 alt\u0131nda eziliriz, bazense bitmeyen bir sava\u015fa s\u00fcr\u00fckleniriz. Ancak duygular\u0131n ne oldu\u011funa, nas\u0131l olu\u015ftuklar\u0131na,<span class=\"excerpt-hellip\"> [\u2026]<\/span><\/p>\n","protected":false},"featured_media":0,"template":"","meta":{"_monsterinsights_skip_tracking":false,"_monsterinsights_sitenote_active":false,"_monsterinsights_sitenote_note":"","_monsterinsights_sitenote_category":0},"product_brand":[],"product_cat":[12364,12376],"product_tag":[],"class_list":{"0":"post-741086","1":"product","2":"type-product","3":"status-publish","5":"product_cat-genel-konular","6":"product_cat-kisisel-gelisim","7":"pa_cilt-ciltsiz","8":"pa_tur-kitap","9":"pa_yayinevi-serenad-yayinevi","10":"pa_yazar-thibaut-meurisse","12":"first","13":"instock","14":"sale","15":"shipping-taxable","16":"purchasable","17":"product-type-simple"},"_links":{"self":[{"href":"https:\/\/roveyayinevi.com.tr\/index.php\/wp-json\/wp\/v2\/product\/741086","targetHints":{"allow":["GET"]}}],"collection":[{"href":"https:\/\/roveyayinevi.com.tr\/index.php\/wp-json\/wp\/v2\/product"}],"about":[{"href":"https:\/\/roveyayinevi.com.tr\/index.php\/wp-json\/wp\/v2\/types\/product"}],"wp:attachment":[{"href":"https:\/\/roveyayinevi.com.tr\/index.php\/wp-json\/wp\/v2\/media?parent=741086"}],"wp:term":[{"taxonomy":"product_brand","embeddable":true,"href":"https:\/\/roveyayinevi.com.tr\/index.php\/wp-json\/wp\/v2\/product_brand?post=741086"},{"taxonomy":"product_cat","embeddable":true,"href":"https:\/\/roveyayinevi.com.tr\/index.php\/wp-json\/wp\/v2\/product_cat?post=741086"},{"taxonomy":"product_tag","embeddable":true,"href":"https:\/\/roveyayinevi.com.tr\/index.php\/wp-json\/wp\/v2\/product_tag?post=741086"}],"curies":[{"name":"wp","href":"https:\/\/api.w.org\/{rel}","templated":true}]}}