{"id":741071,"date":"2025-08-28T00:41:24","date_gmt":"2025-08-27T21:41:24","guid":{"rendered":"https:\/\/roveyayinevi.com.tr\/index.php\/urun\/gunahkarlar-kalesi\/"},"modified":"2026-04-16T02:52:12","modified_gmt":"2026-04-15T23:52:12","slug":"gunahkarlar-kalesi","status":"publish","type":"product","link":"https:\/\/roveyayinevi.com.tr\/index.php\/urun\/gunahkarlar-kalesi\/","title":{"rendered":"G\u00fcnahkarlar Kalesi"},"content":{"rendered":"<p>Eserleri bir\u00e7ok d\u00fcnya diline \u00e7evrilen, ulusal ve uluslararas\u0131 pek \u00e7ok \u00f6d\u00fcle lay\u0131k g\u00f6r\u00fclen Muharrem Erbey\u2019den, bir kendini aray\u0131\u015f ve yol hik\u00e2yesi; hem Bat\u0131\u2019dan Do\u011fu\u2019ya, medeniyetler aras\u0131 bir ser\u00fcven hem de y\u00fcre\u011finde yara ile do\u011fanlar\u0131n i\u00e7 d\u00fcnyas\u0131na bir yolculuk. \u201cMezopotamya \u00dc\u00e7lemesi\u201dnin ilk kitab\u0131 G\u00fcnahk\u00e2rlar Kalesi\/Amina ile Jacob, a\u015fk\u0131n ve kendini bulma cesaretinin pe\u015finden gidenlerin hik\u00e2yesini g\u00f6rkemli bir anlat\u0131mla sunuyor okuyucuya. G\u00fcnahk\u00e2rlar Kalesi; sapk\u0131nlar, simyac\u0131lar, \u015fifac\u0131lar, kanun ka\u00e7aklar\u0131 ve g\u00fcnah i\u015fleyenlerin, toplumdan d\u0131\u015flananlar\u0131n s\u0131\u011f\u0131nd\u0131\u011f\u0131 bir yery\u00fcz\u00fc \u00e2lemi. \u201cMuhkem olmayan hayat\u0131 taraf\u0131ndan muhasara alt\u0131na al\u0131nan\u201d Amina\u2019n\u0131n Do\u011fu\u2019daki kaleden y\u00fckselen \u00e7\u0131\u011fl\u0131\u011f\u0131n\u0131 kaydetti\u011fi defter, bir seyyah\u0131n sand\u0131\u011f\u0131yla Boston\u2019da ya\u015fayan Jacob\u2019a tesad\u00fcfen ula\u015ft\u0131\u011f\u0131nda yolun da, yolcunun da, hanc\u0131n\u0131n da kaderi yaz\u0131lm\u0131\u015f olacakt\u0131r. D\u00fc\u015flerin, hayallerin, sab\u0131rla s\u0131rlara erenlerin, muammalar\u0131 \u00e7\u00f6zen adamlar\u0131n, bilinmezi, imk\u00e2ns\u0131zl\u0131\u011f\u0131 d\u00f6n\u00fc\u015ft\u00fcrenlerin mek\u00e2n\u0131nda, Do\u011fu\u2019daki topraklarda, bilinmezlik katmanlar\u0131 i\u00e7erisinde ac\u0131lar ve hayal k\u0131r\u0131kl\u0131klar\u0131 kadar yeni umutlar da sakl\u0131d\u0131r. Ve fakat kim kaderine boyun e\u011fecektir, kim yola \u00e7\u0131kmay\u0131 g\u00f6ze alacakt\u0131r? \u201cBu kaleye gelince d\u00fcnyada \u00e7ok az insan\u0131n bildi\u011fi bir s\u0131rr\u0131 burada ya\u015fayanlar\u0131n \u00e7o\u011funun bildi\u011fini \u00f6\u011frendim. Bu s\u0131rr\u0131n ne oldu\u011funu kalede asla soramazs\u0131n\u0131z. Sorarsan\u0131z size, elleriyle g\u00f6ky\u00fcz\u00fcn\u00fc g\u00f6sterip, \u2018\u00c2lemi izle, bak, duy, g\u00f6r, hisset ve bir par\u00e7as\u0131 ol, ararsan bulursun,\u2019 diyorlar.\u201dMuharrem Erbey 1969\u2019da, Diyarbak\u0131r\u2019da, Sur i\u00e7inde do\u011fdu. \u0130lk \u015fiiri 1981\u2019de \u00e7ocuk dergisi Furi\u2019de yay\u0131mland\u0131. Lise y\u0131llar\u0131nda resim yapt\u0131. 25 Eyl\u00fcl 1997\u2019de annesini kaybettikten sonra kaleme sar\u0131ld\u0131. 1998\u2019den itibaren ulusal ve uluslararas\u0131 alanda \u00e7ok say\u0131da k\u00fclt\u00fcr sanat dergisinde, gazete ve web sayfas\u0131nda, makale, \u00f6yk\u00fc, deneme ve r\u00f6portajlar\u0131 yay\u0131mland\u0131. \u00d6yk\u00fc, makale ve denemeleri, \u0130ngilizce, Almanca, \u0130sve\u00e7\u00e7e, \u0130talyanca, Norve\u00e7\u00e7e, \u0130spanyolca, Arap\u00e7a ve K\u00fcrt\u00e7eye \u00e7evrildi. Edebiyat, bar\u0131\u015f ve insan haklar\u0131 alan\u0131ndaki \u00e7al\u0131\u015fmalar\u0131ndan dolay\u0131, 1999 Ankara Barosu \u00d6yk\u00fc \u00d6d\u00fcl\u00fc\u2019n\u00fc, 2007 \u00dcmit Kaftanc\u0131o\u011flu \u00d6yk\u00fc \u00d6d\u00fcl\u00fc\u2019n\u00fc, 2012\u2019de Ludovic Trarieux Uluslararas\u0131 Hukuk ve \u0130nsan Haklar\u0131 \u00d6d\u00fcl\u00fc\u2019n\u00fc, 2014\u2019te Norve\u00e7 PEN D\u00fc\u015f\u00fcnce ve \u0130fade \u00d6zg\u00fcrl\u00fc\u011f\u00fc \u00d6d\u00fcl\u00fc\u2019n\u00fc, 2014\u2019te \u0130sve\u00e7 Pen bask\u0131 alt\u0131ndaki yazarlara verilen Tucholksy \u00d6d\u00fcl\u00fc\u2019n\u00fc kazand\u0131. 2016\u2019da Ya\u015far Kemal \u00f6yk\u00fc se\u00e7kisi, 2018 O\u011fuz Atay se\u00e7kisi dahil \u00e7ok say\u0131da se\u00e7kiye \u00f6yk\u00fcleri al\u0131nd\u0131. 1997\u2019den bu yana Diyarbak\u0131r\u2019da serbest avukatl\u0131k yap\u0131yor. Bur\u00e7in ile evli. Robin ve Rober ad\u0131nda iki o\u011fullar\u0131 var. Daha \u00f6nce Kay\u0131p \u015eecere, Babam Aharon Usta ve Tahir El\u00e7i Hik\u00e2yesi kitaplar\u0131 yay\u0131mlanm\u0131\u015f; Bar\u0131\u015f Hik\u00e2yeleri Se\u00e7kisi ba\u015fl\u0131kl\u0131 eseri yay\u0131ma haz\u0131rlam\u0131\u015ft\u0131r.<\/p>\n","protected":false},"excerpt":{"rendered":"<p>Eserleri bir\u00e7ok d\u00fcnya diline \u00e7evrilen, ulusal ve uluslararas\u0131 pek \u00e7ok \u00f6d\u00fcle lay\u0131k g\u00f6r\u00fclen Muharrem Erbey\u2019den, bir kendini aray\u0131\u015f ve yol hik\u00e2yesi; hem Bat\u0131\u2019dan Do\u011fu\u2019ya, medeniyetler aras\u0131<span class=\"excerpt-hellip\"> [\u2026]<\/span><\/p>\n","protected":false},"featured_media":0,"template":"","meta":{"_monsterinsights_skip_tracking":false,"_monsterinsights_sitenote_active":false,"_monsterinsights_sitenote_note":"","_monsterinsights_sitenote_category":0},"product_brand":[],"product_cat":[12291,12711],"product_tag":[],"class_list":{"0":"post-741071","1":"product","2":"type-product","3":"status-publish","5":"product_cat-edebiyat","6":"product_cat-roman-oyku","7":"pa_cilt-ciltsiz","8":"pa_tur-kitap","9":"pa_yayinevi-inkilap-kitabevi","10":"pa_yazar-muharrem-erbey","12":"first","13":"instock","14":"sale","15":"shipping-taxable","16":"purchasable","17":"product-type-simple"},"_links":{"self":[{"href":"https:\/\/roveyayinevi.com.tr\/index.php\/wp-json\/wp\/v2\/product\/741071","targetHints":{"allow":["GET"]}}],"collection":[{"href":"https:\/\/roveyayinevi.com.tr\/index.php\/wp-json\/wp\/v2\/product"}],"about":[{"href":"https:\/\/roveyayinevi.com.tr\/index.php\/wp-json\/wp\/v2\/types\/product"}],"wp:attachment":[{"href":"https:\/\/roveyayinevi.com.tr\/index.php\/wp-json\/wp\/v2\/media?parent=741071"}],"wp:term":[{"taxonomy":"product_brand","embeddable":true,"href":"https:\/\/roveyayinevi.com.tr\/index.php\/wp-json\/wp\/v2\/product_brand?post=741071"},{"taxonomy":"product_cat","embeddable":true,"href":"https:\/\/roveyayinevi.com.tr\/index.php\/wp-json\/wp\/v2\/product_cat?post=741071"},{"taxonomy":"product_tag","embeddable":true,"href":"https:\/\/roveyayinevi.com.tr\/index.php\/wp-json\/wp\/v2\/product_tag?post=741071"}],"curies":[{"name":"wp","href":"https:\/\/api.w.org\/{rel}","templated":true}]}}