{"id":741040,"date":"2025-08-28T00:40:51","date_gmt":"2025-08-27T21:40:51","guid":{"rendered":"https:\/\/roveyayinevi.com.tr\/index.php\/urun\/yanancaq-azerice\/"},"modified":"2026-04-16T02:52:11","modified_gmt":"2026-04-15T23:52:11","slug":"yanancaq-azerice","status":"publish","type":"product","link":"https:\/\/roveyayinevi.com.tr\/index.php\/urun\/yanancaq-azerice\/","title":{"rendered":"YanaNcaq (Azerice)"},"content":{"rendered":"<p>\u201cKitablar&#8230; Olmayan sevgi haqq\u0131ndak\u0131 kitablar&#8230;\u201dM\u0259n kim\u0259m? S\u0259ki il\u0259 ged\u0259rk\u0259n arxamdan baxd\u0131\u011f\u0131n\u0131z, \u00fczb\u0259\u00fcz stolun arxas\u0131nda \u0259yl\u0259\u015f\u0259nd\u0259 ah \u00e7\u0259kdiyiniz, a\u015fiq olub u\u011fruna \u015feir yazd\u0131\u011f\u0131n\u0131z, p\u0259nc\u0259r\u0259sinin \u00f6n\u00fcnd\u0259 mahn\u0131 oxudu\u011funuz; siz\u0259 qap\u0131n\u0131 a\u00e7an, sizi d\u00fcnyaya g\u0259tirib b\u00f6y\u00fcd\u0259n, siz\u0259 qulluq ed\u0259n, siz\u0259 qay\u011f\u0131 g\u00f6st\u0259r\u0259n&#8230; Bir s\u00f6zl\u0259, m\u0259n sizin h\u0259r \u015feyiniz\u0259m. B\u00fct\u00fcn bunlar\u0131 unudanda da ad\u0259t-\u0259n\u0259n\u0259miz bel\u0259dir deyib can\u0131m\u0131 ald\u0131\u011fn\u0131z, avtobusda t\u0259k qalanda zorlay\u0131b b\u0131\u00e7aqlad\u0131\u011f\u0131n\u0131z, sizd\u0259n \u00f6z\u00fcm\u00fc qorumaq \u00fc\u00e7\u00fcn \u0259dal\u0259t axtaranda g\u00fcll\u0259l\u0259diyiniz, sa\u00e7\u0131ndan tutub yerd\u0259 s\u00fcr\u00fcd\u00fcy\u00fcn\u00fcz, Qarn\u0131ndan u\u015fa\u011f\u0131, k\u00fcr\u0259yind\u0259n \u00e7oma\u011f\u0131 \u0259ksik etm\u0259diyiniz, sa\u00e7\u0131 uzun, a\u011fl\u0131 q\u0131sa deyib qa\u015f\u0131q d\u00fc\u015fm\u0259ni elan etdiyiniz adam m\u0259n\u0259m. M\u0259n bu \u00f6lk\u0259nin qad\u0131nlar\u0131ndan sad\u0259c\u0259 biriy\u0259m. Alev<\/p>\n","protected":false},"excerpt":{"rendered":"<p>\u201cKitablar&#8230; Olmayan sevgi haqq\u0131ndak\u0131 kitablar&#8230;\u201dM\u0259n kim\u0259m? S\u0259ki il\u0259 ged\u0259rk\u0259n arxamdan baxd\u0131\u011f\u0131n\u0131z, \u00fczb\u0259\u00fcz stolun arxas\u0131nda \u0259yl\u0259\u015f\u0259nd\u0259 ah \u00e7\u0259kdiyiniz, a\u015fiq olub u\u011fruna \u015feir yazd\u0131\u011f\u0131n\u0131z, p\u0259nc\u0259r\u0259sinin \u00f6n\u00fcnd\u0259 mahn\u0131 oxudu\u011funuz;<span class=\"excerpt-hellip\"> [\u2026]<\/span><\/p>\n","protected":false},"featured_media":0,"template":"","meta":{"_monsterinsights_skip_tracking":false,"_monsterinsights_sitenote_active":false,"_monsterinsights_sitenote_note":"","_monsterinsights_sitenote_category":0},"product_brand":[],"product_cat":[12472],"product_tag":[],"class_list":{"0":"post-741040","1":"product","2":"type-product","3":"status-publish","5":"product_cat-yabanci-dilde-kitaplar","6":"pa_cilt-ciltsiz","7":"pa_tur-kitap","8":"pa_yayinevi-vaveyla-yayincilik","9":"pa_yazar-umit-dagci","11":"first","12":"instock","13":"sale","14":"shipping-taxable","15":"purchasable","16":"product-type-simple"},"_links":{"self":[{"href":"https:\/\/roveyayinevi.com.tr\/index.php\/wp-json\/wp\/v2\/product\/741040","targetHints":{"allow":["GET"]}}],"collection":[{"href":"https:\/\/roveyayinevi.com.tr\/index.php\/wp-json\/wp\/v2\/product"}],"about":[{"href":"https:\/\/roveyayinevi.com.tr\/index.php\/wp-json\/wp\/v2\/types\/product"}],"wp:attachment":[{"href":"https:\/\/roveyayinevi.com.tr\/index.php\/wp-json\/wp\/v2\/media?parent=741040"}],"wp:term":[{"taxonomy":"product_brand","embeddable":true,"href":"https:\/\/roveyayinevi.com.tr\/index.php\/wp-json\/wp\/v2\/product_brand?post=741040"},{"taxonomy":"product_cat","embeddable":true,"href":"https:\/\/roveyayinevi.com.tr\/index.php\/wp-json\/wp\/v2\/product_cat?post=741040"},{"taxonomy":"product_tag","embeddable":true,"href":"https:\/\/roveyayinevi.com.tr\/index.php\/wp-json\/wp\/v2\/product_tag?post=741040"}],"curies":[{"name":"wp","href":"https:\/\/api.w.org\/{rel}","templated":true}]}}