{"id":741037,"date":"2025-08-28T00:40:47","date_gmt":"2025-08-27T21:40:47","guid":{"rendered":"https:\/\/roveyayinevi.com.tr\/index.php\/urun\/descartesin-gemisinde-dort-adali\/"},"modified":"2026-04-16T02:52:10","modified_gmt":"2026-04-15T23:52:10","slug":"descartesin-gemisinde-dort-adali","status":"publish","type":"product","link":"https:\/\/roveyayinevi.com.tr\/index.php\/urun\/descartesin-gemisinde-dort-adali\/","title":{"rendered":"Descartes\u2019\u0131n Gemisinde D\u00f6rt Adal\u0131"},"content":{"rendered":"<p>Neden bu kitab\u0131n ad\u0131, \u201cD\u00f6rt Adal\u0131\u201d? Asl\u0131nda bunu \u00e7a\u011fr\u0131\u015f\u0131mlar\u0131yla d\u00fc\u015f\u00fcn\u00fcrsek, san\u0131r\u0131m ad yerine oturur. Adal\u0131 olmak nedir? Bir adada ya\u015famakt\u0131r; yani \u201canakara\u201ddan uzak bir kara par\u00e7as\u0131nda ve d\u00f6rt bir yan\u0131 denizlerle \u00e7evrili bir yerde ya\u015famakt\u0131r. Bu anlamda, o, biraz \u201cRobinsonad\u201d\u0131, bir adasal ya\u015fama tarz\u0131n\u0131n hik\u00e2yesini hat\u0131rlat\u0131r. Ne yapar Robinson Crusoe? \u015eimdi felsefeciler ile bir roman kahraman\u0131n\u0131n ne gibi bir ba\u011f\u0131 olabilir? \u015e\u00f6yle bir ba\u011f oldu\u011fu d\u00fc\u015f\u00fcn\u00fclebilir: Robinson\u2019un yarat\u0131ld\u0131\u011f\u0131 ethos ile Hobbes, Locke, Berkeley ve Hume\u2019un i\u00e7erisinde ya\u015fad\u0131\u011f\u0131 ethos bir ve ayn\u0131d\u0131r. Bu, tesad\u00fcf de\u011fildir. Felsefe tarihinin bir kesimini, g\u00fcn\u00fcm\u00fcz\u00fc etkisi alt\u0131na alm\u0131\u015f olan bir kesimini hik\u00e2ye etmeye \u00e7al\u0131\u015f\u0131rken felsefe gemisinin belli bir d\u00f6nem kaptanl\u0131\u011f\u0131n\u0131 yapm\u0131\u015f ve Descartes\u2019\u0131n in\u015fa etti\u011fi modern gemiyi, anakaradan al\u0131p Ada\u2019n\u0131n k\u0131y\u0131lar\u0131nda y\u00fczd\u00fcrm\u00fc\u015f adal\u0131 filozoflar\u0131n \u00e7abalar\u0131n\u0131 bilgi problemi etraf\u0131nda incelemek istedim. <\/p>\n","protected":false},"excerpt":{"rendered":"<p>Neden bu kitab\u0131n ad\u0131, \u201cD\u00f6rt Adal\u0131\u201d? Asl\u0131nda bunu \u00e7a\u011fr\u0131\u015f\u0131mlar\u0131yla d\u00fc\u015f\u00fcn\u00fcrsek, san\u0131r\u0131m ad yerine oturur. Adal\u0131 olmak nedir? Bir adada ya\u015famakt\u0131r; yani \u201canakara\u201ddan uzak bir kara par\u00e7as\u0131nda<span class=\"excerpt-hellip\"> [\u2026]<\/span><\/p>\n","protected":false},"featured_media":0,"template":"","meta":{"_monsterinsights_skip_tracking":false,"_monsterinsights_sitenote_active":false,"_monsterinsights_sitenote_note":"","_monsterinsights_sitenote_category":0},"product_brand":[],"product_cat":[12389,12388],"product_tag":[],"class_list":{"0":"post-741037","1":"product","2":"type-product","3":"status-publish","5":"product_cat-diger-felsefe","6":"product_cat-felsefe","7":"pa_cilt-ciltsiz","8":"pa_tur-kitap","9":"pa_yayinevi-say-yayinlari","10":"pa_yazar-solmaz-zelyut","12":"first","13":"instock","14":"sale","15":"shipping-taxable","16":"purchasable","17":"product-type-simple"},"_links":{"self":[{"href":"https:\/\/roveyayinevi.com.tr\/index.php\/wp-json\/wp\/v2\/product\/741037","targetHints":{"allow":["GET"]}}],"collection":[{"href":"https:\/\/roveyayinevi.com.tr\/index.php\/wp-json\/wp\/v2\/product"}],"about":[{"href":"https:\/\/roveyayinevi.com.tr\/index.php\/wp-json\/wp\/v2\/types\/product"}],"wp:attachment":[{"href":"https:\/\/roveyayinevi.com.tr\/index.php\/wp-json\/wp\/v2\/media?parent=741037"}],"wp:term":[{"taxonomy":"product_brand","embeddable":true,"href":"https:\/\/roveyayinevi.com.tr\/index.php\/wp-json\/wp\/v2\/product_brand?post=741037"},{"taxonomy":"product_cat","embeddable":true,"href":"https:\/\/roveyayinevi.com.tr\/index.php\/wp-json\/wp\/v2\/product_cat?post=741037"},{"taxonomy":"product_tag","embeddable":true,"href":"https:\/\/roveyayinevi.com.tr\/index.php\/wp-json\/wp\/v2\/product_tag?post=741037"}],"curies":[{"name":"wp","href":"https:\/\/api.w.org\/{rel}","templated":true}]}}