{"id":741035,"date":"2025-08-28T00:40:45","date_gmt":"2025-08-27T21:40:45","guid":{"rendered":"https:\/\/roveyayinevi.com.tr\/index.php\/urun\/yeni-deniz-mecmuasi-20-sayi\/"},"modified":"2026-04-16T02:52:10","modified_gmt":"2026-04-15T23:52:10","slug":"yeni-deniz-mecmuasi-20-sayi","status":"publish","type":"product","link":"https:\/\/roveyayinevi.com.tr\/index.php\/urun\/yeni-deniz-mecmuasi-20-sayi\/","title":{"rendered":"Yeni Deniz Mecmuas\u0131 20. Say\u0131"},"content":{"rendered":"<p>Mavi Vatan\u2019\u0131n Getirdikleri\u2026M\u00fccadele, \u201cKazanaca\u011f\u0131m\u201d diye yola \u00e7\u0131kanlar\u0131n eylemidir. Duraklad\u0131\u011f\u0131n\u0131z anda kaybedersiniz. \u0130\u015fte bug\u00fcnler; denizleri ve denizcili\u011fi bu ulusun gelece\u011finin g\u00fcvencesi olarak g\u00f6ren t\u00fcm deniz severlerin, \u201cMavi Vatan\u201d u\u011fruna verilen bu m\u00fccadelede elinden geleni yapmas\u0131 gereken g\u00fcnler. \u0130\u00e7inde ya\u015fad\u0131\u011f\u0131m\u0131z bilgi \u00e7a\u011f\u0131n\u0131n de\u011fi\u015fim h\u0131z\u0131 kar\u015f\u0131s\u0131nda tek \u00e7\u0131k\u0131\u015f yolumuz, yenilik\u00e7ilik. Yenilik\u00e7ilik de bilgiye dayan\u0131yor. Yenilik\u00e7i k\u00fclt\u00fcr, aktar\u0131lan enformasyonun bilgiye ve bilginin de yarat\u0131c\u0131l\u0131\u011fa d\u00f6n\u00fc\u015ft\u00fcr\u00fclmesini sa\u011flayan bir payla\u015f\u0131m\u0131 gerektiriyor. Bilginin art\u0131 de\u011fer yaratmas\u0131n\u0131n s\u0131rr\u0131 da burada. Bilge denizciler, denizlerde kar\u015f\u0131la\u015ft\u0131klar\u0131 zor ya\u015fam ko\u015fullar\u0131yla edindikleri deneyimlerini, en az\u0131ndan yazarak gen\u00e7 denizci ku\u015faklara aktarmal\u0131lar. \u00c7\u00fcnk\u00fc yazmak, denizcili\u011fin etrafa sa\u00e7\u0131lm\u0131\u015f par\u00e7alar\u0131n\u0131 bir araya getirmenin tek yolu. Bu g\u00f6r\u00fc\u015fle, denizlere ve denizcili\u011fe g\u00f6n\u00fcl verenler aras\u0131nda bilgi de\u011fi\u015fiminin yo\u011fun, kal\u0131c\u0131 ama sa\u011fl\u0131kl\u0131 bir bi\u00e7imde yap\u0131labilmesini temin i\u00e7in Yeni Deniz Mecmuas\u0131 da konum ve y\u00f6netim de\u011fi\u015fikli\u011fine gitti. Bu say\u0131dan itibaren Panku\u015f Yay\u0131nlar\u0131\u2019n\u0131n zengin ve modern olanak \u015femsiyesi alt\u0131nda haz\u0131rlan\u0131p siz de\u011ferli denizcilere ula\u015f\u0131rken, Mavi Vatan ba\u011flam\u0131nda s\u00fcrd\u00fcrd\u00fc\u011f\u00fcm\u00fcz m\u00fccadelemizi daha geni\u015f halk kitlelerine, \u00e7ok daha etkin ve \u00e7ekici bi\u00e7imde sunabilmek, temel ilkemiz. Bu say\u0131m\u0131zda da yine ses getirecek, bilgi ve nostalji yo\u011fun yaz\u0131larla kar\u015f\u0131n\u0131zday\u0131z. Cem G\u00fcrdeniz zor zamanlar\u0131n ilac\u0131 olarak \u201cMavi Vatan\u201d\u0131 tarif ediyor. Levent Akson, s\u0131v\u0131la\u015ft\u0131r\u0131lm\u0131\u015f do\u011fal gaz\u0131 gelece\u011fin yak\u0131t\u0131 olarak tan\u0131ml\u0131yor. \u00d6zg\u00fcn U\u00e7ar, Seyr-i Sefain rehberlerini bir g\u00f6rsel \u015f\u00f6len bi\u00e7iminde sunuyor. Murat Koralt\u00fcrk de DB Deniz Nakliyat\u0131 \u015firketinin, her biri ayr\u0131 tarih yazan gemileriyle dergimizde. \u0130lgin\u00e7 bir seyahat \u00f6yk\u00fcs\u00fc, \u00d6mer Bozkurt\u2019un kalemiyle sizleri hayal \u00e2lemine g\u00f6t\u00fcrecek. Olcay Ba\u015fe\u011fmez, Peking gemisi ile denizcilik tarihinin o kendine \u00f6zg\u00fc kokusunu betimlerken Barbaros B\u00fcy\u00fcksa\u011fnak\u2019\u0131n kutuplar ve okyanuslar hakk\u0131ndaki endi\u015felerini sizlerle payla\u015fmak niyetindeyiz. Bal\u0131k\u00e7\u0131l\u0131\u011f\u0131m\u0131z\u0131 bekleyen zor g\u00fcnler, Nezih Bilecik taraf\u0131ndan uyar\u0131c\u0131 bir dille hat\u0131rlat\u0131l\u0131yor. Hemen ard\u0131nda Evren Ert\u00fcr, bizlere barbunya bal\u0131klar\u0131n\u0131 tan\u0131tacak. Derya \u015eerif Yark\u0131n, denizcili\u011fin farkl\u0131 bir y\u00f6n\u00fcne de\u011finmi\u015f; Akdeniz denizcilerine \u00f6zg\u00fc inan\u0131\u015flar. Kayzer\u2019in korsan gemisi SMS Wolf\u2019un hik\u00e2yesi ilginizi \u00e7ekecek. Ayd\u0131n Eken, bir tarih belgesi haz\u0131rlam\u0131\u015f. Bu \u00f6nemli belgeyi siz okuyucular\u0131m\u0131za b\u00f6l\u00fcmler halinde sunmay\u0131 d\u00fc\u015f\u00fcnd\u00fck. Denizcinin ya\u015fam hik\u00e2yesine konu olmu\u015f gemi gongunu Ali \u0130brahim Kontaytekin\u2019in ho\u015f anlat\u0131m\u0131yla okurken, Beril Baylan denizde siber g\u00fcvenlik konusuna dikkatimizi \u00e7ekiyor. Aristoteles\u2019ten bug\u00fcne Ege ve Do\u011fu Akdeniz r\u00fczg\u00e2rlar\u0131, sayfalar\u0131m\u0131za Yaz Poyraz\u2019\u0131n yaz\u0131s\u0131yla ta\u015f\u0131n\u0131yor. Suray Duran ve Derya \u015eerif Yark\u0131n suda bo\u011fulmalar\u0131 nas\u0131l fark edebilece\u011fimizi yaz\u0131yor. Enver Yetkili, KKTC denizcili\u011fi ve sorunlar\u0131 hakk\u0131ndaki makalesi ile bizleri ayd\u0131nlat\u0131rken, Artun \u00dcnsal lezzetli bir alabal\u0131k tarifi veriyor. Adil Tu\u011fcu\u2019nun film \u00f6nerisi de g\u00f6z ard\u0131 edilecek gibi de\u011fil. \u0130yi okumalar\u2026 Viya b\u00f6yle! <\/p>\n","protected":false},"excerpt":{"rendered":"<p>Mavi Vatan\u2019\u0131n Getirdikleri\u2026M\u00fccadele, \u201cKazanaca\u011f\u0131m\u201d diye yola \u00e7\u0131kanlar\u0131n eylemidir. Duraklad\u0131\u011f\u0131n\u0131z anda kaybedersiniz. \u0130\u015fte bug\u00fcnler; denizleri ve denizcili\u011fi bu ulusun gelece\u011finin g\u00fcvencesi olarak g\u00f6ren t\u00fcm deniz severlerin, \u201cMavi<span class=\"excerpt-hellip\"> [\u2026]<\/span><\/p>\n","protected":false},"featured_media":0,"template":"","meta":{"_monsterinsights_skip_tracking":false,"_monsterinsights_sitenote_active":false,"_monsterinsights_sitenote_note":"","_monsterinsights_sitenote_category":0},"product_brand":[],"product_cat":[17574,13527],"product_tag":[],"class_list":{"0":"post-741035","1":"product","2":"type-product","3":"status-publish","5":"product_cat-politika","6":"product_cat-sureli-yayinlar","7":"pa_cilt-ciltsiz","8":"pa_tur-dergi","9":"pa_yayinevi-pankus-yayinlari","10":"pa_yazar-pankus-yayinlari-kolektif","12":"first","13":"instock","14":"sale","15":"shipping-taxable","16":"purchasable","17":"product-type-simple"},"_links":{"self":[{"href":"https:\/\/roveyayinevi.com.tr\/index.php\/wp-json\/wp\/v2\/product\/741035","targetHints":{"allow":["GET"]}}],"collection":[{"href":"https:\/\/roveyayinevi.com.tr\/index.php\/wp-json\/wp\/v2\/product"}],"about":[{"href":"https:\/\/roveyayinevi.com.tr\/index.php\/wp-json\/wp\/v2\/types\/product"}],"wp:attachment":[{"href":"https:\/\/roveyayinevi.com.tr\/index.php\/wp-json\/wp\/v2\/media?parent=741035"}],"wp:term":[{"taxonomy":"product_brand","embeddable":true,"href":"https:\/\/roveyayinevi.com.tr\/index.php\/wp-json\/wp\/v2\/product_brand?post=741035"},{"taxonomy":"product_cat","embeddable":true,"href":"https:\/\/roveyayinevi.com.tr\/index.php\/wp-json\/wp\/v2\/product_cat?post=741035"},{"taxonomy":"product_tag","embeddable":true,"href":"https:\/\/roveyayinevi.com.tr\/index.php\/wp-json\/wp\/v2\/product_tag?post=741035"}],"curies":[{"name":"wp","href":"https:\/\/api.w.org\/{rel}","templated":true}]}}