{"id":741033,"date":"2025-08-28T00:40:44","date_gmt":"2025-08-27T21:40:44","guid":{"rendered":"https:\/\/roveyayinevi.com.tr\/index.php\/urun\/yeni-deniz-mecmuasi-22-sayi\/"},"modified":"2026-04-16T02:52:10","modified_gmt":"2026-04-15T23:52:10","slug":"yeni-deniz-mecmuasi-22-sayi","status":"publish","type":"product","link":"https:\/\/roveyayinevi.com.tr\/index.php\/urun\/yeni-deniz-mecmuasi-22-sayi\/","title":{"rendered":"Yeni Deniz Mecmuas\u0131 22. Say\u0131"},"content":{"rendered":"<p>Mavi Vatan\u2019dan\u2026\u00dcnl\u00fc \u015fairimiz N\u00e2z\u0131m Hikmet\u2019in \u201cD\u00f6rtnala gelip Uzak Asya\u2019dan \/ Akdeniz\u2019e bir k\u0131srak ba\u015f\u0131 gibi uzanan bu memleket bizim\u201d dizelerinde de yer bulan Anadolu co\u011frafyas\u0131, biz T\u00fcrklerin denizcilik ya\u015fam\u0131n\u0131 her zaman olumlu y\u00f6nde etkilemi\u015f ve kal\u0131c\u0131 bir k\u00fclt\u00fcr\u00fcn olu\u015fmas\u0131na da neden olmu\u015f. G\u00fcn\u00fcm\u00fczde, \u00f6zellikle Mavi Vatan\u2019\u0131m\u0131z\u0131 \u00e7evreleyen denizlerimiz \u00fclkemiz ve ulusumuz i\u00e7in olanaklarla dolu. Denizcilik alan\u0131nda \u00f6nemli birikimlere sahibiz. Belki de bunun i\u00e7indir ki Mustafa Kemal Atat\u00fcrk, TBMM\u2019nin 1937 y\u0131l\u0131nda, V. d\u00f6nem 3\u2019\u00fcnc\u00fc yasama y\u0131l\u0131 a\u00e7\u0131l\u0131\u015f\u0131 i\u00e7in yapt\u0131\u011f\u0131 konu\u015fmas\u0131nda \u201cEn g\u00fczel co\u011frafi konumda ve \u00fc\u00e7 taraf\u0131 denizlerle sar\u0131lm\u0131\u015f olan T\u00fcrkiye; end\u00fcstrisi, ticareti ve sporu ile ileri d\u00fczey denizci millet yeti\u015ftirmek kabiliyetindedir. Bu kabiliyetten istifadeyi bilmeliyiz; denizcili\u011fi, T\u00fcrk\u2019\u00fcn b\u00fcy\u00fck mill\u00ee \u00fclk\u00fcs\u00fc olarak d\u00fc\u015f\u00fcnmeli ve onu en k\u0131sa zamanda ba\u015farmal\u0131y\u0131z\u201d deyi\u015fi ile denizcili\u011fin, \u00fclkemiz a\u00e7\u0131s\u0131ndan ifade etti\u011fi b\u00fcy\u00fck \u00f6nemi, \u201cMill\u00ee\u201d s\u00f6zc\u00fc\u011f\u00fcn\u00fc kullanarak ortaya koymu\u015ftur. T\u00fcrk Kurtulu\u015f Sava\u015f\u0131 s\u0131ras\u0131nda T\u00fcrk ordusu, I. ve II. \u0130n\u00f6n\u00fc Muharebeleri, Sakarya Meydan Muharebesi ve son olarak bug\u00fcnlerde 99. y\u0131ld\u00f6n\u00fcm\u00fcn\u00fc b\u00fcy\u00fck bir onurla kutlad\u0131\u011f\u0131m\u0131z B\u00fcy\u00fck Taarruz ile zaferi temin etti. Bu ba\u015far\u0131lar\u0131n her safhas\u0131, asker-sivil T\u00fcrk denizcilerinin derme \u00e7atma gemilerle, \u00f6l\u00fcm\u00fc g\u00f6ze alarak fedak\u00e2rca yapt\u0131klar\u0131 lojistik nakliyatla yak\u0131ndan ili\u015fkilidir. Tarihin her d\u00f6neminde oldu\u011fu gibi, deniz g\u00fcc\u00fc, belki sava\u015f\u0131 tek ba\u015f\u0131na kazanamam\u0131\u015ft\u0131r ama onun desteklemedi\u011fi bir sava\u015f\u0131n da kazan\u0131ld\u0131\u011f\u0131 g\u00f6r\u00fclmemi\u015ftir. Denizde cepheler yoktur, ancak Kurtulu\u015f Sava\u015f\u0131\u2019m\u0131zda da zafere giden yolu binbir zorlukla a\u00e7an ba\u015far\u0131lar\u0131n sahibi, \u00e7o\u011funun ad\u0131 san\u0131 bile bilinmez ve mezarlar\u0131 deniz olan denizcilerdir. T\u00fcrk denizcilik tarihinin \u00f6nemli d\u00f6n\u00fcm noktalar\u0131ndan biri olan Preveze Deniz Zaferi\u2019nin 483. y\u0131ld\u00f6n\u00fcm\u00fcn\u00fc de co\u015fkuyla kutluyoruz. Kaptan-\u0131 Derya Barbaros Hayrettin Pa\u015fa taraf\u0131ndan, Andrea Doria komutas\u0131ndaki say\u0131ca \u00fcst\u00fcn ve \u00e7ok g\u00fc\u00e7l\u00fc Ha\u00e7l\u0131 Donanmas\u0131 kar\u015f\u0131s\u0131nda elde edilen bu b\u00fcy\u00fck zafer, Akdeniz\u2019deki T\u00fcrk h\u00e2kimiyetini tam anlam\u0131yla peki\u015ftirmi\u015fti. Bize bu ulusal denizcilik gururunu ya\u015fatan denizci atalar\u0131m\u0131z\u0131 sayg\u0131yla, minnetle an\u0131yoruz. \u00dclkemiz, g\u00f6rkemli bir co\u011frafyaya ve biyolojik \u00e7e\u015fitlili\u011fe sahip. \u00dc\u00e7 k\u0131tan\u0131n kesi\u015fti\u011fi \u00e7ok \u00f6zel topraklarda ya\u015f\u0131yoruz. Ancak, hoyrat\u00e7a kulland\u0131\u011f\u0131m\u0131z ve tahrip etti\u011fimiz do\u011fal kaynaklar\u0131m\u0131z\u0131 g\u00fcn ge\u00e7tik\u00e7e h\u0131zla yitirmekteyiz. Akarsular\u0131m\u0131z, g\u00f6llerimiz, denizlerimiz artarak kirleniyor. En son Marmara Denizi\u2019nde kar\u015f\u0131la\u015ft\u0131\u011f\u0131m\u0131z \u201cDeniz salyas\u0131\u201dn\u0131, b\u00fcy\u00fck bir k\u00f6t\u00fc gelece\u011fin habercisi olarak g\u00f6rmemiz gerek. Ya Akdeniz b\u00f6lgesinde ya\u015fad\u0131\u011f\u0131m\u0131z y\u0131k\u0131c\u0131 orman yang\u0131nlar\u0131\u2026 \u00c7evre s\u00f6z konusu oldu\u011funda \u201cSayg\u0131\u201d ve \u201cSorumluluk\u201d kavramlar\u0131 etik birer kavram olarak kar\u015f\u0131m\u0131za \u00e7\u0131k\u0131yor. Etik bir davran\u0131\u015f olan \u00e7evreye sayg\u0131, ki\u015finin i\u00e7inde ya\u015fad\u0131\u011f\u0131 toplumsal ve do\u011fal \u00e7evreye olan yakla\u015f\u0131m\u0131n\u0131n da bir g\u00f6stergesi. Unutmayal\u0131m ki, hepimiz yery\u00fcz\u00fcn\u00fcn kirac\u0131lar\u0131y\u0131z. Bu say\u0131m\u0131zda da ilginizi \u00e7ekece\u011fine emin oldu\u011fumuz \u00e7ok de\u011ferli \u00e7al\u0131\u015fmalarla kar\u015f\u0131n\u0131zday\u0131z. Levent Akson, buzullar\u0131n erimesi nedeniyle olu\u015fabilecek \u00e7evre sorununa dikkati \u00e7ekiyor. Cem G\u00fcrdeniz, II. Abd\u00fclhamit\u2019in donanmay\u0131 Hali\u00e7\u2019e kilitleyerek yapt\u0131\u011f\u0131 stratejik hatay\u0131 ve sonu\u00e7lar\u0131n\u0131 t\u00fcm \u00e7\u0131plakl\u0131\u011f\u0131yla dile getirmi\u015f. Vusal Hasanzadeh, Hazar Denizi\u2019ndeki ekolojik sorunlar\u0131, \u00e7\u00f6z\u00fcm yollar\u0131yla birlikte ele alm\u0131\u015f. Ali R\u0131za \u0130\u015fipek, Preveze Deniz Zaferi\u2019ni farkl\u0131 bir g\u00f6zle incelemi\u015f. B\u00fcy\u00fck Zafer\u2019e giden yolda verilen Milli M\u00fccadele\u2019nin denizci kahramanlar\u0131 Ayhan Edin\u2019in kalemiyle efsanele\u015fmi\u015f. Talip \u00d6zcengiz, \u00f6zg\u00fcn \u015fiirleriyle bezedi\u011fi yaz\u0131s\u0131nda Tirhaldil\u2019i, kendine has \u00fcslubuyla tan\u0131t\u0131yor. Mehmet Ali S\u00f6kmen, denizlerimizi daha fazla gecikmeden korumam\u0131z gerekti\u011fini y\u00fcksek sesle ve \u015fiirsel olarak hayk\u0131r\u0131yor. Ersin Eliko\u011flu, Mavi Vatan\u2019\u0131 jeopolitik zorunluluk olarak ele al\u0131rken, Hasan Erel de denizci \u00fclkelerin jeopolitik felsefelerinin kurucusu olan amiralleri irdelemi\u015f. \u0130nsans\u0131z deniz ara\u00e7lar\u0131 \u00fcretimindeki milli \u00e7abalar Ferhan Oral\u2019\u0131n ak\u0131c\u0131 \u00fcslubuyla sunuluyor. Do\u011fan Hacipo\u011flu, T\u00fcrk denizalt\u0131c\u0131l\u0131\u011f\u0131n\u0131n do\u011fu\u015funu ilgin\u00e7 anekdotlarla g\u00f6zler \u00f6n\u00fcne seriyor. Ege ve Do\u011fu Akdeniz\u2019de Bronz \u00c7a\u011f\u0131 gemilerinin arma donan\u0131mlar\u0131, Derya \u015eerif Yark\u0131n\u2019a g\u00f6re, g\u00fcn\u00fcm\u00fcz uygulamalar\u0131n\u0131n alfabesi. Denize \u00e7\u0131kan herkesin \u00f6nemsemesi gereken sa\u011fl\u0131k sorunlar\u0131na Dr. Barbaros Hayrettin Uzuner, bir devlet politikas\u0131 g\u00f6z\u00fcyle bak\u0131yor ve konunun \u00f6nemine dikkat \u00e7ekiyor. Sitem Ate\u015f, gemi ya\u015fant\u0131s\u0131na \u00e7ok farkl\u0131 bir a\u00e7\u0131dan bak\u0131yor. Rock d\u00fcnyas\u0131ndaki hakl\u0131 y\u00fckseli\u015fini s\u00fcrd\u00fcren, amat\u00f6r denizci m\u00fczisyen Demirhan Baylan ile s\u00f6yle\u015fi, buram buram deniz kokuyor. G\u00fcne\u015f Atay\u2019\u0131n \u00e7izgi roman kahraman\u0131 Corto Maltese\u2019yi anlatt\u0131\u011f\u0131 yaz\u0131s\u0131 t\u00fcm okurlar\u0131n dikkatini \u00e7ekecek. Ayd\u0131n Eken\u2019in bir tarih belgesi olarak sundu\u011fu \u201cTersanelerimiz\u201d konusu da bu say\u0131m\u0131zda devam ediyor. \u0130yi okumalar\u2026 R\u00fczg\u00e2r\u0131n\u0131z kolay\u0131na olsun! <\/p>\n","protected":false},"excerpt":{"rendered":"<p>Mavi Vatan\u2019dan\u2026\u00dcnl\u00fc \u015fairimiz N\u00e2z\u0131m Hikmet\u2019in \u201cD\u00f6rtnala gelip Uzak Asya\u2019dan \/ Akdeniz\u2019e bir k\u0131srak ba\u015f\u0131 gibi uzanan bu memleket bizim\u201d dizelerinde de yer bulan Anadolu co\u011frafyas\u0131, biz<span class=\"excerpt-hellip\"> [\u2026]<\/span><\/p>\n","protected":false},"featured_media":0,"template":"","meta":{"_monsterinsights_skip_tracking":false,"_monsterinsights_sitenote_active":false,"_monsterinsights_sitenote_note":"","_monsterinsights_sitenote_category":0},"product_brand":[],"product_cat":[17574,13527],"product_tag":[],"class_list":{"0":"post-741033","1":"product","2":"type-product","3":"status-publish","5":"product_cat-politika","6":"product_cat-sureli-yayinlar","7":"pa_cilt-ciltsiz","8":"pa_tur-dergi","9":"pa_yayinevi-pankus-yayinlari","10":"pa_yazar-pankus-yayinlari-kolektif","12":"first","13":"instock","14":"sale","15":"shipping-taxable","16":"purchasable","17":"product-type-simple"},"_links":{"self":[{"href":"https:\/\/roveyayinevi.com.tr\/index.php\/wp-json\/wp\/v2\/product\/741033","targetHints":{"allow":["GET"]}}],"collection":[{"href":"https:\/\/roveyayinevi.com.tr\/index.php\/wp-json\/wp\/v2\/product"}],"about":[{"href":"https:\/\/roveyayinevi.com.tr\/index.php\/wp-json\/wp\/v2\/types\/product"}],"wp:attachment":[{"href":"https:\/\/roveyayinevi.com.tr\/index.php\/wp-json\/wp\/v2\/media?parent=741033"}],"wp:term":[{"taxonomy":"product_brand","embeddable":true,"href":"https:\/\/roveyayinevi.com.tr\/index.php\/wp-json\/wp\/v2\/product_brand?post=741033"},{"taxonomy":"product_cat","embeddable":true,"href":"https:\/\/roveyayinevi.com.tr\/index.php\/wp-json\/wp\/v2\/product_cat?post=741033"},{"taxonomy":"product_tag","embeddable":true,"href":"https:\/\/roveyayinevi.com.tr\/index.php\/wp-json\/wp\/v2\/product_tag?post=741033"}],"curies":[{"name":"wp","href":"https:\/\/api.w.org\/{rel}","templated":true}]}}

Yeni Deniz Mecmuası 22. Sayı

<p>Mavi Vatan’dan…Ünlü şairimiz Nâzım Hikmet’in “Dörtnala gelip Uzak Asya’dan / Akdeniz’e bir kısrak başı gibi uzanan bu memleket bizim” dizelerinde de yer bulan Anadolu coğrafyası, biz Türklerin denizcilik yaşamını her zaman olumlu yönde etkilemiş ve kalıcı bir kültürün oluşmasına da neden olmuş. Günümüzde, özellikle Mavi Vatan’ımızı çevreleyen denizlerimiz ülkemiz ve ulusumuz için olanaklarla dolu. Denizcilik alanında önemli birikimlere sahibiz. Belki de bunun içindir ki Mustafa Kemal Atatürk, TBMM’nin 1937 yılında, V. dönem 3’üncü yasama yılı açılışı için yaptığı konuşmasında “En güzel coğrafi konumda ve üç tarafı denizlerle sarılmış olan Türkiye; endüstrisi, ticareti ve sporu ile ileri düzey denizci millet yetiştirmek kabiliyetindedir. Bu kabiliyetten istifadeyi bilmeliyiz; denizciliği, Türk’ün büyük millî ülküsü olarak düşünmeli ve onu en kısa zamanda başarmalıyız” deyişi ile denizciliğin, ülkemiz açısından ifade ettiği büyük önemi, “Millî” sözcüğünü kullanarak ortaya koymuştur. Türk Kurtuluş Savaşı sırasında Türk ordusu, I. ve II. İnönü Muharebeleri, Sakarya Meydan Muharebesi ve son olarak bugünlerde 99. yıldönümünü büyük bir onurla kutladığımız Büyük Taarruz ile zaferi temin etti. Bu başarıların her safhası, asker-sivil Türk denizcilerinin derme çatma gemilerle, ölümü göze alarak fedakârca yaptıkları lojistik nakliyatla yakından ilişkilidir. Tarihin her döneminde olduğu gibi, deniz gücü, belki savaşı tek başına kazanamamıştır ama onun desteklemediği bir savaşın da kazanıldığı görülmemiştir. Denizde cepheler yoktur, ancak Kurtuluş Savaşı’mızda da zafere giden yolu binbir zorlukla açan başarıların sahibi, çoğunun adı sanı bile bilinmez ve mezarları deniz olan denizcilerdir. Türk denizcilik tarihinin önemli dönüm noktalarından biri olan Preveze Deniz Zaferi’nin 483. yıldönümünü de coşkuyla kutluyoruz. Kaptan-ı Derya Barbaros Hayrettin Paşa tarafından, Andrea Doria komutasındaki sayıca üstün ve çok güçlü Haçlı Donanması karşısında elde edilen bu büyük zafer, Akdeniz’deki Türk hâkimiyetini tam anlamıyla pekiştirmişti. Bize bu ulusal denizcilik gururunu yaşatan denizci atalarımızı saygıyla, minnetle anıyoruz. Ülkemiz, görkemli bir coğrafyaya ve biyolojik çeşitliliğe sahip. Üç kıtanın kesiştiği çok özel topraklarda yaşıyoruz. Ancak, hoyratça kullandığımız ve tahrip ettiğimiz doğal kaynaklarımızı gün geçtikçe hızla yitirmekteyiz. Akarsularımız, göllerimiz, denizlerimiz artarak kirleniyor. En son Marmara Denizi’nde karşılaştığımız “Deniz salyası”nı, büyük bir kötü geleceğin habercisi olarak görmemiz gerek. Ya Akdeniz bölgesinde yaşadığımız yıkıcı orman yangınları… Çevre söz konusu olduğunda “Saygı” ve “Sorumluluk” kavramları etik birer kavram olarak karşımıza çıkıyor. Etik bir davranış olan çevreye saygı, kişinin içinde yaşadığı toplumsal ve doğal çevreye olan yaklaşımının da bir göstergesi. Unutmayalım ki, hepimiz yeryüzünün kiracılarıyız. Bu sayımızda da ilginizi çekeceğine emin olduğumuz çok değerli çalışmalarla karşınızdayız. Levent Akson, buzulların erimesi nedeniyle oluşabilecek çevre sorununa dikkati çekiyor. Cem Gürdeniz, II. Abdülhamit’in donanmayı Haliç’e kilitleyerek yaptığı stratejik hatayı ve sonuçlarını tüm çıplaklığıyla dile getirmiş. Vusal Hasanzadeh, Hazar Denizi’ndeki ekolojik sorunları, çözüm yollarıyla birlikte ele almış. Ali Rıza İşipek, Preveze Deniz Zaferi’ni farklı bir gözle incelemiş. Büyük Zafer’e giden yolda verilen Milli Mücadele’nin denizci kahramanları Ayhan Edin’in kalemiyle efsaneleşmiş. Talip Özcengiz, özgün şiirleriyle bezediği yazısında Tirhaldil’i, kendine has üslubuyla tanıtıyor. Mehmet Ali Sökmen, denizlerimizi daha fazla gecikmeden korumamız gerektiğini yüksek sesle ve şiirsel olarak haykırıyor. Ersin Elikoğlu, Mavi Vatan’ı jeopolitik zorunluluk olarak ele alırken, Hasan Erel de denizci ülkelerin jeopolitik felsefelerinin kurucusu olan amiralleri irdelemiş. İnsansız deniz araçları üretimindeki milli çabalar Ferhan Oral’ın akıcı üslubuyla sunuluyor. Doğan Hacipoğlu, Türk denizaltıcılığının doğuşunu ilginç anekdotlarla gözler önüne seriyor. Ege ve Doğu Akdeniz’de Bronz Çağı gemilerinin arma donanımları, Derya Şerif Yarkın’a göre, günümüz uygulamalarının alfabesi. Denize çıkan herkesin önemsemesi gereken sağlık sorunlarına Dr. Barbaros Hayrettin Uzuner, bir devlet politikası gözüyle bakıyor ve konunun önemine dikkat çekiyor. Sitem Ateş, gemi yaşantısına çok farklı bir açıdan bakıyor. Rock dünyasındaki haklı yükselişini sürdüren, amatör denizci müzisyen Demirhan Baylan ile söyleşi, buram buram deniz kokuyor. Güneş Atay’ın çizgi roman kahramanı Corto Maltese’yi anlattığı yazısı tüm okurların dikkatini çekecek. Aydın Eken’in bir tarih belgesi olarak sunduğu “Tersanelerimiz” konusu da bu sayımızda devam ediyor. İyi okumalar… Rüzgârınız kolayına olsun! </p>

<p>Mavi Vatan’dan…Ünlü şairimiz Nâzım Hikmet’in “Dörtnala gelip Uzak Asya’dan / Akdeniz’e bir kısrak başı gibi uzanan bu memleket bizim” dizelerinde de yer bulan Anadolu coğrafyası, biz<span class="excerpt-hellip"> […]</span></p>
