{"id":741032,"date":"2025-08-28T00:40:43","date_gmt":"2025-08-27T21:40:43","guid":{"rendered":"https:\/\/roveyayinevi.com.tr\/index.php\/urun\/yeni-deniz-mecmuasi-23-sayi\/"},"modified":"2026-04-16T02:52:10","modified_gmt":"2026-04-15T23:52:10","slug":"yeni-deniz-mecmuasi-23-sayi","status":"publish","type":"product","link":"https:\/\/roveyayinevi.com.tr\/index.php\/urun\/yeni-deniz-mecmuasi-23-sayi\/","title":{"rendered":"Yeni Deniz Mecmuas\u0131 23. Say\u0131"},"content":{"rendered":"<p>Mavi Vatan\u2019dan\u202683 y\u0131l \u00f6nce yitirdi\u011fimiz B\u00fcy\u00fck \u00d6nder Mustafa Kemal ATAT\u00dcRK\u2019\u00fcn \u201cEn b\u00fcy\u00fck eserim\u201d dedi\u011fi Cumhuriyetimiz 98 ya\u015f\u0131nda. G\u00fczel yurdumuz gerek g\u00fcvenlik gerekse ekonomik a\u00e7\u0131dan yaln\u0131z Mavi Vatan\u2019da de\u011fil, t\u00fcm d\u00fcnya denizleriyle do\u011fal ili\u015fki i\u00e7erisinde d\u00fcnyan\u0131n ana jeopolitik ve jeostratejik alanlar\u0131ndan birinde kurulu olmas\u0131 nedeniyle denizcilik alan\u0131nda tarih boyunca \u00f6nemli rol oynam\u0131\u015ft\u0131r. Bu ba\u011flamda gen\u00e7 T\u00fcrkiye Cumhuriyeti, denizcili\u011fi T\u00fcrk\u2019\u00fcn b\u00fcy\u00fck ulusal \u00fclk\u00fcs\u00fc olarak d\u00fc\u015f\u00fcnemeyen Osmanl\u0131\u2019n\u0131n stratejik hatalar\u0131n\u0131 en k\u0131sa zamanda onarmak amac\u0131yla \u00e7ok \u00e7abalam\u0131\u015f ve her alanda b\u00fcy\u00fck ba\u015far\u0131lar elde etmi\u015ftir. Yeni kurulan T\u00fcrkiye Cumhuriyeti\u2019nin i\u00e7inde bulundu\u011fu zor ko\u015fullar, askeri donanman\u0131n yetersizli\u011fi, Osmanl\u0131 deniz ticaret filosunun I. D\u00fcnya Sava\u015f\u0131 y\u0131llar\u0131nda elinde bulundurdu\u011fu gemi say\u0131s\u0131na ve gemilerin tonaj kapasitelerine bak\u0131larak bile rahatl\u0131kla g\u00f6r\u00fclebilir. Cumhuriyet\u2019le birlikte deniz i\u015fletmelerindeki yabanc\u0131 \u00fcst\u00fcnl\u00fc\u011f\u00fcn\u00fc k\u0131rmak ve deniz ula\u015f\u0131m\u0131n\u0131 ulusal gemiler ile sa\u011flayabilmek amac\u0131yla, limanlar\u0131n iyile\u015ftirilmesi ve yeni iskelelerin yap\u0131lmas\u0131, limanlar\u0131n demiryolu ile i\u00e7 b\u00f6lgelere ba\u011flanmas\u0131, navlun de\u011ferlerinin T\u00fcrk liras\u0131 \u00fczerinden belirlenmesi, \u00f6zel sekt\u00f6r\u00fcn gemi yap\u0131m\u0131 ve onar\u0131m\u0131 faaliyetlerinde desteklenmesi ve sermaye sa\u011flanmas\u0131 gibi alanlarda \u00e7al\u0131\u015fmalar yap\u0131larak denizcilik faaliyetlerinin h\u0131zla ulusalla\u015ft\u0131r\u0131lmas\u0131 sa\u011flanm\u0131\u015ft\u0131r. Atam\u0131z\u0131 ve ona destek veren de\u011ferli b\u00fcy\u00fcklerimizi minnet ve \u015f\u00fckranla an\u0131yoruz. Ya\u015fas\u0131n Cumhuriyet! Co\u011frafyan\u0131n gere\u011fi olarak bir \u201cDenizci \u00dclke\u201dde ya\u015famakta olan T\u00fcrk ulusunun \u201cDenizci Ulus\u201d olmas\u0131 yolunda Hamit Naci Mavi Vatan Vakf\u0131\u2019n\u0131n kurulmas\u0131, tarihi \u00f6nem ta\u015f\u0131yan mutlu bir geli\u015fme. Bu giri\u015fimi ba\u015flatan ve s\u00fcrd\u00fcrecek olan denizcilerimize \u015f\u00fckranlar\u0131m\u0131z\u0131 sunarken destekliyor, ba\u015far\u0131lar diliyoruz. Can Y\u00fccel\u2019in derin anlamlar i\u00e7eren bir \u015fiiriyle ba\u015flad\u0131\u011f\u0131m\u0131z bu say\u0131m\u0131zda da ilginizi \u00e7ekece\u011fine emin oldu\u011fumuz \u00e7ok de\u011ferli \u00e7al\u0131\u015fmalarla kar\u015f\u0131n\u0131zday\u0131z. Cem G\u00fcrdeniz, Mavi Vatan Vakf\u0131\u2019n\u0131n kurulu\u015f haberini vermenin yan\u0131nda denizcile\u015fme ve din aras\u0131ndaki ili\u015fkiyi irdelemi\u015f. Ergun T\u00fcrkcan, bu \u00e7al\u0131\u015fmay\u0131 destekleyen ve geli\u015ftiren bilgileri akademik anlat\u0131mla sunuyor. Talip \u00d6zcengiz, Portekiz\u2019e \u00f6zg\u00fc bir m\u00fczik t\u00fcr\u00fc olan Fado\u2019yu bir denizcinin duygular\u0131yla bezemi\u015f. Selim \u00d6zen, m\u00fczede izlerken pek \u00f6zen g\u00f6stermedi\u011fimiz saltanat kay\u0131klar\u0131n\u0131n gizemine dikkat \u00e7ekiyor. Kanal \u0130stanbul Projesi\u2019nin olas\u0131 aksak y\u00f6nlerini Sedat Tenker deniz kazalar\u0131 y\u00f6n\u00fcnden, Erdal Yaz\u0131c\u0131 ise seyir uygulamalar\u0131 bak\u0131m\u0131ndan g\u00f6r\u00fc\u015flere a\u00e7m\u0131\u015flar. Volkan \u00d6zdemir, s\u0131v\u0131la\u015ft\u0131r\u0131lm\u0131\u015f do\u011fal gaz (LNG) hakk\u0131nda akademik bilgiler veriyor. Mehmet Ali S\u00f6kmen, bir denizcinin g\u00f6nl\u00fcnden ge\u00e7enlerin yer ald\u0131\u011f\u0131 \u015fiirleri ve \u015fark\u0131lar\u0131, anlaml\u0131 bir bi\u00e7imde an\u0131msatm\u0131\u015f. \u00dclkemiz denizcilik sanayisinde bir ilk olan yerli motor \u00fcretimi faaliyeti, Ali Bozo\u011flu taraf\u0131ndan d\u00fc\u015f\u00fcnd\u00fcr\u00fcc\u00fc bir anlat\u0131mla kaleme al\u0131nm\u0131\u015f. Ali C\u00f6mert, \u00fclke tan\u0131t\u0131m\u0131nda yap\u0131labilecek yanl\u0131\u015fl\u0131klara denizcilerin ortak olmamalar\u0131n\u0131 dilemi\u015f, hakl\u0131 \u00f6neriler s\u0131ralam\u0131\u015f. Caner \u015eaka, pandeminin neden oldu\u011fu ilgin\u00e7 geli\u015fmelerden birini d\u00fc\u015f\u00fcnd\u00fcr\u00fcc\u00fc mizah bi\u00e7iminde okurlar\u0131m\u0131za sunuyor. Merak etmemize kar\u015f\u0131n, yeterince ara\u015ft\u0131rmad\u0131\u011f\u0131m\u0131z bir konu, Akdeniz\u2019in adland\u0131r\u0131lmas\u0131, Derya \u015eerif Yark\u0131n\u2019\u0131n ilgin\u00e7 anlat\u0131m\u0131yla dergimizde. Sitem Ate\u015f, okuduk\u00e7a sizleri d\u00fc\u015f\u00fcncelere dal\u0131p uzaklara g\u00f6t\u00fcrecek bir \u00fcslupla \u201cDeniz Bitti\u201d diyor. Cemil \u015een, denizcilik tarihimizdeki ilgin\u00e7 bir geli\u015fmeyi an\u0131msat\u0131p Atilla H\u00fclagu\u2019yu anm\u0131\u015f. Ali \u0130brahim Kontaytekin, Hobart Pa\u015fa\u2019n\u0131n ilgin\u00e7 ya\u015fam \u00f6yk\u00fcs\u00fcn\u00fc payla\u015fm\u0131\u015f. Ahmet B\u00fcke, unutulaca\u011f\u0131ndan endi\u015fe duydu\u011fu Denizcilik folklorunun \u00f6nemini vurgularken Mustafa Kaymak\u00e7\u0131, Kurtulu\u015f Sava\u015f\u0131 s\u0131ras\u0131nda Rodoslu T\u00fcrk denizcilerin \u00f6zverili ve cesaret dolu desteklerini g\u00f6zler \u00f6n\u00fcne seriyor. Ayhan Edin ve Ayd\u0131n Eken\u2019in \u00f6nceki say\u0131lar\u0131m\u0131zda ba\u015flatt\u0131klar\u0131 incelemeler bu say\u0131m\u0131zda sonuca ula\u015f\u0131yor. Dergimizin kapak foto\u011fraf\u0131nda betimlenen, bir konteyner gemisinde s\u0131n\u0131rl\u0131 olanaklarla yeni y\u0131l\u0131 kutlama haz\u0131rl\u0131\u011f\u0131 yapan gemicinin duygular\u0131yla, 2022 y\u0131l\u0131n\u0131 aileniz ve sevdiklerinizle birlikte mutlu ve sa\u011fl\u0131kl\u0131 g\u00fcnlerde ya\u015faman\u0131z\u0131 dileriz. Cumhuriyetimizin sonsuza kadar ya\u015fayaca\u011f\u0131na olan inanc\u0131m\u0131z\u0131 bir kez daha tekrarl\u0131yor, sizlere iyi okumalar diliyoruz. <\/p>\n","protected":false},"excerpt":{"rendered":"<p>Mavi Vatan\u2019dan\u202683 y\u0131l \u00f6nce yitirdi\u011fimiz B\u00fcy\u00fck \u00d6nder Mustafa Kemal ATAT\u00dcRK\u2019\u00fcn \u201cEn b\u00fcy\u00fck eserim\u201d dedi\u011fi Cumhuriyetimiz 98 ya\u015f\u0131nda. G\u00fczel yurdumuz gerek g\u00fcvenlik gerekse ekonomik a\u00e7\u0131dan yaln\u0131z Mavi<span class=\"excerpt-hellip\"> [\u2026]<\/span><\/p>\n","protected":false},"featured_media":0,"template":"","meta":{"_monsterinsights_skip_tracking":false,"_monsterinsights_sitenote_active":false,"_monsterinsights_sitenote_note":"","_monsterinsights_sitenote_category":0},"product_brand":[],"product_cat":[17574,13527],"product_tag":[],"class_list":{"0":"post-741032","1":"product","2":"type-product","3":"status-publish","5":"product_cat-politika","6":"product_cat-sureli-yayinlar","7":"pa_cilt-ciltsiz","8":"pa_tur-dergi","9":"pa_yayinevi-pankus-yayinlari","10":"pa_yazar-pankus-yayinlari-kolektif","12":"first","13":"instock","14":"sale","15":"shipping-taxable","16":"purchasable","17":"product-type-simple"},"_links":{"self":[{"href":"https:\/\/roveyayinevi.com.tr\/index.php\/wp-json\/wp\/v2\/product\/741032","targetHints":{"allow":["GET"]}}],"collection":[{"href":"https:\/\/roveyayinevi.com.tr\/index.php\/wp-json\/wp\/v2\/product"}],"about":[{"href":"https:\/\/roveyayinevi.com.tr\/index.php\/wp-json\/wp\/v2\/types\/product"}],"wp:attachment":[{"href":"https:\/\/roveyayinevi.com.tr\/index.php\/wp-json\/wp\/v2\/media?parent=741032"}],"wp:term":[{"taxonomy":"product_brand","embeddable":true,"href":"https:\/\/roveyayinevi.com.tr\/index.php\/wp-json\/wp\/v2\/product_brand?post=741032"},{"taxonomy":"product_cat","embeddable":true,"href":"https:\/\/roveyayinevi.com.tr\/index.php\/wp-json\/wp\/v2\/product_cat?post=741032"},{"taxonomy":"product_tag","embeddable":true,"href":"https:\/\/roveyayinevi.com.tr\/index.php\/wp-json\/wp\/v2\/product_tag?post=741032"}],"curies":[{"name":"wp","href":"https:\/\/api.w.org\/{rel}","templated":true}]}}