{"id":741029,"date":"2025-08-28T00:40:06","date_gmt":"2025-08-27T21:40:06","guid":{"rendered":"https:\/\/roveyayinevi.com.tr\/index.php\/urun\/30-yilin-ardindan-turkiye-ve-turk-dunyasi\/"},"modified":"2026-04-16T02:52:10","modified_gmt":"2026-04-15T23:52:10","slug":"30-yilin-ardindan-turkiye-ve-turk-dunyasi","status":"publish","type":"product","link":"https:\/\/roveyayinevi.com.tr\/index.php\/urun\/30-yilin-ardindan-turkiye-ve-turk-dunyasi\/","title":{"rendered":"30 Y\u0131l\u0131n Ard\u0131ndan T\u00fcrkiye ve T\u00fcrk D\u00fcnyas\u0131"},"content":{"rendered":"<p>ATA Platform (Asya-T\u00fcrkiye-Avrupa) taraf\u0131ndan yap\u0131lan \u00e7evrimi\u00e7i tart\u0131\u015fman\u0131n geni\u015fletilmesiyle olu\u015fan bu eserde, Avrasya co\u011frafyas\u0131 ve T\u00fcrk d\u00fcnyas\u0131na ili\u015fkin farkl\u0131 konu ba\u015fl\u0131klar\u0131nda uzman g\u00f6r\u00fc\u015flerini okuyacaks\u0131n\u0131z. D\u00fcnya, jeopolitik a\u00e7\u0131dan Amerikan hegemonyas\u0131na dayal\u0131 tek kutuplu sistemden \u00e7ok kutuplulu\u011fa, iktisadi bak\u0131mdan \u00fcretim merkezlerinin de\u011fi\u015fimiyle Bat\u0131 odakl\u0131l\u0131ktan Asya \u00c7a\u011f\u0131\u2019na ge\u00e7i\u015fe tan\u0131kl\u0131k ederken; Avrasya co\u011frafyas\u0131 ve T\u00fcrk d\u00fcnyas\u0131, kaplad\u0131\u011f\u0131 co\u011frafi alan ile yeni d\u00f6nemin ko\u015fullar\u0131na g\u00f6re yeniden stratejik \u00f6nem kazanacak. Bu \u00f6nem, So\u011fuk Sava\u015f y\u0131llar\u0131ndaki gibi ikili cephe ya da tek kutuplu d\u00f6nemdeki gibi sisteme eklemlenme s\u00fcre\u00e7lerinden \u00e7ok farkl\u0131 dinamikleri i\u00e7inde bar\u0131nd\u0131racak. Atlantik ittifak\u0131n\u0131n yeniden tesis edilmeye \u00e7al\u0131\u015f\u0131ld\u0131\u011f\u0131 \u015fu g\u00fcnlerde Rusya ile \u00c7in\u2019in i\u015f birli\u011finin s\u00fcrd\u00fcr\u00fclmesi h\u00e2linde b\u00fcy\u00fck g\u00fc\u00e7 rekabeti, belki de en fazla bu sahada hissedilecek. \u00c7in\u2019in Ku\u015fak Yol Giri\u015fimi, Rusya\u2019n\u0131n Geni\u015f Avrasya Ortakl\u0131\u011f\u0131 Konsepti ve ABD\u2019nin Afganistan\u2019dan \u00e7\u0131k\u0131\u015f\u0131yla simgele\u015fen BOP yan\u0131na BAP (B\u00fcy\u00fck Asya Projesi) haz\u0131rl\u0131\u011f\u0131, karasal jeopolitikte \u201cKalpg\u00e2h\u201d olarak adland\u0131r\u0131lan bu b\u00f6lgede \u015fekillenecek. Rekabetin sonucu hem T\u00fcrkiye ve T\u00fcrk d\u00fcnyas\u0131n\u0131n geli\u015fimini etkileyecek hem de T\u00fcrkiye ve T\u00fcrk d\u00fcnyas\u0131n\u0131n nerede konumland\u0131\u011f\u0131yla do\u011frudan ilgili olacak.   <\/p>\n","protected":false},"excerpt":{"rendered":"<p>ATA Platform (Asya-T\u00fcrkiye-Avrupa) taraf\u0131ndan yap\u0131lan \u00e7evrimi\u00e7i tart\u0131\u015fman\u0131n geni\u015fletilmesiyle olu\u015fan bu eserde, Avrasya co\u011frafyas\u0131 ve T\u00fcrk d\u00fcnyas\u0131na ili\u015fkin farkl\u0131 konu ba\u015fl\u0131klar\u0131nda uzman g\u00f6r\u00fc\u015flerini okuyacaks\u0131n\u0131z. D\u00fcnya, jeopolitik a\u00e7\u0131dan<span class=\"excerpt-hellip\"> [\u2026]<\/span><\/p>\n","protected":false},"featured_media":0,"template":"","meta":{"_monsterinsights_skip_tracking":false,"_monsterinsights_sitenote_active":false,"_monsterinsights_sitenote_note":"","_monsterinsights_sitenote_category":0},"product_brand":[],"product_cat":[13059,12337],"product_tag":[],"class_list":{"0":"post-741029","1":"product","2":"type-product","3":"status-publish","5":"product_cat-diger-politika-siyaset","6":"product_cat-politika-siyaset","7":"pa_cilt-ciltsiz","8":"pa_tur-kitap","9":"pa_yayinevi-pankus-yayinlari","10":"pa_yazar-kolektif","12":"first","13":"instock","14":"sale","15":"shipping-taxable","16":"purchasable","17":"product-type-simple"},"_links":{"self":[{"href":"https:\/\/roveyayinevi.com.tr\/index.php\/wp-json\/wp\/v2\/product\/741029","targetHints":{"allow":["GET"]}}],"collection":[{"href":"https:\/\/roveyayinevi.com.tr\/index.php\/wp-json\/wp\/v2\/product"}],"about":[{"href":"https:\/\/roveyayinevi.com.tr\/index.php\/wp-json\/wp\/v2\/types\/product"}],"wp:attachment":[{"href":"https:\/\/roveyayinevi.com.tr\/index.php\/wp-json\/wp\/v2\/media?parent=741029"}],"wp:term":[{"taxonomy":"product_brand","embeddable":true,"href":"https:\/\/roveyayinevi.com.tr\/index.php\/wp-json\/wp\/v2\/product_brand?post=741029"},{"taxonomy":"product_cat","embeddable":true,"href":"https:\/\/roveyayinevi.com.tr\/index.php\/wp-json\/wp\/v2\/product_cat?post=741029"},{"taxonomy":"product_tag","embeddable":true,"href":"https:\/\/roveyayinevi.com.tr\/index.php\/wp-json\/wp\/v2\/product_tag?post=741029"}],"curies":[{"name":"wp","href":"https:\/\/api.w.org\/{rel}","templated":true}]}}