{"id":741025,"date":"2025-08-28T00:40:02","date_gmt":"2025-08-27T21:40:02","guid":{"rendered":"https:\/\/roveyayinevi.com.tr\/index.php\/urun\/ataturkun-sagligi-ve-doktorlari\/"},"modified":"2026-04-16T02:52:10","modified_gmt":"2026-04-15T23:52:10","slug":"ataturkun-sagligi-ve-doktorlari","status":"publish","type":"product","link":"https:\/\/roveyayinevi.com.tr\/index.php\/urun\/ataturkun-sagligi-ve-doktorlari\/","title":{"rendered":"Atat\u00fcrk\u2019\u00fcn Sa\u011fl\u0131\u011f\u0131 ve Doktorlar\u0131"},"content":{"rendered":"<p>Atat\u00fcrk \u00e7ocuk ya\u015flarda dahi hem beden hem de irade olarak \u00e7ok g\u00fc\u00e7l\u00fc bir insand\u0131r. Ancak ne kadar g\u00fc\u00e7l\u00fc olsa da asker olarak d\u00fc\u015fmana, devlet adam\u0131 olarak karanl\u0131\u011fa kar\u015f\u0131 verdi\u011fi sava\u015f\u0131, hayat\u0131 boyunca hastal\u0131k ve yaralanmalara kar\u015f\u0131 da vermek zorunda kalm\u0131\u015ft\u0131r. Onun bu sava\u015f\u0131 daha 1881 y\u0131l\u0131nda ba\u015flar. Mustafa Kemal hen\u00fcz bebekken, babas\u0131 Ali R\u0131za Bey\u2019in, kimi zaman ormana gidip kereste kesti\u011finden eve gelmedi\u011fi g\u00fcnler olurdu. B\u00f6yle bir g\u00fcnde eve h\u0131rs\u0131z girer. Mustafa Kemal\u2019in b\u00fcy\u00fckannesi Ay\u015fe Han\u0131m\u2019\u0131n odas\u0131ndaki para dolu \u00e7ekmece al\u0131n\u0131r. B\u00fcy\u00fckannenin feryad\u0131 \u00fczerine Z\u00fcbeyde Han\u0131m kap\u0131n\u0131n arkas\u0131na dayan\u0131r fakat h\u0131rs\u0131zlar kap\u0131y\u0131 omuzlay\u0131nca koca kap\u0131, i\u00e7eride kundakta bulunan Mustafa Kemal\u2019in \u00fczerine y\u0131k\u0131l\u0131r. Kap\u0131n\u0131n alt\u0131nda kalan Mustafa Kemal \u015fans eseri kurtulur. Bu onun \u00f6l\u00fcm\u00fc ilk ma\u011flup edi\u015fi olur ama hayat\u0131 boyunca \u00f6l\u00fcm ile verece\u011fi m\u00fccadele asl\u0131nda daha yeni ba\u015flam\u0131\u015ft\u0131r. <\/p>\n","protected":false},"excerpt":{"rendered":"<p>Atat\u00fcrk \u00e7ocuk ya\u015flarda dahi hem beden hem de irade olarak \u00e7ok g\u00fc\u00e7l\u00fc bir insand\u0131r. Ancak ne kadar g\u00fc\u00e7l\u00fc olsa da asker olarak d\u00fc\u015fmana, devlet adam\u0131 olarak<span class=\"excerpt-hellip\"> [\u2026]<\/span><\/p>\n","protected":false},"featured_media":0,"template":"","meta":{"_monsterinsights_skip_tracking":false,"_monsterinsights_sitenote_active":false,"_monsterinsights_sitenote_note":"","_monsterinsights_sitenote_category":0},"product_brand":[],"product_cat":[12312,12304],"product_tag":[],"class_list":{"0":"post-741025","1":"product","2":"type-product","3":"status-publish","5":"product_cat-diger","6":"product_cat-tarih","7":"pa_cilt-ciltsiz","8":"pa_tur-kitap","9":"pa_yayinevi-pankus-yayinlari","10":"pa_yazar-gokhan-cebeci","12":"first","13":"instock","14":"sale","15":"shipping-taxable","16":"purchasable","17":"product-type-simple"},"_links":{"self":[{"href":"https:\/\/roveyayinevi.com.tr\/index.php\/wp-json\/wp\/v2\/product\/741025","targetHints":{"allow":["GET"]}}],"collection":[{"href":"https:\/\/roveyayinevi.com.tr\/index.php\/wp-json\/wp\/v2\/product"}],"about":[{"href":"https:\/\/roveyayinevi.com.tr\/index.php\/wp-json\/wp\/v2\/types\/product"}],"wp:attachment":[{"href":"https:\/\/roveyayinevi.com.tr\/index.php\/wp-json\/wp\/v2\/media?parent=741025"}],"wp:term":[{"taxonomy":"product_brand","embeddable":true,"href":"https:\/\/roveyayinevi.com.tr\/index.php\/wp-json\/wp\/v2\/product_brand?post=741025"},{"taxonomy":"product_cat","embeddable":true,"href":"https:\/\/roveyayinevi.com.tr\/index.php\/wp-json\/wp\/v2\/product_cat?post=741025"},{"taxonomy":"product_tag","embeddable":true,"href":"https:\/\/roveyayinevi.com.tr\/index.php\/wp-json\/wp\/v2\/product_tag?post=741025"}],"curies":[{"name":"wp","href":"https:\/\/api.w.org\/{rel}","templated":true}]}}