{"id":740992,"date":"2025-08-28T00:39:21","date_gmt":"2025-08-27T21:39:21","guid":{"rendered":"https:\/\/roveyayinevi.com.tr\/index.php\/urun\/gok-turk-imparatorlugu\/"},"modified":"2025-10-22T07:46:45","modified_gmt":"2025-10-22T04:46:45","slug":"gok-turk-imparatorlugu","status":"publish","type":"product","link":"https:\/\/roveyayinevi.com.tr\/index.php\/urun\/gok-turk-imparatorlugu\/","title":{"rendered":"G\u00f6k T\u00fcrk  \u0130mparatorlu\u011fu"},"content":{"rendered":"<p>G\u00f6k T\u00fcrk ad\u0131, k\u00f6keni ve ya\u015fad\u0131klar\u0131 yerlerin nereler oldu\u011fu; Ergenekon destan\u0131ndaki Kurt\u2019un hik\u00e2yesi; G\u00f6k T\u00fcrk \u0130mparatorlu\u011fu\u2019nun kurulu\u015fu; \u00c7in ile kurulan ittifaklar, \u00c7in entrikalar\u0131, \u00c7inli hatunlar; G\u00f6k T\u00fcrkler\u2019 in Do\u011fu-Bat\u0131 olarak b\u00f6l\u00fcnmesi ve fetret devri; Bir ba\u011f\u0131ms\u0131zl\u0131k hareketi: K\u00fcr \u015ead \u0130syan\u0131; \u0130kinci G\u00f6k T\u00fcrk \u0130mparatorlu\u011fu\u2019nun kurulu\u015fu; \u201cD\u00fcnyan\u0131n yedi \u0131rk\u0131n\u0131n b\u00fcy\u00fck ba\u015fbu\u011fu ve yedi iklimin h\u00fck\u00fcmdar\u0131 hakandan Roma \u0130mparatoru\u2019na\u201d diye mektup yazan G\u00f6k T\u00fcrk Ka\u011fan\u0131; Bilge Ka\u011fan ve K\u00fcl Tegin karde\u015flerin uyumu, Vezir Tonyukuk\u2019un usta idarecili\u011fi; T\u00fcrk Tarih ve edebiyat\u0131n\u0131n ilk \u00f6rnekleri: Orhun Yaz\u0131tlar\u0131; Bilge Ka\u011fan\u2019\u0131n y\u00fczlerce y\u0131l \u00f6ncesinden sesleni\u015fi: \u201cEy T\u00fcrk Milleti, \u00fcstte g\u00f6k y\u0131k\u0131lmaz, altta yer delinmezse devletini, t\u00f6reni kim bozabilir?\u201d Siyasal ve \u0130ktisadi Milliyet\u00e7ilik fikri, Kanunlar\u0131, Yasama ve Y\u00fcr\u00fctme kurumlar\u0131, Kad\u0131n\u0131n konumu, Ziraat, Din, Matem, Para, Silah, Yeme \u0130\u00e7me, Sanat, Yaz\u0131\u2026 Velhas\u0131l, G\u00f6k T\u00fcrk Uygarl\u0131\u011f\u0131; En \u00f6zg\u00fcn y\u00f6nleriyle bilimsel kaynaklara dayan\u0131larak incelenmi\u015ftir.       <\/p>\n","protected":false},"excerpt":{"rendered":"<p>G\u00f6k T\u00fcrk ad\u0131, k\u00f6keni ve ya\u015fad\u0131klar\u0131 yerlerin nereler oldu\u011fu; Ergenekon destan\u0131ndaki Kurt\u2019un hik\u00e2yesi; G\u00f6k T\u00fcrk \u0130mparatorlu\u011fu\u2019nun kurulu\u015fu; \u00c7in ile kurulan ittifaklar, \u00c7in entrikalar\u0131, \u00c7inli hatunlar; G\u00f6k<span class=\"excerpt-hellip\"> [\u2026]<\/span><\/p>\n","protected":false},"featured_media":0,"template":"","meta":{"_monsterinsights_skip_tracking":false,"_monsterinsights_sitenote_active":false,"_monsterinsights_sitenote_note":"","_monsterinsights_sitenote_category":0},"product_brand":[],"product_cat":[12312,12304],"product_tag":[],"class_list":{"0":"post-740992","1":"product","2":"type-product","3":"status-publish","5":"product_cat-diger","6":"product_cat-tarih","7":"pa_cilt-ciltsiz","8":"pa_tur-kitap","9":"pa_yayinevi-altinordu-yayinlari","10":"pa_yazar-erkan-hacifazlioglu","12":"first","13":"instock","14":"sale","15":"shipping-taxable","16":"purchasable","17":"product-type-simple"},"_links":{"self":[{"href":"https:\/\/roveyayinevi.com.tr\/index.php\/wp-json\/wp\/v2\/product\/740992","targetHints":{"allow":["GET"]}}],"collection":[{"href":"https:\/\/roveyayinevi.com.tr\/index.php\/wp-json\/wp\/v2\/product"}],"about":[{"href":"https:\/\/roveyayinevi.com.tr\/index.php\/wp-json\/wp\/v2\/types\/product"}],"wp:attachment":[{"href":"https:\/\/roveyayinevi.com.tr\/index.php\/wp-json\/wp\/v2\/media?parent=740992"}],"wp:term":[{"taxonomy":"product_brand","embeddable":true,"href":"https:\/\/roveyayinevi.com.tr\/index.php\/wp-json\/wp\/v2\/product_brand?post=740992"},{"taxonomy":"product_cat","embeddable":true,"href":"https:\/\/roveyayinevi.com.tr\/index.php\/wp-json\/wp\/v2\/product_cat?post=740992"},{"taxonomy":"product_tag","embeddable":true,"href":"https:\/\/roveyayinevi.com.tr\/index.php\/wp-json\/wp\/v2\/product_tag?post=740992"}],"curies":[{"name":"wp","href":"https:\/\/api.w.org\/{rel}","templated":true}]}}