{"id":740980,"date":"2025-08-28T00:39:04","date_gmt":"2025-08-27T21:39:04","guid":{"rendered":"https:\/\/roveyayinevi.com.tr\/index.php\/urun\/kiyamet-emeklisi-ikinci-cilt\/"},"modified":"2026-04-16T02:52:08","modified_gmt":"2026-04-15T23:52:08","slug":"kiyamet-emeklisi-ikinci-cilt","status":"publish","type":"product","link":"https:\/\/roveyayinevi.com.tr\/index.php\/urun\/kiyamet-emeklisi-ikinci-cilt\/","title":{"rendered":"K\u0131yamet Emeklisi &#8211; \u0130kinci Cilt"},"content":{"rendered":"<p>\u201cBazen de bir rastgele ta\u015f \u00f6ylece b\u00fct\u00fcn k\u0131\u015f durur ve bahar\u0131n bir mor \u00e7i\u00e7ek halkas\u0131 onu \u00e7ep\u00e7evre ama sadece o ta\u015f\u0131 bir bord\u00fcrle \u00e7evrelerdi. Ta\u015f\u0131n beyaz\u0131 \u00e7i\u00e7e\u011fin moru ile \u00f6yle bir resim verirdi ki, o \u00f6zenle se\u00e7ilmi\u015f mor halka o ta\u015f\u0131 d\u00fcnyan\u0131n kutsal ta\u015flar\u0131ndan biri yapar ve boynundaki \u00e7elengi ile bunu \u00f6yle bir fa\u015f ederdi ki, ku\u015flar yukardan al\u00e7alarak bakar da ge\u00e7er, saksa\u011fanlar, ser\u00e7eler, k\u00fc\u00e7\u00fck ku\u015flar \u00fczerine birka\u00e7 saniyeli\u011fine muhakkak konar, ayak s\u00fcrer de ge\u00e7er, kertenkele ta\u015f\u0131n etraf\u0131n\u0131 dola\u015f\u0131r da ge\u00e7er, kar\u0131ncalar s\u0131ra olur da ge\u00e7er, ar\u0131lar \u00fcst\u00fcnden s\u00f6yler de ge\u00e7er, bulut nemini salar da ge\u00e7er, g\u00fcne\u015f k\u0131\u015f\u0131n koyu lekelerini a\u00e7ar da ge\u00e7er, ge\u00e7er ge\u00e7er, ta\u015f her ziyaretten haberdar an\u0131n i\u00e7inde durur da ge\u00e7erdi.<\/p>\n","protected":false},"excerpt":{"rendered":"<p>\u201cBazen de bir rastgele ta\u015f \u00f6ylece b\u00fct\u00fcn k\u0131\u015f durur ve bahar\u0131n bir mor \u00e7i\u00e7ek halkas\u0131 onu \u00e7ep\u00e7evre ama sadece o ta\u015f\u0131 bir bord\u00fcrle \u00e7evrelerdi. Ta\u015f\u0131n beyaz\u0131<span class=\"excerpt-hellip\"> [\u2026]<\/span><\/p>\n","protected":false},"featured_media":0,"template":"","meta":{"_monsterinsights_skip_tracking":false,"_monsterinsights_sitenote_active":false,"_monsterinsights_sitenote_note":"","_monsterinsights_sitenote_category":0},"product_brand":[],"product_cat":[12291,12711],"product_tag":[],"class_list":{"0":"post-740980","1":"product","2":"type-product","3":"status-publish","5":"product_cat-edebiyat","6":"product_cat-roman-oyku","7":"pa_cilt-ciltsiz","8":"pa_tur-kitap","9":"pa_yayinevi-iletisim-yayinlari","10":"pa_yazar-sule-gurbuz","12":"first","13":"instock","14":"sale","15":"shipping-taxable","16":"purchasable","17":"product-type-simple"},"_links":{"self":[{"href":"https:\/\/roveyayinevi.com.tr\/index.php\/wp-json\/wp\/v2\/product\/740980","targetHints":{"allow":["GET"]}}],"collection":[{"href":"https:\/\/roveyayinevi.com.tr\/index.php\/wp-json\/wp\/v2\/product"}],"about":[{"href":"https:\/\/roveyayinevi.com.tr\/index.php\/wp-json\/wp\/v2\/types\/product"}],"wp:attachment":[{"href":"https:\/\/roveyayinevi.com.tr\/index.php\/wp-json\/wp\/v2\/media?parent=740980"}],"wp:term":[{"taxonomy":"product_brand","embeddable":true,"href":"https:\/\/roveyayinevi.com.tr\/index.php\/wp-json\/wp\/v2\/product_brand?post=740980"},{"taxonomy":"product_cat","embeddable":true,"href":"https:\/\/roveyayinevi.com.tr\/index.php\/wp-json\/wp\/v2\/product_cat?post=740980"},{"taxonomy":"product_tag","embeddable":true,"href":"https:\/\/roveyayinevi.com.tr\/index.php\/wp-json\/wp\/v2\/product_tag?post=740980"}],"curies":[{"name":"wp","href":"https:\/\/api.w.org\/{rel}","templated":true}]}}