{"id":740955,"date":"2025-08-28T00:38:34","date_gmt":"2025-08-27T21:38:34","guid":{"rendered":"https:\/\/roveyayinevi.com.tr\/index.php\/urun\/diger-taraf\/"},"modified":"2026-04-08T03:00:06","modified_gmt":"2026-04-08T00:00:06","slug":"diger-taraf","status":"publish","type":"product","link":"https:\/\/roveyayinevi.com.tr\/index.php\/urun\/diger-taraf\/","title":{"rendered":"Di\u011fer Taraf"},"content":{"rendered":"<p>\u201cGer\u00e7ek bir gerilim ve deh\u015fet ba\u015fyap\u0131t\u0131.\u201d \u2013Jeff VanderMeerSembolizm ve Ekspresyonizm ak\u0131mlar\u0131n\u0131n \u00f6nemli temsilcilerinden olan Alfred Kubin, karanl\u0131k imgelerle y\u00fckl\u00fc g\u00f6rsel \u00e7al\u0131\u015fmalar\u0131yla tan\u0131nan, Poe ve E. T. A. Hoffmann gibi yazarlar\u0131n eserleri ile tarihteki ilk fantastik korku dergisi Der Orchideengarten i\u00e7in \u00e7izimler yapan Avusturyal\u0131 bir ressam. Onun tek roman\u0131 Di\u011fer Taraf ise tuhaf kurgunun \u00f6nc\u00fclerinden biri.Claus Patera bilimsel ilerlemeden nefret eder ve \u00e7a\u011fda\u015f uygarl\u0131\u011f\u0131n yaratt\u0131\u011f\u0131 hayal k\u0131r\u0131kl\u0131\u011f\u0131na kar\u015f\u0131 bir r\u00fcya \u00fclkesi kurarak yeni bir toplumun temelini atar. Buraya sadece se\u00e7ilmi\u015f ki\u015filer davet edilir. Patera\u2019n\u0131n eski arkada\u015flar\u0131ndan olan M\u00fcnihli bir \u00e7izer de e\u015fiyle beraber bu davete icabet edenlerden biridir ve Patera\u2019n\u0131n \u0130nci adl\u0131 \u015fehirden y\u00f6netti\u011fi R\u00fcya \u00dclkesi\u2019ne vard\u0131ktan sonra hayat onun i\u00e7in yava\u015f yava\u015f bir k\u00e2busa d\u00f6n\u00fc\u015fecektir.Hayal g\u00fcc\u00fc iktidard\u0131.<\/p>\n","protected":false},"excerpt":{"rendered":"<p>\u201cGer\u00e7ek bir gerilim ve deh\u015fet ba\u015fyap\u0131t\u0131.\u201d \u2013Jeff VanderMeerSembolizm ve Ekspresyonizm ak\u0131mlar\u0131n\u0131n \u00f6nemli temsilcilerinden olan Alfred Kubin, karanl\u0131k imgelerle y\u00fckl\u00fc g\u00f6rsel \u00e7al\u0131\u015fmalar\u0131yla tan\u0131nan, Poe ve E. T.<span class=\"excerpt-hellip\"> [\u2026]<\/span><\/p>\n","protected":false},"featured_media":0,"template":"","meta":{"_monsterinsights_skip_tracking":false,"_monsterinsights_sitenote_active":false,"_monsterinsights_sitenote_note":"","_monsterinsights_sitenote_category":0},"product_brand":[],"product_cat":[12291,12711],"product_tag":[],"class_list":{"0":"post-740955","1":"product","2":"type-product","3":"status-publish","5":"product_cat-edebiyat","6":"product_cat-roman-oyku","7":"pa_cilt-ciltsiz","8":"pa_tur-kitap","9":"pa_yayinevi-ithaki-yayinlari","10":"pa_yazar-alfred-kubin","12":"first","13":"instock","14":"sale","15":"shipping-taxable","16":"purchasable","17":"product-type-simple"},"_links":{"self":[{"href":"https:\/\/roveyayinevi.com.tr\/index.php\/wp-json\/wp\/v2\/product\/740955","targetHints":{"allow":["GET"]}}],"collection":[{"href":"https:\/\/roveyayinevi.com.tr\/index.php\/wp-json\/wp\/v2\/product"}],"about":[{"href":"https:\/\/roveyayinevi.com.tr\/index.php\/wp-json\/wp\/v2\/types\/product"}],"wp:attachment":[{"href":"https:\/\/roveyayinevi.com.tr\/index.php\/wp-json\/wp\/v2\/media?parent=740955"}],"wp:term":[{"taxonomy":"product_brand","embeddable":true,"href":"https:\/\/roveyayinevi.com.tr\/index.php\/wp-json\/wp\/v2\/product_brand?post=740955"},{"taxonomy":"product_cat","embeddable":true,"href":"https:\/\/roveyayinevi.com.tr\/index.php\/wp-json\/wp\/v2\/product_cat?post=740955"},{"taxonomy":"product_tag","embeddable":true,"href":"https:\/\/roveyayinevi.com.tr\/index.php\/wp-json\/wp\/v2\/product_tag?post=740955"}],"curies":[{"name":"wp","href":"https:\/\/api.w.org\/{rel}","templated":true}]}}