{"id":740944,"date":"2025-08-28T00:38:20","date_gmt":"2025-08-27T21:38:20","guid":{"rendered":"https:\/\/roveyayinevi.com.tr\/index.php\/urun\/duvarin-icinden\/"},"modified":"2026-04-16T02:52:07","modified_gmt":"2026-04-15T23:52:07","slug":"duvarin-icinden","status":"publish","type":"product","link":"https:\/\/roveyayinevi.com.tr\/index.php\/urun\/duvarin-icinden\/","title":{"rendered":"Duvar\u0131n \u0130\u00e7inden"},"content":{"rendered":"<p>Bu &#8220;\u00e7izgi \u00fcst\u00fc&#8221; kitap dostlu\u011fun g\u00fcc\u00fc ve t\u00fcm ayr\u0131\u015ft\u0131rmalar\u0131n \u00f6tesine ge\u00e7me potansiyeli hakk\u0131nda&#8230; Devasa duvar\u0131n bir taraf\u0131nda ya\u015f\u0131yordu \u00e7ocuk &#8230; Duvar\u0131n g\u00f6lgesindeki d\u00fcnya h\u00fcz\u00fcnl\u00fcyd\u00fc; sanki herkes hi\u00e7 durmadan \u00f6b\u00fcr tarafta ya\u015fayanlar\u0131 k\u00f6t\u00fcl\u00fcyor gibiydi&#8230; &#8220;X-Men&#8221; ve &#8220;Defiance&#8221; serileri ba\u015fta olmak \u00fczere pek \u00e7ok televizyon dizisi ve bilgisayar oyunu i\u00e7in tasar\u0131mlar \u00fcreten Jonathan Standing&#8217;in ilk kitab\u0131 Duvar\u0131n \u0130\u00e7inden, ola\u011fan\u00fcst\u00fc \u00e7izimleriyle her ya\u015ftan okuru ayr\u0131mc\u0131l\u0131kla m\u00fccadeleye \u00e7a\u011f\u0131r\u0131yor<\/p>\n","protected":false},"excerpt":{"rendered":"<p>Bu &#8220;\u00e7izgi \u00fcst\u00fc&#8221; kitap dostlu\u011fun g\u00fcc\u00fc ve t\u00fcm ayr\u0131\u015ft\u0131rmalar\u0131n \u00f6tesine ge\u00e7me potansiyeli hakk\u0131nda&#8230; Devasa duvar\u0131n bir taraf\u0131nda ya\u015f\u0131yordu \u00e7ocuk &#8230; Duvar\u0131n g\u00f6lgesindeki d\u00fcnya h\u00fcz\u00fcnl\u00fcyd\u00fc; sanki herkes<span class=\"excerpt-hellip\"> [\u2026]<\/span><\/p>\n","protected":false},"featured_media":0,"template":"","meta":{"_monsterinsights_skip_tracking":false,"_monsterinsights_sitenote_active":false,"_monsterinsights_sitenote_note":"","_monsterinsights_sitenote_category":0},"product_brand":[],"product_cat":[12274,12284],"product_tag":[],"class_list":{"0":"post-740944","1":"product","2":"type-product","3":"status-publish","5":"product_cat-cocuk-ve-genclik-kitaplari","6":"product_cat-hikayeler","7":"pa_cilt-ciltsiz","8":"pa_tur-kitap","9":"pa_yayinevi-hayalkurdu","10":"pa_yazar-jonathan-standing","12":"first","13":"instock","14":"sale","15":"shipping-taxable","16":"purchasable","17":"product-type-simple"},"_links":{"self":[{"href":"https:\/\/roveyayinevi.com.tr\/index.php\/wp-json\/wp\/v2\/product\/740944","targetHints":{"allow":["GET"]}}],"collection":[{"href":"https:\/\/roveyayinevi.com.tr\/index.php\/wp-json\/wp\/v2\/product"}],"about":[{"href":"https:\/\/roveyayinevi.com.tr\/index.php\/wp-json\/wp\/v2\/types\/product"}],"wp:attachment":[{"href":"https:\/\/roveyayinevi.com.tr\/index.php\/wp-json\/wp\/v2\/media?parent=740944"}],"wp:term":[{"taxonomy":"product_brand","embeddable":true,"href":"https:\/\/roveyayinevi.com.tr\/index.php\/wp-json\/wp\/v2\/product_brand?post=740944"},{"taxonomy":"product_cat","embeddable":true,"href":"https:\/\/roveyayinevi.com.tr\/index.php\/wp-json\/wp\/v2\/product_cat?post=740944"},{"taxonomy":"product_tag","embeddable":true,"href":"https:\/\/roveyayinevi.com.tr\/index.php\/wp-json\/wp\/v2\/product_tag?post=740944"}],"curies":[{"name":"wp","href":"https:\/\/api.w.org\/{rel}","templated":true}]}}