{"id":740940,"date":"2025-08-28T00:38:15","date_gmt":"2025-08-27T21:38:15","guid":{"rendered":"https:\/\/roveyayinevi.com.tr\/index.php\/urun\/bonnie-ile-mortimer-okula-harika-bir-donus\/"},"modified":"2026-04-05T02:57:03","modified_gmt":"2026-04-04T23:57:03","slug":"bonnie-ile-mortimer-okula-harika-bir-donus","status":"publish","type":"product","link":"https:\/\/roveyayinevi.com.tr\/index.php\/urun\/bonnie-ile-mortimer-okula-harika-bir-donus\/","title":{"rendered":"Bonnie ile Mortimer Okula Harika Bir D\u00f6n\u00fc\u015f"},"content":{"rendered":"<p>H\u0131nz\u0131r, ha\u015far\u0131, fazlas\u0131yla zeki, \u00fcstelik g\u00f6r\u00fcn\u00fc\u015fleri di\u011ferlerinden olduk\u00e7a farkl\u0131! \u00c7\u0131lg\u0131n ikili Bonnie ve Mortimer&#8217;le hen\u00fcz tan\u0131\u015fmad\u0131n\u0131z m\u0131? Okulun ilk g\u00fcn\u00fc yeni bir s\u0131n\u0131fta ayn\u0131 s\u0131raya d\u00fc\u015fen &#8220;dev kadar uzun, di\u015f telli&#8221; Bonnie ile &#8220;havu\u00e7 kafal\u0131, d\u00f6rt g\u00f6zl\u00fc&#8221; Mortimer ba\u015fta birbirlerinden ho\u015flanmasa da asl\u0131nda ne kadar uyumlu bir ikili olacaklar\u0131n\u0131 zaman i\u00e7inde, ya\u015fayarak \u00f6\u011freniyorlar.\u00d6d\u00fcll\u00fc yazar Agnes Cathala&#8217;n\u0131n kaleminden, okuma d\u00fczeyini geli\u015ftirici c\u00fcmle yap\u0131lar\u0131yla yeni okurlar i\u00e7in k\u0131p\u0131r k\u0131p\u0131r bir macera sunan Okula Harika Bir D\u00f6n\u00fc\u015f&#8217;\u00fcn e\u011flenceli \u00e7izimleri Clement Devaux&#8217;ya ait.<\/p>\n","protected":false},"excerpt":{"rendered":"<p>H\u0131nz\u0131r, ha\u015far\u0131, fazlas\u0131yla zeki, \u00fcstelik g\u00f6r\u00fcn\u00fc\u015fleri di\u011ferlerinden olduk\u00e7a farkl\u0131! \u00c7\u0131lg\u0131n ikili Bonnie ve Mortimer&#8217;le hen\u00fcz tan\u0131\u015fmad\u0131n\u0131z m\u0131? Okulun ilk g\u00fcn\u00fc yeni bir s\u0131n\u0131fta ayn\u0131 s\u0131raya d\u00fc\u015fen<span class=\"excerpt-hellip\"> [\u2026]<\/span><\/p>\n","protected":false},"featured_media":0,"template":"","meta":{"_monsterinsights_skip_tracking":false,"_monsterinsights_sitenote_active":false,"_monsterinsights_sitenote_note":"","_monsterinsights_sitenote_category":0},"product_brand":[],"product_cat":[12274,12284],"product_tag":[],"class_list":{"0":"post-740940","1":"product","2":"type-product","3":"status-publish","5":"product_cat-cocuk-ve-genclik-kitaplari","6":"product_cat-hikayeler","7":"pa_cilt-ciltsiz","8":"pa_tur-kitap","9":"pa_yayinevi-hayalkurdu","10":"pa_yazar-agnes-cathala","12":"first","13":"instock","14":"sale","15":"shipping-taxable","16":"purchasable","17":"product-type-simple"},"_links":{"self":[{"href":"https:\/\/roveyayinevi.com.tr\/index.php\/wp-json\/wp\/v2\/product\/740940","targetHints":{"allow":["GET"]}}],"collection":[{"href":"https:\/\/roveyayinevi.com.tr\/index.php\/wp-json\/wp\/v2\/product"}],"about":[{"href":"https:\/\/roveyayinevi.com.tr\/index.php\/wp-json\/wp\/v2\/types\/product"}],"wp:attachment":[{"href":"https:\/\/roveyayinevi.com.tr\/index.php\/wp-json\/wp\/v2\/media?parent=740940"}],"wp:term":[{"taxonomy":"product_brand","embeddable":true,"href":"https:\/\/roveyayinevi.com.tr\/index.php\/wp-json\/wp\/v2\/product_brand?post=740940"},{"taxonomy":"product_cat","embeddable":true,"href":"https:\/\/roveyayinevi.com.tr\/index.php\/wp-json\/wp\/v2\/product_cat?post=740940"},{"taxonomy":"product_tag","embeddable":true,"href":"https:\/\/roveyayinevi.com.tr\/index.php\/wp-json\/wp\/v2\/product_tag?post=740940"}],"curies":[{"name":"wp","href":"https:\/\/api.w.org\/{rel}","templated":true}]}}