{"id":740939,"date":"2025-08-28T00:38:14","date_gmt":"2025-08-27T21:38:14","guid":{"rendered":"https:\/\/roveyayinevi.com.tr\/index.php\/urun\/becky-breinstein-sokratesin-zehir-kadehi\/"},"modified":"2026-04-16T02:52:07","modified_gmt":"2026-04-15T23:52:07","slug":"becky-breinstein-sokratesin-zehir-kadehi","status":"publish","type":"product","link":"https:\/\/roveyayinevi.com.tr\/index.php\/urun\/becky-breinstein-sokratesin-zehir-kadehi\/","title":{"rendered":"Becky Breinstein Sokrates\u2019in Zehir Kadehi"},"content":{"rendered":"<p>Becky Breinstein, iki s\u0131n\u0131f birden atlayarak s\u00fcrd\u00fcrd\u00fc\u011f\u00fc e\u011fitim ya\u015fam\u0131nda ve do\u011fup b\u00fcy\u00fcd\u00fc\u011f\u00fc kasabada olup bitenden rahats\u0131zd\u0131. Herkesin ayn\u0131 \u015feylerden ho\u015flan\u0131p ayn\u0131 etkinlikleri yapmas\u0131 ona tuhaf geliyordu. \u00c7\u00fcnk\u00fc Becky fark\u0131nda olmasa da felsefece d\u00fc\u015f\u00fcnmeyi \u00f6\u011frenmi\u015f, ya\u015fama sorular y\u00f6nelten bir \u00e7ocuk. \u00dcstelik g\u00f6r\u00fcnenlerle yetinmeyip olan bitenin arkas\u0131nda yatanlar\u0131 t\u00fcm d\u00fcnyaya \u00f6\u011fretmeye de kararl\u0131. Sokrates\u2019in Zehir Kadehi, Becky\u2019nin felsefe yolculu\u011funun ilk kitab\u0131. Platon\u2019un ma\u011faras\u0131ndan kendimizi hapsetti\u011fimiz ak\u0131ll\u0131 cihaz ma\u011faralar\u0131na uzanan bu ser\u00fcvende Becky\u2019ye yol g\u00f6steren ise Sokrates\u2019in ta kendisi. Haydi siz de Becky Breinstein\u2019\u0131n \u00e7\u0131lg\u0131n d\u00fcnyas\u0131na kat\u0131l\u0131n ve felsefenin hayat\u0131 nas\u0131l da renklendirdi\u011fine tan\u0131k olun.<\/p>\n","protected":false},"excerpt":{"rendered":"<p>Becky Breinstein, iki s\u0131n\u0131f birden atlayarak s\u00fcrd\u00fcrd\u00fc\u011f\u00fc e\u011fitim ya\u015fam\u0131nda ve do\u011fup b\u00fcy\u00fcd\u00fc\u011f\u00fc kasabada olup bitenden rahats\u0131zd\u0131. Herkesin ayn\u0131 \u015feylerden ho\u015flan\u0131p ayn\u0131 etkinlikleri yapmas\u0131 ona tuhaf geliyordu.<span class=\"excerpt-hellip\"> [\u2026]<\/span><\/p>\n","protected":false},"featured_media":0,"template":"","meta":{"_monsterinsights_skip_tracking":false,"_monsterinsights_sitenote_active":false,"_monsterinsights_sitenote_note":"","_monsterinsights_sitenote_category":0},"product_brand":[],"product_cat":[12274,12284],"product_tag":[],"class_list":{"0":"post-740939","1":"product","2":"type-product","3":"status-publish","5":"product_cat-cocuk-ve-genclik-kitaplari","6":"product_cat-hikayeler","7":"pa_cilt-ciltsiz","8":"pa_tur-kitap","9":"pa_yayinevi-hayalkurdu","10":"pa_yazar-marc-van-dijk-sander-ter-steege","12":"first","13":"instock","14":"sale","15":"shipping-taxable","16":"purchasable","17":"product-type-simple"},"_links":{"self":[{"href":"https:\/\/roveyayinevi.com.tr\/index.php\/wp-json\/wp\/v2\/product\/740939","targetHints":{"allow":["GET"]}}],"collection":[{"href":"https:\/\/roveyayinevi.com.tr\/index.php\/wp-json\/wp\/v2\/product"}],"about":[{"href":"https:\/\/roveyayinevi.com.tr\/index.php\/wp-json\/wp\/v2\/types\/product"}],"wp:attachment":[{"href":"https:\/\/roveyayinevi.com.tr\/index.php\/wp-json\/wp\/v2\/media?parent=740939"}],"wp:term":[{"taxonomy":"product_brand","embeddable":true,"href":"https:\/\/roveyayinevi.com.tr\/index.php\/wp-json\/wp\/v2\/product_brand?post=740939"},{"taxonomy":"product_cat","embeddable":true,"href":"https:\/\/roveyayinevi.com.tr\/index.php\/wp-json\/wp\/v2\/product_cat?post=740939"},{"taxonomy":"product_tag","embeddable":true,"href":"https:\/\/roveyayinevi.com.tr\/index.php\/wp-json\/wp\/v2\/product_tag?post=740939"}],"curies":[{"name":"wp","href":"https:\/\/api.w.org\/{rel}","templated":true}]}}