{"id":740935,"date":"2025-08-28T00:38:08","date_gmt":"2025-08-27T21:38:08","guid":{"rendered":"https:\/\/roveyayinevi.com.tr\/index.php\/urun\/dr-halil-rifat-bey\/"},"modified":"2026-04-12T02:56:33","modified_gmt":"2026-04-11T23:56:33","slug":"dr-halil-rifat-bey","status":"publish","type":"product","link":"https:\/\/roveyayinevi.com.tr\/index.php\/urun\/dr-halil-rifat-bey\/","title":{"rendered":"Dr. Halil R\u0131fat Bey"},"content":{"rendered":"<p>\u0130dealist bir hekim olan Dr. Halil R\u0131fat Bey, k\u00f6\u015fklerde b\u00fcy\u00fcm\u00fc\u015f, bir pa\u015fa k\u0131z\u0131 olan e\u015fi Mehve\u015f Han\u0131m ve d\u00f6rt \u00e7ocu\u011fuyla birlikte Kurtulu\u015f Sava\u015f\u0131\u2019na kat\u0131l\u0131yor. Sava\u015f y\u0131llar\u0131 boyunca \u0130stanbul\u2019da kal\u0131p varl\u0131kl\u0131 insanlar\u0131n hekimli\u011fini yaparak ve saraya yak\u0131n akrabalar\u0131n\u0131n n\u00fcfuzu kullanarak \u00e7ok para kazanabilecekken ba\u015fka bir yol se\u00e7iyor, e\u015fi ve d\u00f6rt \u00e7ocu\u011fuyla birlikte Kurtulu\u015f Sava\u015f\u0131\u2019na kat\u0131l\u0131p gazi oluyor.Halil R\u0131fat Bey\u2019in en b\u00fcy\u00fck emeli vatan\u0131n hem d\u00fc\u015fmandan hem de cehaletten kurtulu\u015funu g\u00f6rmek. \u00c7ocuklar\u0131na kendi ideallerini a\u015f\u0131lamay\u0131, birer vatansever olarak yeti\u015fmelerini istiyor.\u00dcmit etti\u011fi g\u00fczel g\u00fcnleri g\u00f6rebilecek miydi? \u00dclkesi, kendi gibi ayd\u0131nlar\u0131n \u00e7abalar\u0131yla, y\u00fckselecek miydi?Bilimsel kitaplar\u0131 ve makaleleriyle tan\u0131nan Prof. Dr. V. Necla Geyikda\u011f\u0131, elinizdeki kitab\u0131nda \u201cme\u00e7hul bir kahraman\u0131n\u201d ve bir ailenin \u00f6yk\u00fcs\u00fcn\u00fc anlat\u0131yor.<\/p>\n","protected":false},"excerpt":{"rendered":"<p>\u0130dealist bir hekim olan Dr. Halil R\u0131fat Bey, k\u00f6\u015fklerde b\u00fcy\u00fcm\u00fc\u015f, bir pa\u015fa k\u0131z\u0131 olan e\u015fi Mehve\u015f Han\u0131m ve d\u00f6rt \u00e7ocu\u011fuyla birlikte Kurtulu\u015f Sava\u015f\u0131\u2019na kat\u0131l\u0131yor. Sava\u015f y\u0131llar\u0131<span class=\"excerpt-hellip\"> [\u2026]<\/span><\/p>\n","protected":false},"featured_media":0,"template":"","meta":{"_monsterinsights_skip_tracking":false,"_monsterinsights_sitenote_active":false,"_monsterinsights_sitenote_note":"","_monsterinsights_sitenote_category":0},"product_brand":[],"product_cat":[12291,12711],"product_tag":[],"class_list":{"0":"post-740935","1":"product","2":"type-product","3":"status-publish","5":"product_cat-edebiyat","6":"product_cat-roman-oyku","7":"pa_cilt-ciltsiz","8":"pa_tur-kitap","9":"pa_yayinevi-uyum-yayinlari","10":"pa_yazar-v-necla-geyikdagi","12":"first","13":"instock","14":"sale","15":"shipping-taxable","16":"purchasable","17":"product-type-simple"},"_links":{"self":[{"href":"https:\/\/roveyayinevi.com.tr\/index.php\/wp-json\/wp\/v2\/product\/740935","targetHints":{"allow":["GET"]}}],"collection":[{"href":"https:\/\/roveyayinevi.com.tr\/index.php\/wp-json\/wp\/v2\/product"}],"about":[{"href":"https:\/\/roveyayinevi.com.tr\/index.php\/wp-json\/wp\/v2\/types\/product"}],"wp:attachment":[{"href":"https:\/\/roveyayinevi.com.tr\/index.php\/wp-json\/wp\/v2\/media?parent=740935"}],"wp:term":[{"taxonomy":"product_brand","embeddable":true,"href":"https:\/\/roveyayinevi.com.tr\/index.php\/wp-json\/wp\/v2\/product_brand?post=740935"},{"taxonomy":"product_cat","embeddable":true,"href":"https:\/\/roveyayinevi.com.tr\/index.php\/wp-json\/wp\/v2\/product_cat?post=740935"},{"taxonomy":"product_tag","embeddable":true,"href":"https:\/\/roveyayinevi.com.tr\/index.php\/wp-json\/wp\/v2\/product_tag?post=740935"}],"curies":[{"name":"wp","href":"https:\/\/api.w.org\/{rel}","templated":true}]}}