{"id":740931,"date":"2025-08-28T00:38:03","date_gmt":"2025-08-27T21:38:03","guid":{"rendered":"https:\/\/roveyayinevi.com.tr\/index.php\/urun\/film-oykuleri\/"},"modified":"2026-04-16T02:52:07","modified_gmt":"2026-04-15T23:52:07","slug":"film-oykuleri","status":"publish","type":"product","link":"https:\/\/roveyayinevi.com.tr\/index.php\/urun\/film-oykuleri\/","title":{"rendered":"Film \u00d6yk\u00fcleri"},"content":{"rendered":"<p>Ayak bileklerinden zincirli bir kad\u0131n&#8230;Tuzakla kafes aras\u0131nda s\u0131k\u0131\u015fm\u0131\u015f bir tilki&#8230;Sevgilisinin \u00f6l\u00fcmc\u00fcl hastal\u0131\u011f\u0131na \u00e7are bulmaya \u00e7al\u0131\u015f\u0131yor bir adam.Ringte at\u0131lan yumruklar ge\u00e7mi\u015fin ac\u0131lar\u0131na savruluyor.D\u00f6rt rauntluk bir hik\u00e2ye silsilesi bu.D\u00f6rt ayr\u0131 film \u00f6yk\u00fcs\u00fc.Sinema d\u00fcnyas\u0131n\u0131n yetkin kalemi Selami Genli, filmlerini izlenesi bir anlat\u0131yla yaz\u0131yor bu kez.Beyaz perdeye yans\u0131yacak g\u00f6r\u00fcnt\u00fclerbeyaz k\u00e2\u011f\u0131tlar\u0131n i\u00e7ini dolduruyor.D\u00f6rt b\u00fcy\u00fck hik\u00e2ye tek kitapta.D\u00f6rt film bir arada.Seanslar\u0131 se\u00e7mek size kalm\u0131\u015f.<\/p>\n","protected":false},"excerpt":{"rendered":"<p>Ayak bileklerinden zincirli bir kad\u0131n&#8230;Tuzakla kafes aras\u0131nda s\u0131k\u0131\u015fm\u0131\u015f bir tilki&#8230;Sevgilisinin \u00f6l\u00fcmc\u00fcl hastal\u0131\u011f\u0131na \u00e7are bulmaya \u00e7al\u0131\u015f\u0131yor bir adam.Ringte at\u0131lan yumruklar ge\u00e7mi\u015fin ac\u0131lar\u0131na savruluyor.D\u00f6rt rauntluk bir hik\u00e2ye silsilesi<span class=\"excerpt-hellip\"> [\u2026]<\/span><\/p>\n","protected":false},"featured_media":0,"template":"","meta":{"_monsterinsights_skip_tracking":false,"_monsterinsights_sitenote_active":false,"_monsterinsights_sitenote_note":"","_monsterinsights_sitenote_category":0},"product_brand":[],"product_cat":[12291,12711],"product_tag":[],"class_list":{"0":"post-740931","1":"product","2":"type-product","3":"status-publish","5":"product_cat-edebiyat","6":"product_cat-roman-oyku","7":"pa_cilt-ciltsiz","8":"pa_tur-kitap","9":"pa_yayinevi-sapiens-yayinlari","10":"pa_yazar-selami-genli","12":"first","13":"instock","14":"sale","15":"shipping-taxable","16":"purchasable","17":"product-type-simple"},"_links":{"self":[{"href":"https:\/\/roveyayinevi.com.tr\/index.php\/wp-json\/wp\/v2\/product\/740931","targetHints":{"allow":["GET"]}}],"collection":[{"href":"https:\/\/roveyayinevi.com.tr\/index.php\/wp-json\/wp\/v2\/product"}],"about":[{"href":"https:\/\/roveyayinevi.com.tr\/index.php\/wp-json\/wp\/v2\/types\/product"}],"wp:attachment":[{"href":"https:\/\/roveyayinevi.com.tr\/index.php\/wp-json\/wp\/v2\/media?parent=740931"}],"wp:term":[{"taxonomy":"product_brand","embeddable":true,"href":"https:\/\/roveyayinevi.com.tr\/index.php\/wp-json\/wp\/v2\/product_brand?post=740931"},{"taxonomy":"product_cat","embeddable":true,"href":"https:\/\/roveyayinevi.com.tr\/index.php\/wp-json\/wp\/v2\/product_cat?post=740931"},{"taxonomy":"product_tag","embeddable":true,"href":"https:\/\/roveyayinevi.com.tr\/index.php\/wp-json\/wp\/v2\/product_tag?post=740931"}],"curies":[{"name":"wp","href":"https:\/\/api.w.org\/{rel}","templated":true}]}}