{"id":740909,"date":"2025-08-28T00:37:38","date_gmt":"2025-08-27T21:37:38","guid":{"rendered":"https:\/\/roveyayinevi.com.tr\/index.php\/urun\/borderline-kisilik-bozuklugu-tedavisinde-iyi-psikiyatrik-yonetim-modeli-el-kitabi\/"},"modified":"2026-04-16T02:52:06","modified_gmt":"2026-04-15T23:52:06","slug":"borderline-kisilik-bozuklugu-tedavisinde-iyi-psikiyatrik-yonetim-modeli-el-kitabi","status":"publish","type":"product","link":"https:\/\/roveyayinevi.com.tr\/index.php\/urun\/borderline-kisilik-bozuklugu-tedavisinde-iyi-psikiyatrik-yonetim-modeli-el-kitabi\/","title":{"rendered":"Borderline Ki\u015filik Bozuklu\u011fu Tedavisinde \u0130yi Psikiyatrik Y\u00f6netim Modeli El Kitab\u0131"},"content":{"rendered":"<p>Borderline Ki\u015filik Bozuklu\u011funun Tedavisini Kolayla\u015ft\u0131r\u0131c\u0131 Teknikler\u00c7o\u011fu ruh sa\u011fl\u0131\u011f\u0131 profesyonelinin borderline ki\u015filik bozuklu\u011funu tedavi etme konusunda e\u011fitim, heves ve \u00f6zg\u00fcven eksikli\u011fi vard\u0131r. Bunun nedeni, k\u0131smen bu tedavinin m\u00fcmk\u00fcn olmad\u0131\u011f\u0131na dair mitlere, k\u0131smen de bunun zorlu bir tedavi oldu\u011fu ger\u00e7e\u011fine dayan\u0131r. Bu kitab\u0131n amac\u0131, ruh sa\u011fl\u0131\u011f\u0131 profesyonellerine, borderline ki\u015filik bozuklu\u011funu yetkin bir \u015fekilde tedavi etmeleri ve bunu iyi bir \u015fekilde yapmaktan doyum sa\u011flamalar\u0131 i\u00e7in \u201cyeterince iyi\u201d olabilecekleri bir terap\u00f6tik yakla\u015f\u0131mla \u201cNe yapmal\u0131?\u201d, \u201cNas\u0131l yapmal\u0131?\u201d ve \u201cNe yapmamal\u0131?\u201d sorular\u0131n\u0131n tedaviyi kolayla\u015ft\u0131r\u0131c\u0131 yan\u0131tlar\u0131n\u0131 sa\u011flamakt\u0131r&#8230;- John G. Gunderson, Harvard T\u0131p Fak\u00fcltesi Psikiyatri Profes\u00f6r\u00fcBorderline Ki\u015filik Bozuklu\u011fu Tedavisinde \u00c7\u0131\u011f\u0131r A\u00e7an Bir Yakla\u015f\u0131m: &#8220;\u0130yi Psikiyatrik Y\u00f6netim Modeli&#8221;\u0130ngilizce orijinali \u00fcyesi oldu\u011fum Amerikan Psikiyatri Derne\u011fi (APA) taraf\u0131ndan yay\u0131nlanan bu kitap, borderline ki\u015filik bozuklu\u011funun tedavisi konusunda \u00f6nde gelen otoritelerden biri olarak kabul edilen Prof. Gunderson\u2019\u0131n geli\u015ftirdi\u011fi \u00e7\u0131\u011f\u0131r a\u00e7an bir yakla\u015f\u0131m olan \u201c\u0130yi Psikiyatrik Y\u00f6netim\u201d modelinin nas\u0131l kullan\u0131laca\u011f\u0131n\u0131 t\u00fcm ayr\u0131nt\u0131lar\u0131yla anlatan bir rehberdir. Ruh sa\u011fl\u0131\u011f\u0131 profesyonellerinin borderline ki\u015filik bozuklu\u011funun etkili tedavisi i\u00e7in ihtiya\u00e7 duyduklar\u0131 temel bilgiler, k\u0131lavuz ilkeler ve tekniklerin yan\u0131 s\u0131ra, ger\u00e7ek vaka \u00f6rnekleriyle tedavi s\u00fcrecinin ad\u0131m ad\u0131m de\u011ferlendirilmesini i\u00e7ermektedir&#8230;- Cem Ke\u00e7e, Psikoterapist &amp; YazarBorderline Ki\u015filik Tedavisinde Yeni Bir UmutBorderline ki\u015filik bozuklu\u011fu konusunda d\u00fcnyaca \u00fcnl\u00fc bir uzman olan Prof. Gunderson, akademik bilgeli\u011fi ve klinik ustal\u0131\u011f\u0131yla geli\u015ftirdi\u011fi tedavi modeliyle bu zorlu ki\u015filik bozuklu\u011funu gerek psikoterapistler ve hekimler gerekse dan\u0131\u015fanlar i\u00e7in a\u015f\u0131lmaz bir engel olmaktan \u00e7\u0131karacak yeni bir ufuk a\u00e7\u0131yor&#8230;- Uluslararas\u0131 Entegratif Kognitif Psikoterapi Enstit\u00fcs\u00fc (IICPI)<\/p>\n","protected":false},"excerpt":{"rendered":"<p>Borderline Ki\u015filik Bozuklu\u011funun Tedavisini Kolayla\u015ft\u0131r\u0131c\u0131 Teknikler\u00c7o\u011fu ruh sa\u011fl\u0131\u011f\u0131 profesyonelinin borderline ki\u015filik bozuklu\u011funu tedavi etme konusunda e\u011fitim, heves ve \u00f6zg\u00fcven eksikli\u011fi vard\u0131r. Bunun nedeni, k\u0131smen bu tedavinin<span class=\"excerpt-hellip\"> [\u2026]<\/span><\/p>\n","protected":false},"featured_media":0,"template":"","meta":{"_monsterinsights_skip_tracking":false,"_monsterinsights_sitenote_active":false,"_monsterinsights_sitenote_note":"","_monsterinsights_sitenote_category":0},"product_brand":[],"product_cat":[12755,12357],"product_tag":[],"class_list":{"0":"post-740909","1":"product","2":"type-product","3":"status-publish","5":"product_cat-gelisim-psikolojisi","6":"product_cat-psikoloji","7":"pa_cilt-ciltsiz","8":"pa_tur-kitap","9":"pa_yayinevi-pusula-yayinevi-ankara","10":"pa_yazar-john-g-gunderson","12":"first","13":"instock","14":"sale","15":"shipping-taxable","16":"purchasable","17":"product-type-simple"},"_links":{"self":[{"href":"https:\/\/roveyayinevi.com.tr\/index.php\/wp-json\/wp\/v2\/product\/740909","targetHints":{"allow":["GET"]}}],"collection":[{"href":"https:\/\/roveyayinevi.com.tr\/index.php\/wp-json\/wp\/v2\/product"}],"about":[{"href":"https:\/\/roveyayinevi.com.tr\/index.php\/wp-json\/wp\/v2\/types\/product"}],"wp:attachment":[{"href":"https:\/\/roveyayinevi.com.tr\/index.php\/wp-json\/wp\/v2\/media?parent=740909"}],"wp:term":[{"taxonomy":"product_brand","embeddable":true,"href":"https:\/\/roveyayinevi.com.tr\/index.php\/wp-json\/wp\/v2\/product_brand?post=740909"},{"taxonomy":"product_cat","embeddable":true,"href":"https:\/\/roveyayinevi.com.tr\/index.php\/wp-json\/wp\/v2\/product_cat?post=740909"},{"taxonomy":"product_tag","embeddable":true,"href":"https:\/\/roveyayinevi.com.tr\/index.php\/wp-json\/wp\/v2\/product_tag?post=740909"}],"curies":[{"name":"wp","href":"https:\/\/api.w.org\/{rel}","templated":true}]}}