{"id":740908,"date":"2025-08-28T00:37:37","date_gmt":"2025-08-27T21:37:37","guid":{"rendered":"https:\/\/roveyayinevi.com.tr\/index.php\/urun\/hipnozun-kitabi\/"},"modified":"2026-04-16T02:52:06","modified_gmt":"2026-04-15T23:52:06","slug":"hipnozun-kitabi","status":"publish","type":"product","link":"https:\/\/roveyayinevi.com.tr\/index.php\/urun\/hipnozun-kitabi\/","title":{"rendered":"Hipnozun Kitab\u0131"},"content":{"rendered":"<p>&#8220;Ayakta uyutulmak istemeyenler i\u00e7in&#8221;En kapsaml\u0131 hipnoz kitab\u0131&#8230;\u00dclkemizin en se\u00e7kin yazarlar\u0131ndan biri olan Hipnoterapist Uz. Dr. B\u00fclent Uran &#8220;Hipnozun Kitab\u0131&#8221; adl\u0131 eserinde temel ve ileri hipnoz e\u011fitimlerinde payla\u015ft\u0131\u011f\u0131 bilgileri sizler i\u00e7in derledi. Hipnoz i\u00e7in ba\u015fucu kayna\u011f\u0131 olan &#8220;Hipnozun Kitab\u0131&#8221; hipnoz bilim ve sanat\u0131na, di\u011fer hipnozla ilgili yaz\u0131lm\u0131\u015f kitaplardan \u00e7ok daha net anla\u015f\u0131l\u0131r ay\u0131r\u0131m ve tan\u0131mlar getirerek okuyucunun hipnozun ne oldu\u011funu  anlamas\u0131n\u0131 sa\u011fl\u0131yor. Ayr\u0131ca bu alanda \u00e7al\u0131\u015fma yapmak isteyenlere, temel hipnotik, trans yaratma tekniklerini tekniklerini hipnotik iyile\u015fme ara\u00e7lar\u0131n\u0131 ve bunlar\u0131 birlikte kullanma stratejilerini anlat\u0131yor. Son b\u00f6l\u00fcmde \u00fclkemizde hipnozun i\u00e7inde bulundu\u011fu karma\u015fa tart\u0131\u015fmaya a\u00e7\u0131l\u0131yor ve bu mevcut kaostan nas\u0131l \u00e7\u0131k\u0131laca\u011f\u0131 ile ilgili yurt d\u0131\u015f\u0131ndaki uygulamalardan \u00f6rnekler verilerek yol g\u00f6sterilmeye \u00e7al\u0131\u015f\u0131l\u0131yor.Hipnoz nedir?S\u00f6z, bak\u0131\u015f, halay g\u00fcc\u00fc yada baz\u0131 yard\u0131mc\u0131 nesneler kullan\u0131larak telkin gibi tekniklerle olu\u015fturulan ki\u015finin duygu, d\u00fc\u015f\u00fcnce alg\u0131 ve bellek i\u015flevlerinde de\u011fi\u015fikliklerin ger\u00e7ekle\u015ftirilebildi\u011fi \u00e7ok \u00f6zel bilin\u00e7 durumuna hipnoz ad\u0131 veriliyor. Hipnoz tamamen beynin do\u011fal i\u015flevlerinden bir tanesi&#8230; Hipnoz bilin\u00e7d\u0131\u015f\u0131na a\u00e7\u0131lan bir kap\u0131&#8230; \u0130yi bir terapist bu kap\u0131dan i\u00e7eri girebiliyor ve \u00e7e\u015fitli ruhsal ve bedensel sorunlara, k\u00f6t\u00fc huylara veya al\u0131\u015fkanl\u0131klara yol a\u00e7an ve \u00e7ocuklukta hatta bazen do\u011fmadan \u00f6nce oraya yerle\u015fmi\u015f yanl\u0131\u015f bilgileri inan\u00e7lar\u0131 d\u00fc\u015f\u00fcceleri, alg\u0131lamalar\u0131 bulabiliyor ve de\u011fi\u015ftirebiliyor. Bu nedenle hipnoz g\u00fcn\u00fcm\u00fcz d\u00fcnayas\u0131nda ya\u015fam\u0131 daha iyiye g\u00f6t\u00fcrmek i\u00e7in en yararl\u0131 ara\u00e7lar\u0131n ba\u015f\u0131nda geliyor. &#8220;Hipnozun Kitab\u0131&#8221; ara\u015ft\u0131rmaya ilgi duyan ve ya\u015famlar\u0131n\u0131 kontrol alt\u0131na almak isteyen herkes i\u00e7in okunmas\u0131 gerekli olan kitaplar\u0131n en \u00f6nemlilerinden biri olarak dikkati \u00e7ekiyor.Hipnoz uyku de\u011fil&#8230;Hipnozdaki ki\u015fi uyan\u0131k bir halde farkl\u0131 bir deneyim ya\u015f\u0131yor, hipnoz uygulayan ki\u015finin  t\u00fcm s\u00f6zlerini duyabiliyor, anlatabiliyor ve hatta yarg\u0131lay\u0131p sorulara yan\u0131tlar bile verebiliyor ancak farkl\u0131 bir bilin\u00e7 halinde&#8230;. D\u0131\u015ftan bak\u0131ld\u0131\u011f\u0131nda hipnozdaki ki\u015fi \u00e7ok rahat ve huzurlu bir \u015fekilde uyuyor gibi g\u00f6r\u00fcnd\u00fc\u011f\u00fcnden y\u00fczy\u0131llard\u0131r, hipnozun bir uyku oldu\u011fu yan\u0131lg\u0131s\u0131 yerle\u015fmi\u015f olarak s\u00fcr\u00fcyor. Oysa hipnoz bir uyku de\u011fil, artm\u0131\u015f bir fark\u0131ndal\u0131k&#8230; Hipnoz ki\u015finin, g\u00f6n\u00fcll\u00fc iste\u011fiyle hipnoz uygulayan ki\u015finin direktifleri do\u011frultusunda dikkatini toplamas\u0131 gev\u015femesi ve yo\u011funla\u015fmas\u0131 ile ger\u00e7ekle\u015fen bir durum&#8230; \u0130\u015fte bu \u00e7ok \u00f6zel durumu en iyi \u015fekilde anlatan &#8220;Hipnozun Kitab\u0131&#8221; adl\u0131 eseri okuman\u0131z\u0131 tavsiye ediyoruz.<\/p>\n","protected":false},"excerpt":{"rendered":"<p>&#8220;Ayakta uyutulmak istemeyenler i\u00e7in&#8221;En kapsaml\u0131 hipnoz kitab\u0131&#8230;\u00dclkemizin en se\u00e7kin yazarlar\u0131ndan biri olan Hipnoterapist Uz. Dr. B\u00fclent Uran &#8220;Hipnozun Kitab\u0131&#8221; adl\u0131 eserinde temel ve ileri hipnoz e\u011fitimlerinde<span class=\"excerpt-hellip\"> [\u2026]<\/span><\/p>\n","protected":false},"featured_media":0,"template":"","meta":{"_monsterinsights_skip_tracking":false,"_monsterinsights_sitenote_active":false,"_monsterinsights_sitenote_note":"","_monsterinsights_sitenote_category":0},"product_brand":[],"product_cat":[12357],"product_tag":[],"class_list":{"0":"post-740908","1":"product","2":"type-product","3":"status-publish","5":"product_cat-psikoloji","6":"pa_cilt-ciltsiz","7":"pa_tur-kitap","8":"pa_yayinevi-pusula-yayinevi-ankara","9":"pa_yazar-bulent-uran","11":"first","12":"instock","13":"sale","14":"shipping-taxable","15":"purchasable","16":"product-type-simple"},"_links":{"self":[{"href":"https:\/\/roveyayinevi.com.tr\/index.php\/wp-json\/wp\/v2\/product\/740908","targetHints":{"allow":["GET"]}}],"collection":[{"href":"https:\/\/roveyayinevi.com.tr\/index.php\/wp-json\/wp\/v2\/product"}],"about":[{"href":"https:\/\/roveyayinevi.com.tr\/index.php\/wp-json\/wp\/v2\/types\/product"}],"wp:attachment":[{"href":"https:\/\/roveyayinevi.com.tr\/index.php\/wp-json\/wp\/v2\/media?parent=740908"}],"wp:term":[{"taxonomy":"product_brand","embeddable":true,"href":"https:\/\/roveyayinevi.com.tr\/index.php\/wp-json\/wp\/v2\/product_brand?post=740908"},{"taxonomy":"product_cat","embeddable":true,"href":"https:\/\/roveyayinevi.com.tr\/index.php\/wp-json\/wp\/v2\/product_cat?post=740908"},{"taxonomy":"product_tag","embeddable":true,"href":"https:\/\/roveyayinevi.com.tr\/index.php\/wp-json\/wp\/v2\/product_tag?post=740908"}],"curies":[{"name":"wp","href":"https:\/\/api.w.org\/{rel}","templated":true}]}}