{"id":740905,"date":"2025-08-28T00:37:34","date_gmt":"2025-08-27T21:37:34","guid":{"rendered":"https:\/\/roveyayinevi.com.tr\/index.php\/urun\/psikoterapistin-el-kitabi\/"},"modified":"2026-04-16T02:52:06","modified_gmt":"2026-04-15T23:52:06","slug":"psikoterapistin-el-kitabi","status":"publish","type":"product","link":"https:\/\/roveyayinevi.com.tr\/index.php\/urun\/psikoterapistin-el-kitabi\/","title":{"rendered":"Psikoterapistin El Kitab\u0131"},"content":{"rendered":"<p>\u201cPsikoterapistin El Kitab\u0131\u201d adl\u0131 bu kitab\u0131n, T\u00fcrkiye\u2019de ya\u015fayan halk\u0131n lisan\u0131n\u0131, ninnilerini, \u00e7ocuk yeti\u015ftirme y\u00f6ntemlerini, cinsel ve agresif geleneklerini, di\u011fer k\u00fclt\u00fcrel yat\u0131r\u0131mlar\u0131n\u0131 ve sosyal durumlar\u0131n\u0131 payla\u015fan veya \u00e7ok yak\u0131ndan bilen ve senelerden beri dinamik psikoterapi \u00fczerine \u00e7al\u0131\u015fan ve e\u011fitimler veren bir meslekta\u015f\u0131m taraf\u0131ndan yaz\u0131lmas\u0131n\u0131 \u00e7ok \u00f6nemli buluyorum. Psikoterapi tekni\u011fini kavramak ve uygulamak i\u00e7in vaka \u00f6rneklerini okumak ve bunlar \u00fczerinde d\u00fc\u015f\u00fcnmek gerekir.Kendi vaka \u00f6rneklerimi Psikoterapist Cem Ke\u00e7e ile payla\u015ft\u0131m ve tart\u0131\u015ft\u0131m. Bu vaka \u00f6rneklerinden baz\u0131lar\u0131 elinizde tuttu\u011funuz kitapta yer al\u0131yor. Bu kitab\u0131n yaz\u0131lmas\u0131nda bir katk\u0131m olmas\u0131 beni \u00e7ok mutlu etti. Psikoterapist Cem Ke\u00e7e\u2019nin yazd\u0131\u011f\u0131 kitab\u0131n T\u00fcrkiye\u2019deki di\u011fer meslekta\u015flar\u0131m\u0131z\u0131n psikoterapi kavramlar\u0131n\u0131 kolayca tan\u0131malar\u0131nda ve uygulamalar\u0131nda \u00e7ok yard\u0131mc\u0131 olaca\u011f\u0131ndan eminim.- Prof. Dr. Vam\u0131k D. Volkan\u201cPsikoterapistin El Kitab\u0131\u201d adl\u0131 bu kapsaml\u0131 \u00e7al\u0131\u015fma, \u00fclkemizde uzunca bir zamand\u0131r eksikli\u011fi hissedilen psikoterapi prati\u011finin g\u00fcncel konular\u0131na dair telif eser bo\u015flu\u011funu dolduracak niteliktedir. Kitapta yer alan psikoterapi anlay\u0131\u015f\u0131, a\u011f\u0131rl\u0131kl\u0131 olarak psikanalitik psikoterapilerle s\u0131n\u0131rland\u0131r\u0131lm\u0131\u015f olsa da psikodinamik y\u00f6nelimli di\u011fer ekollere de yeterince de\u011finilmektedir.Her ne kadar klasik psikanalizin insan ve zihin kuram\u0131 k\u0131saca \u00f6zetlenmi\u015f olsa da analitik psikoterapi s\u00fcre\u00e7lerinin t\u00fcm evreleri ve a\u015famalar\u0131 doyurucu bir \u015fekilde okuyucuya sunulmaktad\u0131r. Psikoterapi e\u011fitiminde ve s\u00fcpervizyonunda ba\u015frol\u00fc oynayan Vam\u0131k Volkan\u2019n\u0131n psikanalitik literat\u00fcre arma\u011fan etti\u011fi bir\u00e7ok terim ve kavram\u0131 psikoterapi prati\u011finde yerli yerine oturtan Psikoterapist Cem Ke\u00e7e\u2019nin, Volkan, Kohut, Kernberg, Masterson gibi yarat\u0131c\u0131 psikanalistlerin ve ara\u015ft\u0131rmac\u0131lar\u0131n anla\u015f\u0131lmas\u0131 biraz zor olan kuramlar\u0131n\u0131 ve psikoterapi pratiklerini yal\u0131n bir dille derleme \u00e7abas\u0131 ger\u00e7ekten takdire de\u011fer.- Prof. Dr. Cengiz G\u00fcle\u00e7Temel Psikanalitik Kavramlarla ve Kendinizle Y\u00fczle\u015fmeye Haz\u0131r m\u0131s\u0131n\u0131z?Psikolojik determinizm ve yazg\u0131, terapistin ofisi, terapide gizlilik ilkesi, terapide tarafs\u0131zl\u0131k ilkesi, terapiye uygunluk, form\u00fclasyon, bilin\u00e7d\u0131\u015f\u0131 fanteziler, an\u0131 ve travma, ki\u015filik organizasyonu (ki\u015filik yap\u0131s\u0131), savunma mekanizmalar\u0131, diren\u00e7, terap\u00f6tik i\u015fbirli\u011fi, regresyon (gerileme), terap\u00f6tik regresyon (terapistin dan\u0131\u015fan\u0131n\u0131 anlamas\u0131 i\u00e7in gerilemesi), aktar\u0131m, erotik aktar\u0131m, kar\u015f\u0131 aktar\u0131m, eyleme d\u00f6kme (eyleme vurma), terap\u00f6tik eylemler (eylemlerle yeni yollar bulma), yorum ve di\u011fer giri\u015fimler, i\u00e7g\u00f6r\u00fc, r\u00fcyalar, derinlemesine \u00e7al\u0131\u015fma, olumsuz terap\u00f6tik tepki, terapinin sonland\u0131rma evresi, yas tutma gibi \u201ctemel psikanalitik kavramlar\u201d\u0131, s\u00fcpervizyon, psikoterapide s\u0131n\u0131r ihlalleri, psikanaliz ve psikoterapi t\u00fcrleri gibi bir\u00e7ok konuyu ele alan ve psikanalitik psikoterapi yapma becerisini geli\u015ftirmeyi ama\u00e7layan \u201cPsikoterapistin El Kitab\u0131\u201d, psikoterapi biliminin bilgeli\u011fini s\u00fczge\u00e7ten ge\u00e7irerek de\u011fi\u015fime y\u00f6nelik kapsaml\u0131 ve kolay anla\u015f\u0131labilir bir ba\u015fucu eseridir.<\/p>\n","protected":false},"excerpt":{"rendered":"<p>\u201cPsikoterapistin El Kitab\u0131\u201d adl\u0131 bu kitab\u0131n, T\u00fcrkiye\u2019de ya\u015fayan halk\u0131n lisan\u0131n\u0131, ninnilerini, \u00e7ocuk yeti\u015ftirme y\u00f6ntemlerini, cinsel ve agresif geleneklerini, di\u011fer k\u00fclt\u00fcrel yat\u0131r\u0131mlar\u0131n\u0131 ve sosyal durumlar\u0131n\u0131 payla\u015fan veya<span class=\"excerpt-hellip\"> [\u2026]<\/span><\/p>\n","protected":false},"featured_media":0,"template":"","meta":{"_monsterinsights_skip_tracking":false,"_monsterinsights_sitenote_active":false,"_monsterinsights_sitenote_note":"","_monsterinsights_sitenote_category":0},"product_brand":[],"product_cat":[20502,12357],"product_tag":[],"class_list":{"0":"post-740905","1":"product","2":"type-product","3":"status-publish","5":"product_cat-basvuru-kitaplari-psikoloji","6":"product_cat-psikoloji","7":"pa_cilt-ciltsiz","8":"pa_tur-kitap","9":"pa_yayinevi-pusula-yayinevi-ankara","10":"pa_yazar-a-cem-kece","12":"first","13":"instock","14":"sale","15":"shipping-taxable","16":"purchasable","17":"product-type-simple"},"_links":{"self":[{"href":"https:\/\/roveyayinevi.com.tr\/index.php\/wp-json\/wp\/v2\/product\/740905","targetHints":{"allow":["GET"]}}],"collection":[{"href":"https:\/\/roveyayinevi.com.tr\/index.php\/wp-json\/wp\/v2\/product"}],"about":[{"href":"https:\/\/roveyayinevi.com.tr\/index.php\/wp-json\/wp\/v2\/types\/product"}],"wp:attachment":[{"href":"https:\/\/roveyayinevi.com.tr\/index.php\/wp-json\/wp\/v2\/media?parent=740905"}],"wp:term":[{"taxonomy":"product_brand","embeddable":true,"href":"https:\/\/roveyayinevi.com.tr\/index.php\/wp-json\/wp\/v2\/product_brand?post=740905"},{"taxonomy":"product_cat","embeddable":true,"href":"https:\/\/roveyayinevi.com.tr\/index.php\/wp-json\/wp\/v2\/product_cat?post=740905"},{"taxonomy":"product_tag","embeddable":true,"href":"https:\/\/roveyayinevi.com.tr\/index.php\/wp-json\/wp\/v2\/product_tag?post=740905"}],"curies":[{"name":"wp","href":"https:\/\/api.w.org\/{rel}","templated":true}]}}