{"id":740902,"date":"2025-08-28T00:37:31","date_gmt":"2025-08-27T21:37:31","guid":{"rendered":"https:\/\/roveyayinevi.com.tr\/index.php\/urun\/gecmisin-hipnozunu-bozmak\/"},"modified":"2026-04-16T02:52:06","modified_gmt":"2026-04-15T23:52:06","slug":"gecmisin-hipnozunu-bozmak","status":"publish","type":"product","link":"https:\/\/roveyayinevi.com.tr\/index.php\/urun\/gecmisin-hipnozunu-bozmak\/","title":{"rendered":"Ge\u00e7mi\u015fin Hipnoz&#8217;unu Bozmak"},"content":{"rendered":"<p>Asla iyile\u015femez olarak kabul edilen hastal\u0131klar ger\u00e7ekten iyile\u015femez mi? Ya da iyile\u015firse bu sadece bir mucize midir?21. y\u00fczy\u0131lda, t\u0131bb\u0131n y\u00fczlerce hastal\u0131\u011f\u0131n nedeninin hala \u00e7\u00f6zememi\u015f olmas\u0131n\u0131n nedeni nedir? T\u0131p d\u00fcnyas\u0131 bu kadar olanak i\u00e7inde kronik hastal\u0131klar\u0131n k\u00f6k\u00fcn\u00fc kaz\u0131yacak bir \u015feyler neden \u00fcretemiyor?\u00c7\u00fcnk\u00fc g\u00fcn\u00fcm\u00fcz t\u0131p d\u00fcnyas\u0131 insan v\u00fccudunu bir makine olarak g\u00f6r\u00fcyor. Zihin kavram\u0131n\u0131 d\u0131\u015fl\u0131yor, yani d\u00fc\u015f\u00fcnce, inan\u00e7 ve duygular\u0131n\u0131 hastal\u0131klar\u0131n olu\u015f mekanizmalar\u0131 i\u00e7inde kabul etmiyor.Bu kitap zihin kavram\u0131n\u0131 hastal\u0131klar\u0131n olu\u015f nedenleri aras\u0131nda ilk s\u0131raya ald\u0131\u011f\u0131m\u0131z ve iyile\u015fmeye bu a\u00e7\u0131dan yakla\u015ft\u0131\u011f\u0131m\u0131z takdirde iyile\u015femez denilen bir\u00e7ok hastal\u0131\u011f\u0131n yada sorunun iyile\u015febilece\u011fini ileri s\u00fcr\u00fcyor. Bu ama\u00e7la da hipnozun nas\u0131l hastal\u0131klara neden oldu\u011funu ve yine hipnoz yoluyla bu hastal\u0131klardan nas\u0131l kurtulaca\u011f\u0131m\u0131z\u0131 anlatmaya \u00e7al\u0131\u015f\u0131yor.Zihin, d\u00fc\u015f\u00fcnce, davran\u0131\u015f, duygular, inan\u00e7lar ve ruhsal enerjiyi i\u00e7eren bir kavramd\u0131r. Bilin\u00e7 ve bilin\u00e7alt\u0131 bir b\u00fct\u00fcn olarak zihni olu\u015fturur. Bilin\u00e7alt\u0131 bizim hayatta kalmam\u0131z i\u00e7in \u00e7al\u0131\u015fan ve bu ama\u00e7la kendi kendine \u00f6\u011frenen bir bilgisayard\u0131r. \u00d6\u011frendi\u011fi her ilk bilgiyi bu programa dahil eder. \u0130lk bilgiler zihinde hipnoz etkisi yarat\u0131r ve zaman i\u00e7inde de\u011fi\u015femez bir g\u00fc\u00e7 halini al\u0131r. \u00c7o\u011fu ki\u015fi fark\u0131nda olmadan bu hipnoz g\u00fcc\u00fcn\u00fcn etkisi alt\u0131nda ya\u015far. Bu g\u00fc\u00e7 baz\u0131 durumlarda ki\u015finin aleyhine i\u015fleyen bir programa d\u00f6ner ve hastal\u0131klar\u0131 ortaya \u00e7\u0131kar\u0131r.Ge\u00e7mi\u015fin hipnozu bozarak bu hastal\u0131klardan kurtulmak m\u00fcmk\u00fcnd\u00fcr. Analitik hipnoterapi, ge\u00e7mi\u015fin zihinde hastal\u0131k yaratan olaylar\u0131n\u0131 ara\u015ft\u0131r\u0131r, ortaya \u00e7\u0131kar\u0131r. \u0130\u015fe yaramayan programlar\u0131 ortadan kald\u0131r\u0131r, yerine yenisini yerle\u015ftirir. Bu ara\u015ft\u0131rmalar kanser gibi a\u011f\u0131r hastal\u0131klar\u0131 ilk ba\u015flatan olaylar\u0131n anne karn\u0131ndan bazen do\u011fum an\u0131nda olu\u015ftu\u011funu a\u00e7\u0131\u011fa \u00e7\u0131karm\u0131\u015ft\u0131r.Kitapta hipnozun ne oldu\u011fu ge\u00e7mi\u015fin hipnozun nas\u0131l ortadan kald\u0131r\u0131ld\u0131\u011f\u0131 iyile\u015fmenin nas\u0131l ger\u00e7ekle\u015fti\u011fi \u00f6rneklerle anlat\u0131lm\u0131\u015ft\u0131r. Ayr\u0131ca g\u00fcn\u00fcm\u00fczde hipnozun k\u00f6t\u00fc kullan\u0131larak nas\u0131l toplumsal hastal\u0131klar\u0131 k\u00f6r\u00fckledi\u011fini de okuyacaks\u0131n\u0131z.<\/p>\n","protected":false},"excerpt":{"rendered":"<p>Asla iyile\u015femez olarak kabul edilen hastal\u0131klar ger\u00e7ekten iyile\u015femez mi? Ya da iyile\u015firse bu sadece bir mucize midir?21. y\u00fczy\u0131lda, t\u0131bb\u0131n y\u00fczlerce hastal\u0131\u011f\u0131n nedeninin hala \u00e7\u00f6zememi\u015f olmas\u0131n\u0131n nedeni<span class=\"excerpt-hellip\"> [\u2026]<\/span><\/p>\n","protected":false},"featured_media":0,"template":"","meta":{"_monsterinsights_skip_tracking":false,"_monsterinsights_sitenote_active":false,"_monsterinsights_sitenote_note":"","_monsterinsights_sitenote_category":0},"product_brand":[],"product_cat":[12357],"product_tag":[],"class_list":{"0":"post-740902","1":"product","2":"type-product","3":"status-publish","5":"product_cat-psikoloji","6":"pa_cilt-ciltsiz","7":"pa_tur-kitap","8":"pa_yayinevi-pusula-yayinevi-ankara","9":"pa_yazar-bulent-uran","11":"first","12":"instock","13":"sale","14":"shipping-taxable","15":"purchasable","16":"product-type-simple"},"_links":{"self":[{"href":"https:\/\/roveyayinevi.com.tr\/index.php\/wp-json\/wp\/v2\/product\/740902","targetHints":{"allow":["GET"]}}],"collection":[{"href":"https:\/\/roveyayinevi.com.tr\/index.php\/wp-json\/wp\/v2\/product"}],"about":[{"href":"https:\/\/roveyayinevi.com.tr\/index.php\/wp-json\/wp\/v2\/types\/product"}],"wp:attachment":[{"href":"https:\/\/roveyayinevi.com.tr\/index.php\/wp-json\/wp\/v2\/media?parent=740902"}],"wp:term":[{"taxonomy":"product_brand","embeddable":true,"href":"https:\/\/roveyayinevi.com.tr\/index.php\/wp-json\/wp\/v2\/product_brand?post=740902"},{"taxonomy":"product_cat","embeddable":true,"href":"https:\/\/roveyayinevi.com.tr\/index.php\/wp-json\/wp\/v2\/product_cat?post=740902"},{"taxonomy":"product_tag","embeddable":true,"href":"https:\/\/roveyayinevi.com.tr\/index.php\/wp-json\/wp\/v2\/product_tag?post=740902"}],"curies":[{"name":"wp","href":"https:\/\/api.w.org\/{rel}","templated":true}]}}