{"id":740901,"date":"2025-08-28T00:37:31","date_gmt":"2025-08-27T21:37:31","guid":{"rendered":"https:\/\/roveyayinevi.com.tr\/index.php\/urun\/cinselligin-dayanilmaz-agirligi\/"},"modified":"2026-04-16T02:52:06","modified_gmt":"2026-04-15T23:52:06","slug":"cinselligin-dayanilmaz-agirligi","status":"publish","type":"product","link":"https:\/\/roveyayinevi.com.tr\/index.php\/urun\/cinselligin-dayanilmaz-agirligi\/","title":{"rendered":"Cinselli\u011fin Dayan\u0131lmaz A\u011f\u0131rl\u0131\u011f\u0131"},"content":{"rendered":"<p>&#8220;Hastalar \u0130\u00e7in: Oku Ve Cinsel Sorunlar\u0131n\u0131 Anla, Erken Bo\u015falman\u0131 Kontrol EtHekimler, Psikologlar Ve Psikolojik Dan\u0131\u015fmanlar \u0130\u00e7in: Oku Ve \u0130yi EtAnne Ve Babalar \u0130\u00e7in: Oku Ve \u00c7ocu\u011funu Cinsel Hastal\u0131klardan KoruGen\u00e7lerimiz \u0130\u00e7in: Oku Ve Cinsel Sorun Ya\u015famaMedya Mensuplar\u0131 \u0130\u00e7in: Oku Ve Do\u011fru Bilgilendir&#8221; mant\u0131\u011f\u0131 haz\u0131rlanm\u0131\u015f bir ba\u015fvuru kayna\u011f\u0131d\u0131r.Cinsellik konusunda her \u015feyi \u00f6\u011frenmek isteyen de\u011ferli halk\u0131m\u0131z ve t\u0131p d\u00fcnyas\u0131 i\u00e7in kolay ve anla\u015f\u0131labilir bir dille yaz\u0131lm\u0131\u015f olan bu kitap; akla gelen ve cinsel beraberliklerde ortaya \u00e7\u0131kabilecek &#8220;normal miyim?&#8221;den \u00e7ok \u00f6zel sorulara kadar her t\u00fcrl\u00fc soruyu, bilimsel verilerin yard\u0131m\u0131 ile, ak\u0131lc\u0131 bir yakla\u015f\u0131m ve i\u00e7tenlikle yan\u0131tlayacakt\u0131r.&#8221;Cinselli\u011fin Dayan\u0131lmaz A\u011f\u0131rl\u0131\u011f\u0131&#8221; adl\u0131 kitab\u0131mda her \u015feyi bir arada bulabilirsiniz: Bilimsel bilgi, ak\u0131lc\u0131 bir \u00fcslup, a\u00e7\u0131kl\u0131k, okuyucunun duygular\u0131na kar\u015f\u0131 anlay\u0131\u015f vb. Uzun s\u00f6ze gerek yok. Bu kitab\u0131 mutlaka okuyun.<\/p>\n","protected":false},"excerpt":{"rendered":"<p>&#8220;Hastalar \u0130\u00e7in: Oku Ve Cinsel Sorunlar\u0131n\u0131 Anla, Erken Bo\u015falman\u0131 Kontrol EtHekimler, Psikologlar Ve Psikolojik Dan\u0131\u015fmanlar \u0130\u00e7in: Oku Ve \u0130yi EtAnne Ve Babalar \u0130\u00e7in: Oku Ve \u00c7ocu\u011funu<span class=\"excerpt-hellip\"> [\u2026]<\/span><\/p>\n","protected":false},"featured_media":0,"template":"","meta":{"_monsterinsights_skip_tracking":false,"_monsterinsights_sitenote_active":false,"_monsterinsights_sitenote_note":"","_monsterinsights_sitenote_category":0},"product_brand":[],"product_cat":[35288,13365],"product_tag":[],"class_list":{"0":"post-740901","1":"product","2":"type-product","3":"status-publish","5":"product_cat-cinsellik-saglik","6":"product_cat-saglik","7":"pa_cilt-ciltsiz","8":"pa_tur-kitap","9":"pa_yayinevi-pusula-yayinevi-ankara","10":"pa_yazar-a-cem-kece","12":"first","13":"instock","14":"sale","15":"shipping-taxable","16":"purchasable","17":"product-type-simple"},"_links":{"self":[{"href":"https:\/\/roveyayinevi.com.tr\/index.php\/wp-json\/wp\/v2\/product\/740901","targetHints":{"allow":["GET"]}}],"collection":[{"href":"https:\/\/roveyayinevi.com.tr\/index.php\/wp-json\/wp\/v2\/product"}],"about":[{"href":"https:\/\/roveyayinevi.com.tr\/index.php\/wp-json\/wp\/v2\/types\/product"}],"wp:attachment":[{"href":"https:\/\/roveyayinevi.com.tr\/index.php\/wp-json\/wp\/v2\/media?parent=740901"}],"wp:term":[{"taxonomy":"product_brand","embeddable":true,"href":"https:\/\/roveyayinevi.com.tr\/index.php\/wp-json\/wp\/v2\/product_brand?post=740901"},{"taxonomy":"product_cat","embeddable":true,"href":"https:\/\/roveyayinevi.com.tr\/index.php\/wp-json\/wp\/v2\/product_cat?post=740901"},{"taxonomy":"product_tag","embeddable":true,"href":"https:\/\/roveyayinevi.com.tr\/index.php\/wp-json\/wp\/v2\/product_tag?post=740901"}],"curies":[{"name":"wp","href":"https:\/\/api.w.org\/{rel}","templated":true}]}}