{"id":740900,"date":"2025-08-28T00:37:30","date_gmt":"2025-08-27T21:37:30","guid":{"rendered":"https:\/\/roveyayinevi.com.tr\/index.php\/urun\/kadinca-2\/"},"modified":"2026-04-16T02:52:06","modified_gmt":"2026-04-15T23:52:06","slug":"kadinca-2","status":"publish","type":"product","link":"https:\/\/roveyayinevi.com.tr\/index.php\/urun\/kadinca-2\/","title":{"rendered":"Kad\u0131nca"},"content":{"rendered":"<p>Psikoterapist Cem Ke\u00e7e&#8217;nin, kad\u0131nlar\u0131n erkekleri daha iyi anlayabilmeleri ve onlarla aralar\u0131ndaki farkl\u0131l\u0131klar\u0131 ke\u015ffederek ili\u015fkilerinde \u00e7ok daha mutlu olman\u0131n form\u00fcl\u00fcn\u00fc bulabilmeleri i\u00e7in yazd\u0131\u011f\u0131 &#8220;Erkek\u00e7e&#8221; adl\u0131 kitaptan sonra, e\u015fi say\u0131n Merih Ke\u00e7e ile birlikte kaleme ald\u0131klar\u0131 &#8220;Kad\u0131nca&#8221; adl\u0131 bu kitap, kad\u0131nlar\u0131n d\u00fcnyas\u0131n\u0131n kap\u0131lar\u0131n\u0131 ard\u0131na kadar a\u00e7\u0131yor ve kad\u0131nlara dair t\u00fcm bilinmeyenleri g\u00f6zler \u00f6n\u00fcne seriyor\u2026 Herkesin zihnini kurcalayan &#8220;Kad\u0131nlar ve erkekler ne ister?&#8221; sorusunun yan\u0131tlar\u0131n\u0131 veren &#8220;Erkek\u00e7e&#8221; ve &#8220;Kad\u0131nca&#8221; kitaplar\u0131 ile art\u0131k kad\u0131n-erkek \u00e7at\u0131\u015fmalar\u0131n\u0131n, anla\u015fmazl\u0131klar\u0131n\u0131n, mutsuz ve monoton ili\u015fkilerin ge\u00e7mi\u015fte kalmas\u0131 m\u00fcmk\u00fcn\u2026Birbirlerinden hem fizyolojik hem de psikolojik olarak farkl\u0131 olan ve bu farkl\u0131l\u0131klar\u0131 hayat\u0131n her an\u0131na yans\u0131yan kad\u0131nlar\u0131n ve erkeklerin \u00e7ok \u00f6zel iki ayr\u0131 dil kulland\u0131klar\u0131n\u0131 belirten Psikoterapist Cem Ke\u00e7e&#8217;nin, &#8220;Kad\u0131nca&#8221; ve &#8220;Erkek\u00e7e&#8221; olarak adland\u0131rd\u0131\u011f\u0131 bu \u00f6zel dilleri A&#8217;dan Z&#8217;ye anlatan &#8220;Kad\u0131nca&#8221; ve &#8220;Erkek\u00e7e&#8221; kitaplar\u0131, kad\u0131nlar\u0131n ve erkeklerin birbirlerini ger\u00e7ekten anlamalar\u0131na, g\u00fcn\u00fcm\u00fczde giderek artan ili\u015fki \u00e7at\u0131\u015fmalar\u0131n\u0131n \u00e7\u00f6z\u00fclmesine ve hepsinden \u00f6nemlisi anne babalar\u0131n birbirlerini anlayarak sorunlar\u0131na ak\u0131lc\u0131 \u00e7\u00f6z\u00fcmler bulduklar\u0131 mutlu ve huzurlu ailelerde sa\u011fl\u0131kl\u0131 nesillerin yeti\u015fmesine yard\u0131mc\u0131 olacak bir k\u0131lavuz niteli\u011finde\u2026 Psikoterapi ve Psikoterapistler Derne\u011fi (PS\u0130KODER)Kad\u0131nlar kendilerini daha anla\u015f\u0131lmaz, daha karma\u015f\u0131k ve daha \u00e7ekici yapan \u00e7ok \u00f6zel bir dil kullan\u0131rlar. Her sat\u0131r\u0131nda hem &#8220;Kad\u0131nca&#8221; ad\u0131 verilen bu dile ve kad\u0131nlar\u0131n mant\u0131klar\u0131n\u0131n nas\u0131l \u00e7al\u0131\u015ft\u0131\u011f\u0131na dair hem de kendinizden bir \u015feyler bulabilece\u011finiz, kad\u0131nlara, kendinize ve ili\u015fkinize dair yepyeni bak\u0131\u015f a\u00e7\u0131lar\u0131 kazanabilece\u011finiz &#8220;Kad\u0131nca&#8221; ile kad\u0131nlar\u0131 daha iyi tan\u0131yarak, daha iyi anlayarak \u00e7ok daha mutlu, keyifli ve uzun \u00f6m\u00fcrl\u00fc ili\u015fkiler kurabilmek i\u00e7in ilk ad\u0131m\u0131 atm\u0131\u015f olacaks\u0131n\u0131z. Sonras\u0131nda inan\u0131n her \u015fey \u00e7ok daha kolay ve g\u00fczel olacak\u2026 Cinsel Sa\u011fl\u0131k Enstit\u00fcs\u00fc Derne\u011fi (C\u0130SED)<\/p>\n","protected":false},"excerpt":{"rendered":"<p>Psikoterapist Cem Ke\u00e7e&#8217;nin, kad\u0131nlar\u0131n erkekleri daha iyi anlayabilmeleri ve onlarla aralar\u0131ndaki farkl\u0131l\u0131klar\u0131 ke\u015ffederek ili\u015fkilerinde \u00e7ok daha mutlu olman\u0131n form\u00fcl\u00fcn\u00fc bulabilmeleri i\u00e7in yazd\u0131\u011f\u0131 &#8220;Erkek\u00e7e&#8221; adl\u0131 kitaptan sonra,<span class=\"excerpt-hellip\"> [\u2026]<\/span><\/p>\n","protected":false},"featured_media":0,"template":"","meta":{"_monsterinsights_skip_tracking":false,"_monsterinsights_sitenote_active":false,"_monsterinsights_sitenote_note":"","_monsterinsights_sitenote_category":0},"product_brand":[],"product_cat":[26396,13488],"product_tag":[],"class_list":{"0":"post-740900","1":"product","2":"type-product","3":"status-publish","5":"product_cat-kadin-erkek-iliskileri","6":"product_cat-toplum-ve-insan","7":"pa_cilt-ciltsiz","8":"pa_tur-kitap","9":"pa_yayinevi-pusula-yayinevi-ankara","10":"pa_yazar-merih-kece","12":"first","13":"instock","14":"sale","15":"shipping-taxable","16":"purchasable","17":"product-type-simple"},"_links":{"self":[{"href":"https:\/\/roveyayinevi.com.tr\/index.php\/wp-json\/wp\/v2\/product\/740900","targetHints":{"allow":["GET"]}}],"collection":[{"href":"https:\/\/roveyayinevi.com.tr\/index.php\/wp-json\/wp\/v2\/product"}],"about":[{"href":"https:\/\/roveyayinevi.com.tr\/index.php\/wp-json\/wp\/v2\/types\/product"}],"wp:attachment":[{"href":"https:\/\/roveyayinevi.com.tr\/index.php\/wp-json\/wp\/v2\/media?parent=740900"}],"wp:term":[{"taxonomy":"product_brand","embeddable":true,"href":"https:\/\/roveyayinevi.com.tr\/index.php\/wp-json\/wp\/v2\/product_brand?post=740900"},{"taxonomy":"product_cat","embeddable":true,"href":"https:\/\/roveyayinevi.com.tr\/index.php\/wp-json\/wp\/v2\/product_cat?post=740900"},{"taxonomy":"product_tag","embeddable":true,"href":"https:\/\/roveyayinevi.com.tr\/index.php\/wp-json\/wp\/v2\/product_tag?post=740900"}],"curies":[{"name":"wp","href":"https:\/\/api.w.org\/{rel}","templated":true}]}}