{"id":740898,"date":"2025-08-28T00:37:28","date_gmt":"2025-08-27T21:37:28","guid":{"rendered":"https:\/\/roveyayinevi.com.tr\/index.php\/urun\/nazi-mirasi\/"},"modified":"2026-04-16T02:52:06","modified_gmt":"2026-04-15T23:52:06","slug":"nazi-mirasi","status":"publish","type":"product","link":"https:\/\/roveyayinevi.com.tr\/index.php\/urun\/nazi-mirasi\/","title":{"rendered":"Nazi Miras\u0131"},"content":{"rendered":"<p>&#8220;Bu kitap tam anlam\u0131yla bir m\u00fccevher! SS Nazi \u00f6l\u00fcm makinesinin komutanlar\u0131ndan birinin torununun tedavisinde s\u00fcperviz\u00f6r olan Prof. Volkan, b\u00f6ylesi bir travman\u0131n nesiller aras\u0131 aktar\u0131m\u0131ndaki t\u00fcm s\u00fcre\u00e7leri ve tedavi a\u015famalar\u0131n\u0131 a\u00e7\u0131k ve kolay anla\u015f\u0131l\u0131r bilimsel bir dille anlatt\u0131\u011f\u0131 bu e\u015fsiz eseriyle, hem her klinisyene mutlaka sahip olmak isteyece\u011fi benzersiz bir kaynak hem de konuya ilgisi olan herkese m\u00fcthi\u015f bir okuma deneyimi sunuyor.&#8221;-Dr. Ira Brenner, Pennsylvania, Jefferson T\u0131p Fak\u00fcltesi, Psikiyatri Klinik Profes\u00f6r\u00fc-&#8220;Bu etkileyici kitap, bir SS Nazi komutan\u0131n\u0131n kanl\u0131 ge\u00e7mi\u015finin nesiller aras\u0131 aktar\u0131mla torununun \u00fczerindeki etkisini t\u00fcm ger\u00e7ekli\u011fiyle g\u00f6steriyor. Eylemler yoluyla an\u0131msanan psikopatoloji arac\u0131l\u0131\u011f\u0131yla, kendilik ve nesne imgelerinin nesiller aras\u0131 aktar\u0131m\u0131 ve analist ile analiz edilen aras\u0131ndaki aktar\u0131m ve kar\u015f\u0131 aktar\u0131mda ya\u015fanan zorluklar t\u00fcm ayr\u0131nt\u0131lar\u0131yla tedavi s\u00fcrecinin en ba\u015f\u0131ndan, en sonuna kadar anlat\u0131l\u0131yor. Kitap sundu\u011fu teorik altyap\u0131 ve kavramla\u015ft\u0131rmayla yaln\u0131zca anlat\u0131lan ki\u015filer \u00f6zelinde de\u011fil, ya\u015famlar\u0131na sava\u015f ya da \u015fiddetin bir \u015fekilde bir yerden dokunmu\u015f oldu\u011fu t\u00fcm ki\u015filerin travmalar\u0131na dair \u00e7ok de\u011ferli bir i\u00e7g\u00f6r\u00fc ile \u00e7ok \u00f6nemli bir rehberlik yap\u0131yor.&#8221;-Ilany Kogan, \u0130srail Psikanalitik Toplulu\u011fu, E\u011fitim Analisti&#8221;\u00c7ok say\u0131da masum insan\u0131n yok edilmesini hedefleyen bir programda aktif olarak \u00e7al\u0131\u015fm\u0131\u015f bir \u00fcst d\u00fczey SS Nazi komutan\u0131n travmatik miras\u0131yla m\u00fccadele eden torununun tedavi s\u00fcrecinde \u00f6nemli bir rol oynayan Prof. Dr. Vam\u0131k Volkan, toplumsal travman\u0131n sessiz ve derin etkilerinin bilin\u00e7d\u0131\u015f\u0131 yollarla nesilden nesle aktar\u0131l\u0131\u015f\u0131n\u0131 hem analiz edenin hem de analiz edilenin perspektifinden anlatt\u0131\u011f\u0131 bu ilgin\u00e7 hik\u00e2yede, say\u0131s\u0131z \u00e7al\u0131\u015fmalar\u0131na ve onlarca y\u0131ll\u0131k deneyimlerine dayal\u0131 bilgeli\u011fini, okuyucuyu hayran b\u0131rakan anlat\u0131m\u0131yla nak\u0131\u015f gibi i\u015flemi\u015f&#8230;&#8221;<\/p>\n","protected":false},"excerpt":{"rendered":"<p>&#8220;Bu kitap tam anlam\u0131yla bir m\u00fccevher! SS Nazi \u00f6l\u00fcm makinesinin komutanlar\u0131ndan birinin torununun tedavisinde s\u00fcperviz\u00f6r olan Prof. Volkan, b\u00f6ylesi bir travman\u0131n nesiller aras\u0131 aktar\u0131m\u0131ndaki t\u00fcm s\u00fcre\u00e7leri<span class=\"excerpt-hellip\"> [\u2026]<\/span><\/p>\n","protected":false},"featured_media":0,"template":"","meta":{"_monsterinsights_skip_tracking":false,"_monsterinsights_sitenote_active":false,"_monsterinsights_sitenote_note":"","_monsterinsights_sitenote_category":0},"product_brand":[],"product_cat":[20502,12357],"product_tag":[],"class_list":{"0":"post-740898","1":"product","2":"type-product","3":"status-publish","5":"product_cat-basvuru-kitaplari-psikoloji","6":"product_cat-psikoloji","7":"pa_cilt-ciltsiz","8":"pa_tur-kitap","9":"pa_yayinevi-pusula-yayinevi-ankara","10":"pa_yazar-vamik-d-volkan","12":"first","13":"instock","14":"sale","15":"shipping-taxable","16":"purchasable","17":"product-type-simple"},"_links":{"self":[{"href":"https:\/\/roveyayinevi.com.tr\/index.php\/wp-json\/wp\/v2\/product\/740898","targetHints":{"allow":["GET"]}}],"collection":[{"href":"https:\/\/roveyayinevi.com.tr\/index.php\/wp-json\/wp\/v2\/product"}],"about":[{"href":"https:\/\/roveyayinevi.com.tr\/index.php\/wp-json\/wp\/v2\/types\/product"}],"wp:attachment":[{"href":"https:\/\/roveyayinevi.com.tr\/index.php\/wp-json\/wp\/v2\/media?parent=740898"}],"wp:term":[{"taxonomy":"product_brand","embeddable":true,"href":"https:\/\/roveyayinevi.com.tr\/index.php\/wp-json\/wp\/v2\/product_brand?post=740898"},{"taxonomy":"product_cat","embeddable":true,"href":"https:\/\/roveyayinevi.com.tr\/index.php\/wp-json\/wp\/v2\/product_cat?post=740898"},{"taxonomy":"product_tag","embeddable":true,"href":"https:\/\/roveyayinevi.com.tr\/index.php\/wp-json\/wp\/v2\/product_tag?post=740898"}],"curies":[{"name":"wp","href":"https:\/\/api.w.org\/{rel}","templated":true}]}}