{"id":740891,"date":"2025-08-28T00:37:23","date_gmt":"2025-08-27T21:37:23","guid":{"rendered":"https:\/\/roveyayinevi.com.tr\/index.php\/urun\/erkekce\/"},"modified":"2026-04-16T02:52:05","modified_gmt":"2026-04-15T23:52:05","slug":"erkekce","status":"publish","type":"product","link":"https:\/\/roveyayinevi.com.tr\/index.php\/urun\/erkekce\/","title":{"rendered":"Erkek\u00e7e"},"content":{"rendered":"<p>Farkl\u0131l\u0131klar Dile Gelse\u2026Birbirlerinden hem biyolojik hem de psikolojik olarak farkl\u0131 olan kad\u0131nlar ve erkekler, Psikoterapist Cem Ke\u00e7e &#8220;Kad\u0131nca&#8221; ve &#8220;Erkek\u00e7e&#8221; ad\u0131n\u0131 verdi\u011fi \u00e7ok \u00f6zel iki ayr\u0131 dil kullan\u0131rlar. Bu diller, kad\u0131nlar\u0131n ve erkeklerin duygular\u0131na, d\u00fc\u015f\u00fcncelerine ve davran\u0131\u015flar\u0131na yans\u0131yan; tepkilerini, beklentilerini, tercihlerini, arzular\u0131n\u0131 ve hayata bak\u0131\u015f a\u00e7\u0131lar\u0131n\u0131 belirleyen farkl\u0131l\u0131klar\u0131ndan olu\u015fur. Erkek\u00e7e dilini anlamak ve ke\u015ffetmek i\u00e7in \u00e7ok \u00f6zel bir k\u0131lavuz olan bu kitap, erkeklerin d\u00fcnyas\u0131n\u0131n kap\u0131lar\u0131n\u0131 ard\u0131na kadar a\u00e7\u0131yor ve Erkek\u00e7e dilini t\u00fcm ayr\u0131nt\u0131lar\u0131yla g\u00f6zler \u00f6n\u00fcne seriyor\u2026- Pusula Yay\u0131neviHer y\u00f6n\u00fcyle erkekler&#8230;&#8221;D\u00fcnyaya kad\u0131nlardan farkl\u0131 bir pencereden bakan ve bu nedenle g\u00f6r\u00fc\u015f a\u00e7\u0131lar\u0131 da farkl\u0131 olan erkeklerin kulland\u0131\u011f\u0131 Erkek\u00e7e dilini her y\u00f6n\u00fcyle ele ald\u0131\u011f\u0131 bu benzersiz eserde, Psikoterapist Cem Ke\u00e7e, erkeklerin d\u00fcnyay\u0131 nas\u0131l alg\u0131lad\u0131klar\u0131n\u0131, olaylar kar\u015f\u0131s\u0131nda ne d\u00fc\u015f\u00fcnd\u00fcklerini ve nas\u0131l davrand\u0131klar\u0131n\u0131 anlatarak adeta erkeklerin t\u00fcm kirli \u00e7ama\u015f\u0131rlar\u0131n\u0131 ortaya d\u00f6k\u00fcyor. Erkekler hi\u00e7 bu kadar a\u00e7\u0131k ve net anlat\u0131lmam\u0131\u015ft\u0131\u2026&#8221;- Psikoterapi ve Psikoterapistler Derne\u011fi (PS\u0130KODER)Cinselli\u011fin De Dili Olur\u2026&#8221;Psikoterapist Cem Ke\u00e7e de\u011ferli birikim ve deneyimlerinin sonucunda ortaya \u00e7\u0131kard\u0131\u011f\u0131 Erkek\u00e7e, kad\u0131nlar\u0131n ve erkeklerin ya\u015fam\u0131n her alan\u0131nda oldu\u011fu gibi cinsellikte de farkl\u0131 diller konu\u015ftu\u011funu en iyi \u015fekilde anlat\u0131yor\u2026 Mutlu bir ya\u015fam\u0131n ayr\u0131lmaz bir par\u00e7as\u0131 olan cinsellikte kar\u015f\u0131la\u015f\u0131lan sorunlar, genellikle kad\u0131nlar\u0131n ve erkeklerin birbirlerinin dillerini anlamamalar\u0131ndan kaynaklan\u0131yor. Bunun sonucunda da insanlar kendilerini, ili\u015fkilerde tek tarafl\u0131 doyumun ya\u015fand\u0131\u011f\u0131 ya da her iki taraf\u0131 da mutsuz eden ya\u015famlara mahk\u00fbm ediyorlar. Bu anlamda, Erkek\u00e7e, erkeklerle ilgili anla\u015f\u0131lmas\u0131 gereken her \u015feyi anla\u015f\u0131l\u0131r k\u0131l\u0131yor\u2026&#8221;- Cinsel Sa\u011fl\u0131k Enstit\u00fcs\u00fc Derne\u011fi (C\u0130SED)<\/p>\n","protected":false},"excerpt":{"rendered":"<p>Farkl\u0131l\u0131klar Dile Gelse\u2026Birbirlerinden hem biyolojik hem de psikolojik olarak farkl\u0131 olan kad\u0131nlar ve erkekler, Psikoterapist Cem Ke\u00e7e &#8220;Kad\u0131nca&#8221; ve &#8220;Erkek\u00e7e&#8221; ad\u0131n\u0131 verdi\u011fi \u00e7ok \u00f6zel iki ayr\u0131<span class=\"excerpt-hellip\"> [\u2026]<\/span><\/p>\n","protected":false},"featured_media":0,"template":"","meta":{"_monsterinsights_skip_tracking":false,"_monsterinsights_sitenote_active":false,"_monsterinsights_sitenote_note":"","_monsterinsights_sitenote_category":0},"product_brand":[],"product_cat":[26396,13488],"product_tag":[],"class_list":{"0":"post-740891","1":"product","2":"type-product","3":"status-publish","5":"product_cat-kadin-erkek-iliskileri","6":"product_cat-toplum-ve-insan","7":"pa_cilt-ciltsiz","8":"pa_tur-kitap","9":"pa_yayinevi-pusula-yayinevi-ankara","10":"pa_yazar-a-cem-kece","12":"first","13":"instock","14":"sale","15":"shipping-taxable","16":"purchasable","17":"product-type-simple"},"_links":{"self":[{"href":"https:\/\/roveyayinevi.com.tr\/index.php\/wp-json\/wp\/v2\/product\/740891","targetHints":{"allow":["GET"]}}],"collection":[{"href":"https:\/\/roveyayinevi.com.tr\/index.php\/wp-json\/wp\/v2\/product"}],"about":[{"href":"https:\/\/roveyayinevi.com.tr\/index.php\/wp-json\/wp\/v2\/types\/product"}],"wp:attachment":[{"href":"https:\/\/roveyayinevi.com.tr\/index.php\/wp-json\/wp\/v2\/media?parent=740891"}],"wp:term":[{"taxonomy":"product_brand","embeddable":true,"href":"https:\/\/roveyayinevi.com.tr\/index.php\/wp-json\/wp\/v2\/product_brand?post=740891"},{"taxonomy":"product_cat","embeddable":true,"href":"https:\/\/roveyayinevi.com.tr\/index.php\/wp-json\/wp\/v2\/product_cat?post=740891"},{"taxonomy":"product_tag","embeddable":true,"href":"https:\/\/roveyayinevi.com.tr\/index.php\/wp-json\/wp\/v2\/product_tag?post=740891"}],"curies":[{"name":"wp","href":"https:\/\/api.w.org\/{rel}","templated":true}]}}