{"id":740889,"date":"2025-08-28T00:37:21","date_gmt":"2025-08-27T21:37:21","guid":{"rendered":"https:\/\/roveyayinevi.com.tr\/index.php\/urun\/ebeveyn-mirasi\/"},"modified":"2026-04-16T02:52:05","modified_gmt":"2026-04-15T23:52:05","slug":"ebeveyn-mirasi","status":"publish","type":"product","link":"https:\/\/roveyayinevi.com.tr\/index.php\/urun\/ebeveyn-mirasi\/","title":{"rendered":"Ebeveyn Miras\u0131"},"content":{"rendered":"<p>Zor bir ailede b\u00fcy\u00fcmenin h\u00fcz\u00fcnl\u00fc \u00f6yk\u00fcs\u00fc\u2026 \u0130nsan &#8220;\u00c7OCUKLUK&#8221; ad\u0131 verilen korkutucu bir d\u00f6nem ya\u015far. Bu \u00e7ocukluk d\u00f6neminde, ebeveynler insan\u0131n i\u00e7 d\u00fcnyas\u0131na zihinsel ve duygusal tohumlar eker. Bu tohumlar bazen g\u00fcven, de\u011fer, sevgi, sayg\u0131 ve ba\u011f\u0131ms\u0131zl\u0131k kayna\u011f\u0131 olurken, bazense endi\u015fe, korku, kayg\u0131, yapt\u0131r\u0131m, su\u00e7luluk ve g\u00fcnahk\u00e2rl\u0131k duygular\u0131na neden olabiliyor. Bu tohumlar insano\u011flu b\u00fcy\u00fcd\u00fck\u00e7e filizleniyor ve yeti\u015fkinlik hayat\u0131nda d\u00fc\u015f\u00fcnceleri, fantezileri, duygular\u0131, davran\u0131\u015flar\u0131, se\u00e7imleri ve ba\u015fkalar\u0131yla kurulan yak\u0131n ili\u015fkileri etkiliyor. Uzun s\u00fcre en \u00e7ok satanlar listesinde yer alan M\u00dcH\u00dcRL\u00dc BEDEN adl\u0131 kitab\u0131n yazarlar\u0131ndan Uz. Dr. Yasemin YILDIZ, EBEVEYN M\u0130RASI adl\u0131 son kitab\u0131nda, klinik veriler \u0131\u015f\u0131\u011f\u0131nda bilin\u00e7d\u0131\u015f\u0131 kay\u0131tlar\u0131m\u0131z\u0131n nas\u0131l olu\u015ftu\u011funu tart\u0131\u015fmaya a\u00e7\u0131yor ve insan\u0131n ruhsal geli\u015fim evreleriyle ilgili \u00f6nemli detaylar\u0131 veriyor. Ayr\u0131ca, uygulamalarla ve vaka \u00f6rnekleriyle desteklenmi\u015f yeni kuramsal a\u00e7\u0131l\u0131mlar sunuyor. Karanl\u0131\u011fa mahk\u00fbm ger\u00e7eklerin \u0131\u015f\u0131\u011fa kavu\u015ftu\u011fu bu kitab\u0131 \u00e7ok seveceksiniz\u2026 T\u00fcrkiye Psikoterapi ve Psikoterapistler Derne\u011fi &#8211; PS\u0130KODER \u0130nsan\u0131n i\u00e7 d\u00fcnyas\u0131ndaki iyi ve k\u00f6t\u00fcn\u00fcn uzla\u015fmaz ve durulmaz \u00e7at\u0131\u015fmas\u0131n\u0131n i\u015fleyi\u015fini vaka \u00f6rneklerinin \u0131\u015f\u0131\u011f\u0131nda anlatan EBEVEYN M\u0130RASI, bilin\u00e7 ve bilin\u00e7d\u0131\u015f\u0131, bast\u0131r\u0131lm\u0131\u015f duygular, bilin\u00e7d\u0131\u015f\u0131n\u0131n 40 kadim kural\u0131, anne karn\u0131ndaki gizli ya\u015fam, ba\u011flanma, ruhsal ayg\u0131t, id, ego, s\u00fcperego, \u00f6dipal kompleks, sa\u011fl\u0131ks\u0131z ailede b\u00fcy\u00fcme gibi \u00f6nemli konular\u0131n yan\u0131nda, d\u00fczenli bir aile hayat\u0131 olmayan, ebeveynlerin \u00e7at\u0131\u015fmalar\u0131n\u0131n ortas\u0131nda yer alan, en \u00e7ok ihtiyac\u0131 oldu\u011fu ya\u015fta ebeveynlerin sevgisi ve ilgisinden mahrum kalan, aileleri taraf\u0131ndan yaln\u0131zl\u0131\u011fa itilenlerin h\u00fcz\u00fcnl\u00fc hik\u00e2yesini anlat\u0131yor. Bu hik\u00e2yelerle ac\u0131 veren duygular\u0131n\u0131zla y\u00fczle\u015fip, onlara \u00e7\u00f6z\u00fcm bulman\u0131z\u0131n yan\u0131nda, duygular\u0131n\u0131z\u0131n olumsuz etkilerinden ar\u0131n\u0131p hasar g\u00f6ren \u00f6zsayg\u0131 ve \u00f6zg\u00fcveninizi yeniden kazanacaks\u0131n\u0131z. Cinsel Sa\u011fl\u0131k Enstit\u00fcs\u00fc Derne\u011fi &#8211; C\u0130SED \u0130nsan olman\u0131n en ac\u0131 ger\u00e7eklerinden biri, \u00f6zellikle ge\u00e7mi\u015f \u00e7ocukluk ya\u015famlar\u0131 duygusal ac\u0131lar veya hayal k\u0131r\u0131kl\u0131klar\u0131 i\u00e7eriyorsa, insan\u0131n ge\u00e7mi\u015fini tekrarlamak \u00fczere donanm\u0131\u015f olmas\u0131d\u0131r. Ge\u00e7mi\u015f hep tekrar eder, mek\u00e2nlar de\u011fi\u015fir, zaman de\u011fi\u015fir, oyuncular de\u011fi\u015fir ama roller hep ayn\u0131 kal\u0131r. Psikolojik sorunlar, a\u015fk, yak\u0131n ili\u015fkiler, aile, evlilik ve cinsellik konular\u0131ndaki yaz\u0131lar\u0131yla ve kitaplar\u0131yla \u00e7al\u0131\u015fmalar\u0131n\u0131 s\u00fcrd\u00fcren Uz. Dr. Yasemin YILDIZ, olduk\u00e7a sade ve anla\u015f\u0131labilir bir \u00fcslupta ebeveynlerimizin \u00fczerimizdeki olumsuz etkilerini ve insan ruhunun \u015fifrelerini EBEVEYN M\u0130RASI adl\u0131 kitab\u0131nda ortaya koyuyor ve bilin\u00e7d\u0131\u015f\u0131n\u0131 tart\u0131\u015fmaya a\u00e7\u0131yor. Kitapta ayr\u0131ca, d\u00fcrt\u00fc-\u00e7at\u0131\u015fma kuram\u0131na dayanan kuramsal yakla\u015f\u0131mlar\u0131n harman\u0131n\u0131 da bulacaks\u0131n\u0131z\u2026<\/p>\n","protected":false},"excerpt":{"rendered":"<p>Zor bir ailede b\u00fcy\u00fcmenin h\u00fcz\u00fcnl\u00fc \u00f6yk\u00fcs\u00fc\u2026 \u0130nsan &#8220;\u00c7OCUKLUK&#8221; ad\u0131 verilen korkutucu bir d\u00f6nem ya\u015far. Bu \u00e7ocukluk d\u00f6neminde, ebeveynler insan\u0131n i\u00e7 d\u00fcnyas\u0131na zihinsel ve duygusal tohumlar eker.<span class=\"excerpt-hellip\"> [\u2026]<\/span><\/p>\n","protected":false},"featured_media":0,"template":"","meta":{"_monsterinsights_skip_tracking":false,"_monsterinsights_sitenote_active":false,"_monsterinsights_sitenote_note":"","_monsterinsights_sitenote_category":0},"product_brand":[],"product_cat":[12679,12357],"product_tag":[],"class_list":{"0":"post-740889","1":"product","2":"type-product","3":"status-publish","5":"product_cat-cocuk-psikolojisi","6":"product_cat-psikoloji","7":"pa_cilt-ciltsiz","8":"pa_tur-kitap","9":"pa_yayinevi-pusula-yayinevi-ankara","10":"pa_yazar-yasemin-yildiz","12":"first","13":"instock","14":"sale","15":"shipping-taxable","16":"purchasable","17":"product-type-simple"},"_links":{"self":[{"href":"https:\/\/roveyayinevi.com.tr\/index.php\/wp-json\/wp\/v2\/product\/740889","targetHints":{"allow":["GET"]}}],"collection":[{"href":"https:\/\/roveyayinevi.com.tr\/index.php\/wp-json\/wp\/v2\/product"}],"about":[{"href":"https:\/\/roveyayinevi.com.tr\/index.php\/wp-json\/wp\/v2\/types\/product"}],"wp:attachment":[{"href":"https:\/\/roveyayinevi.com.tr\/index.php\/wp-json\/wp\/v2\/media?parent=740889"}],"wp:term":[{"taxonomy":"product_brand","embeddable":true,"href":"https:\/\/roveyayinevi.com.tr\/index.php\/wp-json\/wp\/v2\/product_brand?post=740889"},{"taxonomy":"product_cat","embeddable":true,"href":"https:\/\/roveyayinevi.com.tr\/index.php\/wp-json\/wp\/v2\/product_cat?post=740889"},{"taxonomy":"product_tag","embeddable":true,"href":"https:\/\/roveyayinevi.com.tr\/index.php\/wp-json\/wp\/v2\/product_tag?post=740889"}],"curies":[{"name":"wp","href":"https:\/\/api.w.org\/{rel}","templated":true}]}}