{"id":740883,"date":"2025-08-28T00:37:16","date_gmt":"2025-08-27T21:37:16","guid":{"rendered":"https:\/\/roveyayinevi.com.tr\/index.php\/urun\/en-derin-hipnozumuz-degersizlik-inanci\/"},"modified":"2026-04-16T02:52:05","modified_gmt":"2026-04-15T23:52:05","slug":"en-derin-hipnozumuz-degersizlik-inanci","status":"publish","type":"product","link":"https:\/\/roveyayinevi.com.tr\/index.php\/urun\/en-derin-hipnozumuz-degersizlik-inanci\/","title":{"rendered":"En Derin Hipnozumuz &#8211; De\u011fersizlik \u0130nanc\u0131"},"content":{"rendered":"<p>Bu kitapta de\u011fersizlik inanc\u0131n\u0131n nas\u0131l t\u00fcm ya\u015fam\u0131m\u0131z\u0131 y\u00f6netti\u011fini, mesle\u011fimizi, ili\u015fkilerimizi, sa\u011fl\u0131\u011f\u0131m\u0131z\u0131, ruhsal durumumuzu belirledi\u011fi anlat\u0131lmaktad\u0131r. Fark\u0131nda olmad\u0131\u011f\u0131m\u0131z takdirde bilin\u00e7alt\u0131m\u0131z de\u011fersizli\u011fi gizlemek \u00fczerine stratejiler geli\u015ftirmekte ve bunlar\u0131 ger\u00e7ekle\u015ftirmek i\u00e7in u\u011fra\u015fmaktad\u0131r. \u00c7o\u011fu ki\u015fi i\u00e7in bu u\u011fra\u015f hayatta ba\u015far\u0131l\u0131 ve \u00f6nemli bir ki\u015fi olmas\u0131n\u0131 sa\u011flamakta ama ayn\u0131 zamanda nedenini bilmedi\u011fi mutsuzlu\u011fun sebebi olmaktad\u0131r. Ya da her \u015fey yoluna girmi\u015fken, \u015f\u00f6yle art\u0131k ayaklar\u0131n\u0131 uzat\u0131p hayat\u0131n tad\u0131n\u0131 \u00e7\u0131karmak zaman\u0131 gelmi\u015fken beklenmedik (!) bir hastal\u0131k t\u00fcm \u00e7abalar\u0131 bo\u015fa \u00e7\u0131karmaktad\u0131r.Hem kendinizi hem de ba\u015fkalar\u0131n\u0131 derinden tan\u0131mak istiyorsan\u0131z bu kitap sizin i\u00e7in yepyeni bir bak\u0131\u015f a\u00e7\u0131s\u0131 ve sorunlar\u0131n\u0131zdan \u00e7\u0131k\u0131\u015f yolu g\u00f6sterecektir. Hastal\u0131k yaratan zihinsel etkenler \u00fczerinde uzun y\u0131llard\u0131r \u00e7al\u0131\u015fmalar yapmakta olan Dr. B\u00fclent Uran de\u011fi\u015fik sorunlar\u0131 olan ki\u015filerin bilin\u00e7altlar\u0131ndan toplad\u0131\u011f\u0131 bilgilere dayanarak de\u011fersizlik inanc\u0131 kuram\u0131n\u0131 geli\u015ftirmi\u015ftir.Kitapta zihinsel mekanizmalar, hipnozun hayat\u0131m\u0131zdaki etkisi, hislerin yaratt\u0131\u011f\u0131 hipnotik ortam, sanal bir inanc\u0131n nas\u0131l t\u00fcm eylemlerimizi belirledi\u011fini \u00f6\u011frenirken ayr\u0131ca \u00e7ocuklar\u0131m\u0131za nas\u0131l davranmamam\u0131z gerekti\u011finin ipu\u00e7lar\u0131n\u0131 da bulacaks\u0131n\u0131z. Kitab\u0131n son b\u00f6l\u00fcm\u00fcnde de\u011fersizlik inanc\u0131n\u0131n olumsuz etkilerinden kurtulmak i\u00e7in yap\u0131lacak \u00e7al\u0131\u015fmalara da yer verilmi\u015ftir.De\u011fer soyut bir kavramken hayat\u0131m\u0131z\u0131 somutu olmu\u015f\u2026 De\u011fer \u00fczerine hipnozlar yaratm\u0131\u015f\u0131z, yaratmaya devam ediyoruz\u2026 Do\u011fdu\u011fumuz andan itibaren de\u011fer verilmekle ilgili kavramlar\u0131 \u00f6\u011frenmeye ba\u015fl\u0131yoruz\u2026 Konu\u015fmay\u0131 \u00f6\u011frenmeden paran\u0131n \u00f6nemini \u00f6\u011freniyoruz\u2026 De\u011fer kelimesi o kadar \u00f6nemli olmu\u015f ki\u2026 Neyin do\u011fru neyin yanl\u0131\u015f oldu\u011funu belirleyen sosyal anlay\u0131\u015flar\u0131m\u0131z da de\u011fer kelimesiyle ifade edilmeye ba\u015flanm\u0131\u015f\u2026 Moral de\u011ferler\u2026 Ahlaki de\u011ferler\u2026 Ki\u015fisel de\u011ferler\u2026 B\u00f6ylece de\u011fer kelimesine hak etti\u011finden daha ulvi anlamlar y\u00fcklemeye ba\u015flam\u0131\u015f\u0131z\u2026 \u0130nsan\u0131n bir de\u011feri olup olmad\u0131\u011f\u0131 tart\u0131\u015f\u0131lmaz bir kabul olmu\u015f\u2026 \u0130nsani de\u011ferler oldu\u011funa g\u00f6re, insan\u0131n da bir de\u011feri olmal\u0131 denmi\u015f\u2026 Her ne kadar insan\u0131n de\u011feri hi\u00e7bir \u015feyle \u00f6l\u00e7\u00fclemez dense de\u2026 Bu her \u015feyin al\u0131n\u0131p sat\u0131ld\u0131\u011f\u0131 g\u00fcn\u00fcm\u00fcz d\u00fcnyas\u0131nda bu laf\u0131n hi\u00e7bir de\u011feri kalmam\u0131\u015f durumda\u2026 K\u00fclt\u00fcr\u00fcm\u00fcz bile insan\u0131n bir mal oldu\u011funu belirten deyi\u015flerle dolu\u2026 K\u0131z\u0131 g\u00f6nl\u00fcne b\u0131rak\u0131rsan ya davulcuya var\u0131r ya zurnac\u0131ya (davulcu ve zurnac\u0131 de\u011fersizdir)\u2026 E\u015fe\u011fe alt\u0131n semer vursalar e\u015fek yine e\u015fektir (e\u015fekler de\u011fersizdir, de\u011fersiz insanlar e\u015fekle e\u015fde\u011ferdir)<\/p>\n","protected":false},"excerpt":{"rendered":"<p>Bu kitapta de\u011fersizlik inanc\u0131n\u0131n nas\u0131l t\u00fcm ya\u015fam\u0131m\u0131z\u0131 y\u00f6netti\u011fini, mesle\u011fimizi, ili\u015fkilerimizi, sa\u011fl\u0131\u011f\u0131m\u0131z\u0131, ruhsal durumumuzu belirledi\u011fi anlat\u0131lmaktad\u0131r. Fark\u0131nda olmad\u0131\u011f\u0131m\u0131z takdirde bilin\u00e7alt\u0131m\u0131z de\u011fersizli\u011fi gizlemek \u00fczerine stratejiler geli\u015ftirmekte ve bunlar\u0131<span class=\"excerpt-hellip\"> [\u2026]<\/span><\/p>\n","protected":false},"featured_media":0,"template":"","meta":{"_monsterinsights_skip_tracking":false,"_monsterinsights_sitenote_active":false,"_monsterinsights_sitenote_note":"","_monsterinsights_sitenote_category":0},"product_brand":[],"product_cat":[12357],"product_tag":[],"class_list":{"0":"post-740883","1":"product","2":"type-product","3":"status-publish","5":"product_cat-psikoloji","6":"pa_cilt-ciltsiz","7":"pa_tur-kitap","8":"pa_yayinevi-pusula-yayinevi-ankara","9":"pa_yazar-bulent-uran","11":"first","12":"instock","13":"sale","14":"shipping-taxable","15":"purchasable","16":"product-type-simple"},"_links":{"self":[{"href":"https:\/\/roveyayinevi.com.tr\/index.php\/wp-json\/wp\/v2\/product\/740883","targetHints":{"allow":["GET"]}}],"collection":[{"href":"https:\/\/roveyayinevi.com.tr\/index.php\/wp-json\/wp\/v2\/product"}],"about":[{"href":"https:\/\/roveyayinevi.com.tr\/index.php\/wp-json\/wp\/v2\/types\/product"}],"wp:attachment":[{"href":"https:\/\/roveyayinevi.com.tr\/index.php\/wp-json\/wp\/v2\/media?parent=740883"}],"wp:term":[{"taxonomy":"product_brand","embeddable":true,"href":"https:\/\/roveyayinevi.com.tr\/index.php\/wp-json\/wp\/v2\/product_brand?post=740883"},{"taxonomy":"product_cat","embeddable":true,"href":"https:\/\/roveyayinevi.com.tr\/index.php\/wp-json\/wp\/v2\/product_cat?post=740883"},{"taxonomy":"product_tag","embeddable":true,"href":"https:\/\/roveyayinevi.com.tr\/index.php\/wp-json\/wp\/v2\/product_tag?post=740883"}],"curies":[{"name":"wp","href":"https:\/\/api.w.org\/{rel}","templated":true}]}}