{"id":740835,"date":"2025-08-28T00:36:24","date_gmt":"2025-08-27T21:36:24","guid":{"rendered":"https:\/\/roveyayinevi.com.tr\/index.php\/urun\/elifin-semsi\/"},"modified":"2026-04-16T02:52:03","modified_gmt":"2026-04-15T23:52:03","slug":"elifin-semsi","status":"publish","type":"product","link":"https:\/\/roveyayinevi.com.tr\/index.php\/urun\/elifin-semsi\/","title":{"rendered":"Elif\u2019in \u015eems\u2019i"},"content":{"rendered":"<p>Erenler derlerdi ki bu\u011fday\u0131n Elif s\u0131rr\u0131 karn\u0131ndad\u0131r. Elif gibi. Hem ar\u0131 hem duru hem bir\u2026 \u00c7okluktan ar\u0131nm\u0131\u015f, a\u015fkla yanm\u0131\u015f. Bu elbette bir s\u0131rd\u0131. \u201cOl\u201d dedi\u011fi yerde oluveren. Yarat\u0131c\u0131, kalbi a\u00e7\u0131p i\u00e7ine a\u015fk b\u0131rakm\u0131\u015ft\u0131. \u201cOl\u201d demi\u015fti ve mevzu kapanm\u0131\u015ft\u0131. A\u015fk bir s\u0131rd\u0131 ve hak etmeyene elbette bir s\u0131r teslim edilmezdi. Y\u00fck\u00fcn\u00fc ta\u015f\u0131yamayan bir kalbe asla bir sevda b\u0131rak\u0131lmazd\u0131\u2026 *** *** \u201c \u00c7\u00fcnk\u00fc hi\u00e7bir kelebek tek ba\u015f\u0131na ge\u00e7emezdi bu \u00f6yk\u00fcden\u2026\u201d     Elen VERA\u2019n\u0131n alt\u0131n kaleminden \u00e7\u0131kan bu eseri okurken b\u00fcy\u00fclenmi\u015f\u00e7esine b\u00fcy\u00fck hazlar alacaks\u0131n\u0131z. M\u00fcthi\u015f betimlemeleriyle edebiyat ser\u00fcveninde b\u00fcy\u00fck\u00e7e bir kap\u0131 a\u00e7\u0131\u015f\u0131na \u015fahitlik ederken u\u00e7suz bucaks\u0131z hayal evrenine hi\u00e7 yorulmadan, yar\u0131 yolda kalmadan e\u015flik edeceksiniz. Duygu yo\u011funluklar\u0131n\u0131, tasavvuf anlay\u0131\u015f\u0131na uygun c\u00fcmlelerle, felsefe katmanlar\u0131ndan ge\u00e7irerek sunu\u015funu, metaforlar\u0131n\u0131n g\u00f6t\u00fcrd\u00fc\u011f\u00fc iklimi ise hayranl\u0131kla izleyeceksiniz. Kadim bilgilerden, modern bilgilere uzanan verileri kullanarak ak\u0131lc\u0131 ve \u015fiirsel bir dille yazd\u0131\u011f\u0131 bu eserde deha bir k\u0131z \u00e7ocu\u011funun zengin tarihi k\u00fclt\u00fcre sahip topraklarda ya\u015fad\u0131\u011f\u0131 trajik olaylar ile m\u00fccadelesine ve bu olaylar\u0131n i\u00e7inden \u00e7\u0131karak hayat\u0131na yeni bir y\u00f6n verebilme azmine tan\u0131k olurken kimi zaman Elif kimi zaman Zehra kimi zaman ise Yusuf,Hamza hatta M\u00f6sy\u00f6 Harvey olmak isteyeceksiniz. Celal ve Farim\u2019 lerden ise etinizle kemi\u011finizle nefret edeceksiniz.     Okuyucuyu merakla ve heyecanla sayfalar\u0131 \u00e7evirmeye y\u00f6nelten ak\u0131c\u0131 dili ve olay \u00f6rg\u00fcs\u00fc ile Elen VERA, eserin geni\u015f perspektifini alm\u0131\u015f oldu\u011fu Hukuk, Ekonomi, Psikoloji, Tarih ve E\u011fitim alanlar\u0131ndaki lisanslar\u0131na bor\u00e7lu olmal\u0131. \u00d6zlemi, karde\u015fli\u011fi, dostlu\u011fu, fedakarl\u0131\u011f\u0131, sabr\u0131, ihaneti ve ac\u0131y\u0131 Elen VERA\u2019n\u0131n emsalsiz eserinde ancak yaz\u0131 erbablar\u0131n\u0131n \u00e2\u015f\u0131k olabilece\u011fi \u00e7arp\u0131c\u0131 c\u00fcmleleri ile \u00e7ok sesli bir m\u00fczikal tad\u0131nda dinleyeceksiniz. Elif\u2019in \u015eems\u2019i, \u201cY\u0131ld\u0131z\u0131 Hi\u00e7 S\u00f6nmeyen Eserler\u201d listesinde yerini her zaman koruyacakt\u0131r.<\/p>\n","protected":false},"excerpt":{"rendered":"<p>Erenler derlerdi ki bu\u011fday\u0131n Elif s\u0131rr\u0131 karn\u0131ndad\u0131r. Elif gibi. Hem ar\u0131 hem duru hem bir\u2026 \u00c7okluktan ar\u0131nm\u0131\u015f, a\u015fkla yanm\u0131\u015f. Bu elbette bir s\u0131rd\u0131. \u201cOl\u201d dedi\u011fi yerde<span class=\"excerpt-hellip\"> [\u2026]<\/span><\/p>\n","protected":false},"featured_media":0,"template":"","meta":{"_monsterinsights_skip_tracking":false,"_monsterinsights_sitenote_active":false,"_monsterinsights_sitenote_note":"","_monsterinsights_sitenote_category":0},"product_brand":[],"product_cat":[12777,12291],"product_tag":[],"class_list":{"0":"post-740835","1":"product","2":"type-product","3":"status-publish","5":"product_cat-deneme","6":"product_cat-edebiyat","7":"pa_cilt-ciltsiz","8":"pa_tur-kitap","9":"pa_yayinevi-platanus-publishing","10":"pa_yazar-elen-vera","12":"first","13":"instock","14":"sale","15":"shipping-taxable","16":"purchasable","17":"product-type-simple"},"_links":{"self":[{"href":"https:\/\/roveyayinevi.com.tr\/index.php\/wp-json\/wp\/v2\/product\/740835","targetHints":{"allow":["GET"]}}],"collection":[{"href":"https:\/\/roveyayinevi.com.tr\/index.php\/wp-json\/wp\/v2\/product"}],"about":[{"href":"https:\/\/roveyayinevi.com.tr\/index.php\/wp-json\/wp\/v2\/types\/product"}],"wp:attachment":[{"href":"https:\/\/roveyayinevi.com.tr\/index.php\/wp-json\/wp\/v2\/media?parent=740835"}],"wp:term":[{"taxonomy":"product_brand","embeddable":true,"href":"https:\/\/roveyayinevi.com.tr\/index.php\/wp-json\/wp\/v2\/product_brand?post=740835"},{"taxonomy":"product_cat","embeddable":true,"href":"https:\/\/roveyayinevi.com.tr\/index.php\/wp-json\/wp\/v2\/product_cat?post=740835"},{"taxonomy":"product_tag","embeddable":true,"href":"https:\/\/roveyayinevi.com.tr\/index.php\/wp-json\/wp\/v2\/product_tag?post=740835"}],"curies":[{"name":"wp","href":"https:\/\/api.w.org\/{rel}","templated":true}]}}