{"id":740834,"date":"2025-08-28T00:36:23","date_gmt":"2025-08-27T21:36:23","guid":{"rendered":"https:\/\/roveyayinevi.com.tr\/index.php\/urun\/kentler-ve-gocler\/"},"modified":"2026-04-16T02:52:03","modified_gmt":"2026-04-15T23:52:03","slug":"kentler-ve-gocler","status":"publish","type":"product","link":"https:\/\/roveyayinevi.com.tr\/index.php\/urun\/kentler-ve-gocler\/","title":{"rendered":"Kentler ve G\u00f6\u00e7ler"},"content":{"rendered":"<p>Bu kitapta anlat\u0131lan ve g\u00f6\u00e7le birlikte ortaya \u00e7\u0131kan sorunsal \u00f6yk\u00fcler sadece Mu\u015f\u2019tan Bursa\u2019ya olan g\u00f6\u00e7lerle s\u0131n\u0131rl\u0131 de\u011fil, benzer anlat\u0131lar ve \u00f6yk\u00fclerin \u00e7o\u011funlu\u011fu ayn\u0131 zamanda Mu\u015f\u2019tan di\u011fer \u015fehirlere olan g\u00f6\u00e7leri ve \u00fclkemizin di\u011fer \u015fehirlerinden Bursa\u2019ya ger\u00e7ekle\u015fen g\u00f6\u00e7 s\u0131ras\u0131nda ya\u015fanan dramatik ve sorunsal \u00f6yk\u00fcleri de kapsamaktad\u0131r. \u015eehirlerin g\u00f6\u00e7 \u00f6r\u00fcnt\u00fcs\u00fcyle beraber ortaya \u00e7\u0131kan karma\u015f\u0131k \u015fehir yap\u0131lar\u0131 ve sosyal ili\u015fkiler, her ne kadar basit ve g\u00fcndelik tedbirler kullan\u0131larak mikro d\u00fczeyde \u00e7\u00f6z\u00fclmeye \u00e7al\u0131\u015f\u0131larak baz\u0131 ba\u015far\u0131lar elde edilmi\u015f ise de bu ba\u015far\u0131lar hen\u00fcz genele \u015famil olacak nitelikte sonu\u00e7lanamam\u0131\u015ft\u0131r. \u00dclkemizde n\u00fcfusun \u00f6nemli bir kesiminin hala gecekondularda ya\u015famas\u0131n\u0131n nedeni de bu ba\u015far\u0131s\u0131zl\u0131\u011f\u0131n bir sonucu olarak kar\u015f\u0131m\u0131za \u00e7\u0131kmaktad\u0131r. G\u00f6\u00e7, kendisiyle birlikte bir\u00e7ok dramatik sorunu da ortaya \u00e7\u0131kar\u0131r. Ancak \u00f6ncelikle g\u00f6\u00e7 tan\u0131m\u0131n\u0131n yap\u0131lmas\u0131 ve irdelenmesi gerekir. Bilim dallar\u0131nda g\u00f6\u00e7le ilgili farkl\u0131 tan\u0131mlamalar olmakla birlikte genel olarak g\u00f6\u00e7, &#8220;co\u011frafi mek\u00e2n de\u011fi\u015ftirme s\u00fcrecinin sosyal ekonomik, k\u00fclt\u00fcrel ve siyasi boyutlar\u0131yla toplumsal yap\u0131y\u0131 de\u011fi\u015ftiren n\u00fcfus hareketleridir&#8221; \u015feklinde tan\u0131mlan\u0131r.<\/p>\n","protected":false},"excerpt":{"rendered":"<p>Bu kitapta anlat\u0131lan ve g\u00f6\u00e7le birlikte ortaya \u00e7\u0131kan sorunsal \u00f6yk\u00fcler sadece Mu\u015f\u2019tan Bursa\u2019ya olan g\u00f6\u00e7lerle s\u0131n\u0131rl\u0131 de\u011fil, benzer anlat\u0131lar ve \u00f6yk\u00fclerin \u00e7o\u011funlu\u011fu ayn\u0131 zamanda Mu\u015f\u2019tan di\u011fer<span class=\"excerpt-hellip\"> [\u2026]<\/span><\/p>\n","protected":false},"featured_media":0,"template":"","meta":{"_monsterinsights_skip_tracking":false,"_monsterinsights_sitenote_active":false,"_monsterinsights_sitenote_note":"","_monsterinsights_sitenote_category":0},"product_brand":[],"product_cat":[12777,12291],"product_tag":[],"class_list":{"0":"post-740834","1":"product","2":"type-product","3":"status-publish","5":"product_cat-deneme","6":"product_cat-edebiyat","7":"pa_cilt-ciltsiz","8":"pa_tur-kitap","9":"pa_yayinevi-platanus-publishing","10":"pa_yazar-mehmet-artuk","12":"first","13":"instock","14":"sale","15":"shipping-taxable","16":"purchasable","17":"product-type-simple"},"_links":{"self":[{"href":"https:\/\/roveyayinevi.com.tr\/index.php\/wp-json\/wp\/v2\/product\/740834","targetHints":{"allow":["GET"]}}],"collection":[{"href":"https:\/\/roveyayinevi.com.tr\/index.php\/wp-json\/wp\/v2\/product"}],"about":[{"href":"https:\/\/roveyayinevi.com.tr\/index.php\/wp-json\/wp\/v2\/types\/product"}],"wp:attachment":[{"href":"https:\/\/roveyayinevi.com.tr\/index.php\/wp-json\/wp\/v2\/media?parent=740834"}],"wp:term":[{"taxonomy":"product_brand","embeddable":true,"href":"https:\/\/roveyayinevi.com.tr\/index.php\/wp-json\/wp\/v2\/product_brand?post=740834"},{"taxonomy":"product_cat","embeddable":true,"href":"https:\/\/roveyayinevi.com.tr\/index.php\/wp-json\/wp\/v2\/product_cat?post=740834"},{"taxonomy":"product_tag","embeddable":true,"href":"https:\/\/roveyayinevi.com.tr\/index.php\/wp-json\/wp\/v2\/product_tag?post=740834"}],"curies":[{"name":"wp","href":"https:\/\/api.w.org\/{rel}","templated":true}]}}