{"id":740832,"date":"2025-08-28T00:36:21","date_gmt":"2025-08-27T21:36:21","guid":{"rendered":"https:\/\/roveyayinevi.com.tr\/index.php\/urun\/hayal-ve-hakikat\/"},"modified":"2026-04-16T02:52:03","modified_gmt":"2026-04-15T23:52:03","slug":"hayal-ve-hakikat","status":"publish","type":"product","link":"https:\/\/roveyayinevi.com.tr\/index.php\/urun\/hayal-ve-hakikat\/","title":{"rendered":"Hayal ve Hakikat"},"content":{"rendered":"<p>Hayal ve Hakikat Ahmet Mithat Efendi Haz\u0131rlayan: Semih Do\u011fan Hazin bir a\u015fk hik\u00e2yesi okunuyor Fatma Aliye Han\u0131m\u2019\u0131n kaleminden. Vedat\u2019\u0131n k\u0131r\u0131k kalbi, onun kalemiyle can buluyor. Ard\u0131ndan Vedat\u2019\u0131n vefas\u0131z sevgilisi Vefa\u2019n\u0131n yazd\u0131\u011f\u0131 cevap mektubu yerini al\u0131yor Ahmet Mithat\u2019\u0131n sat\u0131rlar\u0131yla. Edebiyat\u0131m\u0131z\u0131n ilk \u00e7ift yazarl\u0131 kitab\u0131 bulu\u015fuyor okuyucuyla. Yazarlar\u0131ndan birinin kad\u0131n oldu\u011fu ilk kitap, yay\u0131n d\u00fcnyam\u0131za bu kez g\u00fcn\u00fcm\u00fcz T\u00fcrk\u00e7esiyle ad\u0131m at\u0131yor. Hayal ve Hakikat isimli bu k\u00fc\u00e7\u00fck ama etkili kitap, bug\u00fcn T\u00fcrk edebiyat\u0131nda efsane h\u00e2line gelmi\u015f iki b\u00fcy\u00fck ismi bir araya getiriyor. <\/p>\n","protected":false},"excerpt":{"rendered":"<p>Hayal ve Hakikat Ahmet Mithat Efendi Haz\u0131rlayan: Semih Do\u011fan Hazin bir a\u015fk hik\u00e2yesi okunuyor Fatma Aliye Han\u0131m\u2019\u0131n kaleminden. Vedat\u2019\u0131n k\u0131r\u0131k kalbi, onun kalemiyle can buluyor. Ard\u0131ndan<span class=\"excerpt-hellip\"> [\u2026]<\/span><\/p>\n","protected":false},"featured_media":0,"template":"","meta":{"_monsterinsights_skip_tracking":false,"_monsterinsights_sitenote_active":false,"_monsterinsights_sitenote_note":"","_monsterinsights_sitenote_category":0},"product_brand":[],"product_cat":[12291,12711],"product_tag":[],"class_list":{"0":"post-740832","1":"product","2":"type-product","3":"status-publish","5":"product_cat-edebiyat","6":"product_cat-roman-oyku","7":"pa_cilt-ciltsiz","8":"pa_tur-kitap","9":"pa_yayinevi-sapiens-yayinlari","10":"pa_yazar-ahmet-mithat-efendi","12":"first","13":"instock","14":"sale","15":"shipping-taxable","16":"purchasable","17":"product-type-simple"},"_links":{"self":[{"href":"https:\/\/roveyayinevi.com.tr\/index.php\/wp-json\/wp\/v2\/product\/740832","targetHints":{"allow":["GET"]}}],"collection":[{"href":"https:\/\/roveyayinevi.com.tr\/index.php\/wp-json\/wp\/v2\/product"}],"about":[{"href":"https:\/\/roveyayinevi.com.tr\/index.php\/wp-json\/wp\/v2\/types\/product"}],"wp:attachment":[{"href":"https:\/\/roveyayinevi.com.tr\/index.php\/wp-json\/wp\/v2\/media?parent=740832"}],"wp:term":[{"taxonomy":"product_brand","embeddable":true,"href":"https:\/\/roveyayinevi.com.tr\/index.php\/wp-json\/wp\/v2\/product_brand?post=740832"},{"taxonomy":"product_cat","embeddable":true,"href":"https:\/\/roveyayinevi.com.tr\/index.php\/wp-json\/wp\/v2\/product_cat?post=740832"},{"taxonomy":"product_tag","embeddable":true,"href":"https:\/\/roveyayinevi.com.tr\/index.php\/wp-json\/wp\/v2\/product_tag?post=740832"}],"curies":[{"name":"wp","href":"https:\/\/api.w.org\/{rel}","templated":true}]}}