{"id":740830,"date":"2025-08-28T00:36:18","date_gmt":"2025-08-27T21:36:18","guid":{"rendered":"https:\/\/roveyayinevi.com.tr\/index.php\/urun\/isigin-taci\/"},"modified":"2026-04-16T02:52:03","modified_gmt":"2026-04-15T23:52:03","slug":"isigin-taci","status":"publish","type":"product","link":"https:\/\/roveyayinevi.com.tr\/index.php\/urun\/isigin-taci\/","title":{"rendered":"I\u015f\u0131\u011f\u0131n Tac\u0131"},"content":{"rendered":"<p>Bir Kral Da\u011f\u0131lm\u0131\u015f haldeki t\u00fcm \u0131rklar\u0131 tek bir yumruk haline getirebilmek i\u00e7in zaman\u0131 oldu\u011funa inanan.   Bir Bilge G\u00f6r\u00fclmeyeni g\u00f6ren zihinler i\u00e7in i\u015faretler olduk\u00e7a a\u00e7\u0131k, geliyorlar.   Bir Deli Akl\u0131 ba\u015f\u0131nda t\u00fcm varl\u0131klar\u0131n can\u0131n\u0131 vermeye g\u00f6n\u00fcll\u00fc oldu\u011fu.   Bir \u00e7ocuk Erken b\u00fcy\u00fcmek zorunda b\u0131rak\u0131lan binlercesinden biri.   Bir Melek D\u00f6vmeleri \u00f6l\u00fcm\u00fc aldatt\u0131\u011f\u0131n\u0131n i\u015fareti.   Bir Tanr\u0131 Zincire vurulmu\u015f bedeni kinle dolu. Bir Ta\u00e7 Y\u00fckselmesi d\u00fc\u015fmesine ba\u011fl\u0131.   Bir Dost En yak\u0131n yolda\u015f\u0131, ihaneti.   Bir Sava\u015f Sadece ba\u015flang\u0131\u00e7.<\/p>\n","protected":false},"excerpt":{"rendered":"<p>Bir Kral Da\u011f\u0131lm\u0131\u015f haldeki t\u00fcm \u0131rklar\u0131 tek bir yumruk haline getirebilmek i\u00e7in zaman\u0131 oldu\u011funa inanan. Bir Bilge G\u00f6r\u00fclmeyeni g\u00f6ren zihinler i\u00e7in i\u015faretler olduk\u00e7a a\u00e7\u0131k, geliyorlar. Bir<span class=\"excerpt-hellip\"> [\u2026]<\/span><\/p>\n","protected":false},"featured_media":0,"template":"","meta":{"_monsterinsights_skip_tracking":false,"_monsterinsights_sitenote_active":false,"_monsterinsights_sitenote_note":"","_monsterinsights_sitenote_category":0},"product_brand":[],"product_cat":[12291,14777],"product_tag":[],"class_list":{"0":"post-740830","1":"product","2":"type-product","3":"status-publish","5":"product_cat-edebiyat","6":"product_cat-fantastik","7":"pa_cilt-ciltsiz","8":"pa_tur-kitap","9":"pa_yayinevi-perseus","10":"pa_yazar-toprak-aziz-ot","12":"first","13":"instock","14":"sale","15":"shipping-taxable","16":"purchasable","17":"product-type-simple"},"_links":{"self":[{"href":"https:\/\/roveyayinevi.com.tr\/index.php\/wp-json\/wp\/v2\/product\/740830","targetHints":{"allow":["GET"]}}],"collection":[{"href":"https:\/\/roveyayinevi.com.tr\/index.php\/wp-json\/wp\/v2\/product"}],"about":[{"href":"https:\/\/roveyayinevi.com.tr\/index.php\/wp-json\/wp\/v2\/types\/product"}],"wp:attachment":[{"href":"https:\/\/roveyayinevi.com.tr\/index.php\/wp-json\/wp\/v2\/media?parent=740830"}],"wp:term":[{"taxonomy":"product_brand","embeddable":true,"href":"https:\/\/roveyayinevi.com.tr\/index.php\/wp-json\/wp\/v2\/product_brand?post=740830"},{"taxonomy":"product_cat","embeddable":true,"href":"https:\/\/roveyayinevi.com.tr\/index.php\/wp-json\/wp\/v2\/product_cat?post=740830"},{"taxonomy":"product_tag","embeddable":true,"href":"https:\/\/roveyayinevi.com.tr\/index.php\/wp-json\/wp\/v2\/product_tag?post=740830"}],"curies":[{"name":"wp","href":"https:\/\/api.w.org\/{rel}","templated":true}]}}