{"id":740761,"date":"2025-08-28T00:34:31","date_gmt":"2025-08-27T21:34:31","guid":{"rendered":"https:\/\/roveyayinevi.com.tr\/index.php\/urun\/maliye-yazilari-teori-iktisat-politika\/"},"modified":"2026-04-16T02:52:00","modified_gmt":"2026-04-15T23:52:00","slug":"maliye-yazilari-teori-iktisat-politika","status":"publish","type":"product","link":"https:\/\/roveyayinevi.com.tr\/index.php\/urun\/maliye-yazilari-teori-iktisat-politika\/","title":{"rendered":"Maliye Yaz\u0131lar\u0131 &#8211; Teori &#8211; \u0130ktisat &#8211; Politika"},"content":{"rendered":"<p>\u0130\u00e7indekiler   \u00b7         T\u00fcrkiye\u2019de Vergi A\u00e7\u0131\u011f\u0131, Vergi Canl\u0131l\u0131\u011f\u0131 ve Ekonomik Konjonkt\u00fcr \u00b7         Vergilemenin \u0130dari Maliyetleri ve T\u00fcrkiye\u2019deki Durum \u00b7         \u00c7evre Vergilerinin Karbondioksit Emisyonu \u00dczerideki Etkisi Avrupa Birli\u011fi \u00dclkeleri \u0130\u00e7in Panel Veri Analizi \u00b7         Y\u00fcksek\u00f6\u011fretim Burs ve Kredilerinin E\u011fitimde F\u0131rsat E\u015fitli\u011fine Etkisi: Bursa \u0130li Ara\u015ft\u0131rmas\u0131 \u00b7         Mali Risk Analizi \u00c7er\u00e7evesinde Kamu Bor\u00e7lanmas\u0131nda \u0130lk G\u00fcnah Sendromu: Arjantin Ekonomisi \u00d6rne\u011fi \u00b7         Verginin Fiskal (Mali) ve Ekstra Fiskal (Mali Olmayan) Ama\u00e7lar\u0131 Kapsam\u0131nda Sal\u0131nan Tuhaf Vergiler \u00b7         Kamu Sa\u011fl\u0131k Harcamalar\u0131 ve Baumol Maliyet Hastal\u0131\u011f\u0131 \u0130li\u015fkisi \u00b7         T\u00fcrkiye\u2019de Vergi Cezalar\u0131n\u0131n Mali Boyutu \u00b7         Mali Kurallar\u0131n Tasar\u0131m A\u00e7mazlar\u0131 \u00dczerine Bir Deneme \u00b7         Kamu Tercihi Teorisi Perspektifinden 2019 Yerel Se\u00e7imi S\u00fcrecinde Makroekonomik G\u00f6stergelerin Analizi \u00b7         Matrah Art\u0131r\u0131m\u0131n Teorik A\u00e7\u0131dan \u0130ncelenmesi \u00b7         T\u00fcrkiye\u2019de \u00dccretliler \u0130\u00e7in Belirlenen Gelir Vergisi Tarifesinin Mali S\u00fcr\u00fcklenme \u00c7er\u00e7evesinde \u0130ncelenmesi: 2011-2022 D\u00f6nemi \u00b7         Hasan Saka ve Eseri \u201cMaliye Ders Notlar\u0131\u201d <\/p>\n","protected":false},"excerpt":{"rendered":"<p>\u0130\u00e7indekiler \u00b7 T\u00fcrkiye\u2019de Vergi A\u00e7\u0131\u011f\u0131, Vergi Canl\u0131l\u0131\u011f\u0131 ve Ekonomik Konjonkt\u00fcr \u00b7 Vergilemenin \u0130dari Maliyetleri ve T\u00fcrkiye\u2019deki Durum \u00b7 \u00c7evre Vergilerinin Karbondioksit Emisyonu \u00dczerideki Etkisi Avrupa Birli\u011fi<span class=\"excerpt-hellip\"> [\u2026]<\/span><\/p>\n","protected":false},"featured_media":0,"template":"","meta":{"_monsterinsights_skip_tracking":false,"_monsterinsights_sitenote_active":false,"_monsterinsights_sitenote_note":"","_monsterinsights_sitenote_category":0},"product_brand":[],"product_cat":[12573,12566],"product_tag":[],"class_list":{"0":"post-740761","1":"product","2":"type-product","3":"status-publish","5":"product_cat-akademik-kitaplar","6":"product_cat-egitim","7":"pa_cilt-ciltsiz","8":"pa_tur-kitap","9":"pa_yayinevi-gazi-kitabevi","10":"pa_yazar-arkan-yusufoglu-muharrem-cakir","12":"first","13":"instock","14":"sale","15":"shipping-taxable","16":"purchasable","17":"product-type-simple"},"_links":{"self":[{"href":"https:\/\/roveyayinevi.com.tr\/index.php\/wp-json\/wp\/v2\/product\/740761","targetHints":{"allow":["GET"]}}],"collection":[{"href":"https:\/\/roveyayinevi.com.tr\/index.php\/wp-json\/wp\/v2\/product"}],"about":[{"href":"https:\/\/roveyayinevi.com.tr\/index.php\/wp-json\/wp\/v2\/types\/product"}],"wp:attachment":[{"href":"https:\/\/roveyayinevi.com.tr\/index.php\/wp-json\/wp\/v2\/media?parent=740761"}],"wp:term":[{"taxonomy":"product_brand","embeddable":true,"href":"https:\/\/roveyayinevi.com.tr\/index.php\/wp-json\/wp\/v2\/product_brand?post=740761"},{"taxonomy":"product_cat","embeddable":true,"href":"https:\/\/roveyayinevi.com.tr\/index.php\/wp-json\/wp\/v2\/product_cat?post=740761"},{"taxonomy":"product_tag","embeddable":true,"href":"https:\/\/roveyayinevi.com.tr\/index.php\/wp-json\/wp\/v2\/product_tag?post=740761"}],"curies":[{"name":"wp","href":"https:\/\/api.w.org\/{rel}","templated":true}]}}