{"id":740743,"date":"2025-08-28T00:34:10","date_gmt":"2025-08-27T21:34:10","guid":{"rendered":"https:\/\/roveyayinevi.com.tr\/index.php\/urun\/le-dernier-jour-dun-condamne\/"},"modified":"2026-04-16T02:51:59","modified_gmt":"2026-04-15T23:51:59","slug":"le-dernier-jour-dun-condamne","status":"publish","type":"product","link":"https:\/\/roveyayinevi.com.tr\/index.php\/urun\/le-dernier-jour-dun-condamne\/","title":{"rendered":"Le Dernier Jour d\u2019un Condamn\u00e9"},"content":{"rendered":"<p>Un moment de la vie d\u2019un homme.Un moment fugitif.Le dernier combat d&#8217;une \u00e2me en attente de son ex\u00e9cution.Le Dernier Jour d&#8217;un Condamn\u00e9est le cri tragique de Victor Hugo contre la peine de mort.Une histoire vraie, un drame stup\u00e9fiant.<\/p>\n","protected":false},"excerpt":{"rendered":"<p>Un moment de la vie d\u2019un homme.Un moment fugitif.Le dernier combat d&#8217;une \u00e2me en attente de son ex\u00e9cution.Le Dernier Jour d&#8217;un Condamn\u00e9est le cri tragique de<span class=\"excerpt-hellip\"> [\u2026]<\/span><\/p>\n","protected":false},"featured_media":0,"template":"","meta":{"_monsterinsights_skip_tracking":false,"_monsterinsights_sitenote_active":false,"_monsterinsights_sitenote_note":"","_monsterinsights_sitenote_category":0},"product_brand":[],"product_cat":[12291,12711],"product_tag":[],"class_list":{"0":"post-740743","1":"product","2":"type-product","3":"status-publish","5":"product_cat-edebiyat","6":"product_cat-roman-oyku","7":"pa_cilt-ciltsiz","8":"pa_tur-kitap","9":"pa_yayinevi-sapiens-yayinlari","10":"pa_yazar-victor-hugo","12":"first","13":"instock","14":"sale","15":"shipping-taxable","16":"purchasable","17":"product-type-simple"},"_links":{"self":[{"href":"https:\/\/roveyayinevi.com.tr\/index.php\/wp-json\/wp\/v2\/product\/740743","targetHints":{"allow":["GET"]}}],"collection":[{"href":"https:\/\/roveyayinevi.com.tr\/index.php\/wp-json\/wp\/v2\/product"}],"about":[{"href":"https:\/\/roveyayinevi.com.tr\/index.php\/wp-json\/wp\/v2\/types\/product"}],"wp:attachment":[{"href":"https:\/\/roveyayinevi.com.tr\/index.php\/wp-json\/wp\/v2\/media?parent=740743"}],"wp:term":[{"taxonomy":"product_brand","embeddable":true,"href":"https:\/\/roveyayinevi.com.tr\/index.php\/wp-json\/wp\/v2\/product_brand?post=740743"},{"taxonomy":"product_cat","embeddable":true,"href":"https:\/\/roveyayinevi.com.tr\/index.php\/wp-json\/wp\/v2\/product_cat?post=740743"},{"taxonomy":"product_tag","embeddable":true,"href":"https:\/\/roveyayinevi.com.tr\/index.php\/wp-json\/wp\/v2\/product_tag?post=740743"}],"curies":[{"name":"wp","href":"https:\/\/api.w.org\/{rel}","templated":true}]}}