{"id":740715,"date":"2025-08-28T00:33:37","date_gmt":"2025-08-27T21:33:37","guid":{"rendered":"https:\/\/roveyayinevi.com.tr\/index.php\/urun\/kan-ve-kul\/"},"modified":"2026-04-16T02:51:57","modified_gmt":"2026-04-15T23:51:57","slug":"kan-ve-kul","status":"publish","type":"product","link":"https:\/\/roveyayinevi.com.tr\/index.php\/urun\/kan-ve-kul\/","title":{"rendered":"Kan ve K\u00fcl"},"content":{"rendered":"<p>Casuslar dola\u015f\u0131yor \u015fehrin sokaklar\u0131nda. K\u00f6\u015fe ba\u015flar\u0131nda bin y\u0131ll\u0131k bir s\u0131r aran\u0131yor. O, etraf\u0131nda olanlardan uzak, yaln\u0131zl\u0131\u011f\u0131na yak\u0131n bir insan, foto\u011frafik haf\u0131zaya sahip gen\u00e7 bir kad\u0131n ve ge\u00e7mi\u015fin bilinemezli\u011fine hayran bir tarih\u00e7i. Ve bir gecede hayat\u0131 de\u011fi\u015fti. Hem \u0130ngiliz istihbarat\u0131 hem kadim bir tarikat pe\u015finde. Bildi\u011fini bilmedi\u011fi bir s\u0131rr\u0131n tek varisi. Ka\u00e7abilece\u011fi bir yer yok! G\u00fcvenebilece\u011fi kimse yok! Onun i\u00e7in b\u0131rak\u0131lan \u015fifreleri \u00e7\u00f6zmek ve hayatta kalmak zorunda. Kan ve K\u00fcl soluksuz okuyaca\u011f\u0131n\u0131z gizemli bir macera. Nefessiz kalmaya haz\u0131r m\u0131s\u0131n\u0131z? <\/p>\n","protected":false},"excerpt":{"rendered":"<p>Casuslar dola\u015f\u0131yor \u015fehrin sokaklar\u0131nda. K\u00f6\u015fe ba\u015flar\u0131nda bin y\u0131ll\u0131k bir s\u0131r aran\u0131yor. O, etraf\u0131nda olanlardan uzak, yaln\u0131zl\u0131\u011f\u0131na yak\u0131n bir insan, foto\u011frafik haf\u0131zaya sahip gen\u00e7 bir kad\u0131n ve<span class=\"excerpt-hellip\"> [\u2026]<\/span><\/p>\n","protected":false},"featured_media":0,"template":"","meta":{"_monsterinsights_skip_tracking":false,"_monsterinsights_sitenote_active":false,"_monsterinsights_sitenote_note":"","_monsterinsights_sitenote_category":0},"product_brand":[],"product_cat":[12291,12711],"product_tag":[],"class_list":{"0":"post-740715","1":"product","2":"type-product","3":"status-publish","5":"product_cat-edebiyat","6":"product_cat-roman-oyku","7":"pa_cilt-ciltsiz","8":"pa_tur-kitap","9":"pa_yayinevi-sapiens-yayinlari","10":"pa_yazar-gokce-dogan","12":"first","13":"instock","14":"sale","15":"shipping-taxable","16":"purchasable","17":"product-type-simple"},"_links":{"self":[{"href":"https:\/\/roveyayinevi.com.tr\/index.php\/wp-json\/wp\/v2\/product\/740715","targetHints":{"allow":["GET"]}}],"collection":[{"href":"https:\/\/roveyayinevi.com.tr\/index.php\/wp-json\/wp\/v2\/product"}],"about":[{"href":"https:\/\/roveyayinevi.com.tr\/index.php\/wp-json\/wp\/v2\/types\/product"}],"wp:attachment":[{"href":"https:\/\/roveyayinevi.com.tr\/index.php\/wp-json\/wp\/v2\/media?parent=740715"}],"wp:term":[{"taxonomy":"product_brand","embeddable":true,"href":"https:\/\/roveyayinevi.com.tr\/index.php\/wp-json\/wp\/v2\/product_brand?post=740715"},{"taxonomy":"product_cat","embeddable":true,"href":"https:\/\/roveyayinevi.com.tr\/index.php\/wp-json\/wp\/v2\/product_cat?post=740715"},{"taxonomy":"product_tag","embeddable":true,"href":"https:\/\/roveyayinevi.com.tr\/index.php\/wp-json\/wp\/v2\/product_tag?post=740715"}],"curies":[{"name":"wp","href":"https:\/\/api.w.org\/{rel}","templated":true}]}}