{"id":740712,"date":"2025-08-28T00:33:33","date_gmt":"2025-08-27T21:33:33","guid":{"rendered":"https:\/\/roveyayinevi.com.tr\/index.php\/urun\/kitap-dedektifi\/"},"modified":"2026-04-12T02:56:12","modified_gmt":"2026-04-11T23:56:12","slug":"kitap-dedektifi","status":"publish","type":"product","link":"https:\/\/roveyayinevi.com.tr\/index.php\/urun\/kitap-dedektifi\/","title":{"rendered":"Kitap Dedektifi"},"content":{"rendered":"<p>Kitap Dedektifi\u0130brahim T\u00fcrkanBu kitap tam size g\u00f6re!Evet, siz&#8230;Etrafa bak\u0131nmay\u0131n bo\u015funa.Az \u00f6nce bir kitabevinin aral\u0131k kap\u0131s\u0131ndan i\u00e7eri girdiniz. Art\u0131k huzurlu bir yerdesiniz.Duvarlar raflar boyu kitaplarla dolu.\u0130rili ufakl\u0131 binlerce cilt&#8230;Reng\u00e2renk bir c\u00fcmb\u00fc\u015f&#8230;Ama akl\u0131n\u0131za tak\u0131l\u0131 ac\u0131 bir soru var.&#8221;Neyi okumal\u0131y\u0131m?&#8221;\u0130\u015fte bu y\u00fczden elinizdeki kitap tam size g\u00f6re.Kitap Dedektifi, bir rehber. Ki\u015fisel bir okuma atlas\u0131. Kitaplar\u0131 i\u00e7ine alan bir kitaplar kitab\u0131.K\u0131sa notlar, verilen puanlar ve alt\u0131 \u00e7izili sat\u0131rlar&#8230; D\u00fcnyan\u0131n her k\u00f6\u015fesinden,her \u00e7a\u011fdan yazar\u0131n ge\u00e7it yapt\u0131\u011f\u0131 sayfalar bunlar.Bo\u015funa bak\u0131nmay\u0131n etrafa, a\u00e7\u0131n art\u0131k sayfalar\u0131.<\/p>\n","protected":false},"excerpt":{"rendered":"<p>Kitap Dedektifi\u0130brahim T\u00fcrkanBu kitap tam size g\u00f6re!Evet, siz&#8230;Etrafa bak\u0131nmay\u0131n bo\u015funa.Az \u00f6nce bir kitabevinin aral\u0131k kap\u0131s\u0131ndan i\u00e7eri girdiniz. Art\u0131k huzurlu bir yerdesiniz.Duvarlar raflar boyu kitaplarla dolu.\u0130rili ufakl\u0131<span class=\"excerpt-hellip\"> [\u2026]<\/span><\/p>\n","protected":false},"featured_media":0,"template":"","meta":{"_monsterinsights_skip_tracking":false,"_monsterinsights_sitenote_active":false,"_monsterinsights_sitenote_note":"","_monsterinsights_sitenote_category":0},"product_brand":[],"product_cat":[12364,12376],"product_tag":[],"class_list":{"0":"post-740712","1":"product","2":"type-product","3":"status-publish","5":"product_cat-genel-konular","6":"product_cat-kisisel-gelisim","7":"pa_cilt-ciltsiz","8":"pa_tur-kitap","9":"pa_yayinevi-sapiens-yayinlari","10":"pa_yazar-ibrahim-turkan","12":"first","13":"instock","14":"sale","15":"shipping-taxable","16":"purchasable","17":"product-type-simple"},"_links":{"self":[{"href":"https:\/\/roveyayinevi.com.tr\/index.php\/wp-json\/wp\/v2\/product\/740712","targetHints":{"allow":["GET"]}}],"collection":[{"href":"https:\/\/roveyayinevi.com.tr\/index.php\/wp-json\/wp\/v2\/product"}],"about":[{"href":"https:\/\/roveyayinevi.com.tr\/index.php\/wp-json\/wp\/v2\/types\/product"}],"wp:attachment":[{"href":"https:\/\/roveyayinevi.com.tr\/index.php\/wp-json\/wp\/v2\/media?parent=740712"}],"wp:term":[{"taxonomy":"product_brand","embeddable":true,"href":"https:\/\/roveyayinevi.com.tr\/index.php\/wp-json\/wp\/v2\/product_brand?post=740712"},{"taxonomy":"product_cat","embeddable":true,"href":"https:\/\/roveyayinevi.com.tr\/index.php\/wp-json\/wp\/v2\/product_cat?post=740712"},{"taxonomy":"product_tag","embeddable":true,"href":"https:\/\/roveyayinevi.com.tr\/index.php\/wp-json\/wp\/v2\/product_tag?post=740712"}],"curies":[{"name":"wp","href":"https:\/\/api.w.org\/{rel}","templated":true}]}}