{"id":740711,"date":"2025-08-28T00:33:32","date_gmt":"2025-08-27T21:33:32","guid":{"rendered":"https:\/\/roveyayinevi.com.tr\/index.php\/urun\/kiyamet-savasi\/"},"modified":"2026-04-16T02:51:57","modified_gmt":"2026-04-15T23:51:57","slug":"kiyamet-savasi","status":"publish","type":"product","link":"https:\/\/roveyayinevi.com.tr\/index.php\/urun\/kiyamet-savasi\/","title":{"rendered":"K\u0131yamet Sava\u015f\u0131"},"content":{"rendered":"<p>K\u0131yamet Sava\u015f\u0131Serkan Kandemir\u00dc\u00e7 diyar ayr\u0131yd\u0131 birbirinden.\u00d6n\u00fcnde yarat\u0131klar\u0131n n\u00f6bet tuttu\u011fu \u00fc\u00e7 kap\u0131 vard\u0131. Yery\u00fcz\u00fc ile g\u00f6ky\u00fcz\u00fc&#8230;Ve her ikisinden \u00e7\u0131k\u0131\u015f\u0131 olan \u00f6l\u00fcler diyar\u0131.Yaratma g\u00fcc\u00fcne sahip olmak istiyor Maduna.Maduna, \u00f6l\u00fcler diyar\u0131n\u0131n karanl\u0131k b\u00fcy\u00fcc\u00fcs\u00fc.Amac\u0131, yeri ve g\u00f6\u011f\u00fc avucuna almak,yok etmek b\u00fct\u00fcn insanl\u0131\u011f\u0131.B\u00fcy\u00fck sava\u015f b\u00f6yle ba\u015flad\u0131. Y\u00fcz\u00fc olmayan cinler,\u00fc\u00e7 ba\u015fl\u0131 ve boynuzlu y\u0131lanlar,k\u0131rm\u0131z\u0131ya \u00e7alan kabuksu bedenleriyle zebunlar&#8230;K\u0131yamet Sava\u015f\u0131, ilham\u0131n\u0131 bu topraklardan, Mezopotamya&#8217;dan,S\u00fcmerlerin kay\u0131p medeniyetinden alangizemli, b\u00fcy\u00fcleyici ve nefes kesen bir macera.Yerli fantastik t\u00fcr\u00fcn ilk b\u00fcy\u00fck ad\u0131m\u0131&#8230; \u0130yi ile k\u00f6t\u00fcn\u00fcn epik destan\u0131&#8230;<\/p>\n","protected":false},"excerpt":{"rendered":"<p>K\u0131yamet Sava\u015f\u0131Serkan Kandemir\u00dc\u00e7 diyar ayr\u0131yd\u0131 birbirinden.\u00d6n\u00fcnde yarat\u0131klar\u0131n n\u00f6bet tuttu\u011fu \u00fc\u00e7 kap\u0131 vard\u0131. Yery\u00fcz\u00fc ile g\u00f6ky\u00fcz\u00fc&#8230;Ve her ikisinden \u00e7\u0131k\u0131\u015f\u0131 olan \u00f6l\u00fcler diyar\u0131.Yaratma g\u00fcc\u00fcne sahip olmak istiyor Maduna.Maduna,<span class=\"excerpt-hellip\"> [\u2026]<\/span><\/p>\n","protected":false},"featured_media":0,"template":"","meta":{"_monsterinsights_skip_tracking":false,"_monsterinsights_sitenote_active":false,"_monsterinsights_sitenote_note":"","_monsterinsights_sitenote_category":0},"product_brand":[],"product_cat":[12291,12711],"product_tag":[],"class_list":{"0":"post-740711","1":"product","2":"type-product","3":"status-publish","5":"product_cat-edebiyat","6":"product_cat-roman-oyku","7":"pa_cilt-ciltsiz","8":"pa_tur-kitap","9":"pa_yayinevi-sapiens-yayinlari","10":"pa_yazar-serdar-kandemir","12":"first","13":"instock","14":"sale","15":"shipping-taxable","16":"purchasable","17":"product-type-simple"},"_links":{"self":[{"href":"https:\/\/roveyayinevi.com.tr\/index.php\/wp-json\/wp\/v2\/product\/740711","targetHints":{"allow":["GET"]}}],"collection":[{"href":"https:\/\/roveyayinevi.com.tr\/index.php\/wp-json\/wp\/v2\/product"}],"about":[{"href":"https:\/\/roveyayinevi.com.tr\/index.php\/wp-json\/wp\/v2\/types\/product"}],"wp:attachment":[{"href":"https:\/\/roveyayinevi.com.tr\/index.php\/wp-json\/wp\/v2\/media?parent=740711"}],"wp:term":[{"taxonomy":"product_brand","embeddable":true,"href":"https:\/\/roveyayinevi.com.tr\/index.php\/wp-json\/wp\/v2\/product_brand?post=740711"},{"taxonomy":"product_cat","embeddable":true,"href":"https:\/\/roveyayinevi.com.tr\/index.php\/wp-json\/wp\/v2\/product_cat?post=740711"},{"taxonomy":"product_tag","embeddable":true,"href":"https:\/\/roveyayinevi.com.tr\/index.php\/wp-json\/wp\/v2\/product_tag?post=740711"}],"curies":[{"name":"wp","href":"https:\/\/api.w.org\/{rel}","templated":true}]}}