{"id":740702,"date":"2025-08-28T00:33:23","date_gmt":"2025-08-27T21:33:23","guid":{"rendered":"https:\/\/roveyayinevi.com.tr\/index.php\/urun\/saat-on-ikiyi-sek-iciyordu\/"},"modified":"2026-04-16T02:51:56","modified_gmt":"2026-04-15T23:51:56","slug":"saat-on-ikiyi-sek-iciyordu","status":"publish","type":"product","link":"https:\/\/roveyayinevi.com.tr\/index.php\/urun\/saat-on-ikiyi-sek-iciyordu\/","title":{"rendered":"Saat On \u0130kiyi Sek \u0130\u00e7iyordu"},"content":{"rendered":"<p>Saat On \u0130kiyi Sek \u0130\u00e7iyorduBerrin Nilg\u00fcn K\u0131l\u0131\u00e7Zamandayd\u0131 b\u00fct\u00fcn sorun.Tek su\u00e7lu saatti.Akreple yelkovan\u0131n \u00f6p\u00fc\u015fmesi,g\u00f6zlerden \u0131rak ya\u015fanan bir gizemdi.Kundaklanm\u0131\u015f uykularda uyumaya \u00e7al\u0131\u015ft\u0131n m\u0131 hi\u00e7? Dudaklar\u0131nda kanayan ruhunun tad\u0131yla uyand\u0131n m\u0131?O zaman kapat gecenin y\u0131ld\u0131zlar\u0131n\u0131.\u00c7\u00fcnk\u00fc bu sat\u0131rlar\u0131n yazar\u0131yla ayn\u0131 saftas\u0131n.D\u00fc\u015flerin bilekleri kesik,\u00e7okluk yoklu\u011fa kar\u0131\u015fm\u0131\u015f.Saat On \u0130kiyi Sek \u0130\u00e7iyordu, vaktin \u015fiir damar\u0131.Dedik ya az evvel,b\u00fct\u00fcn sorun zamandayd\u0131&#8230;<\/p>\n","protected":false},"excerpt":{"rendered":"<p>Saat On \u0130kiyi Sek \u0130\u00e7iyorduBerrin Nilg\u00fcn K\u0131l\u0131\u00e7Zamandayd\u0131 b\u00fct\u00fcn sorun.Tek su\u00e7lu saatti.Akreple yelkovan\u0131n \u00f6p\u00fc\u015fmesi,g\u00f6zlerden \u0131rak ya\u015fanan bir gizemdi.Kundaklanm\u0131\u015f uykularda uyumaya \u00e7al\u0131\u015ft\u0131n m\u0131 hi\u00e7? Dudaklar\u0131nda kanayan ruhunun tad\u0131yla<span class=\"excerpt-hellip\"> [\u2026]<\/span><\/p>\n","protected":false},"featured_media":0,"template":"","meta":{"_monsterinsights_skip_tracking":false,"_monsterinsights_sitenote_active":false,"_monsterinsights_sitenote_note":"","_monsterinsights_sitenote_category":0},"product_brand":[],"product_cat":[12291,12509],"product_tag":[],"class_list":{"0":"post-740702","1":"product","2":"type-product","3":"status-publish","5":"product_cat-edebiyat","6":"product_cat-siir","7":"pa_cilt-ciltsiz","8":"pa_tur-kitap","9":"pa_yayinevi-sapiens-yayinlari","10":"pa_yazar-berrin-nilgun-kilic","12":"first","13":"instock","14":"sale","15":"shipping-taxable","16":"purchasable","17":"product-type-simple"},"_links":{"self":[{"href":"https:\/\/roveyayinevi.com.tr\/index.php\/wp-json\/wp\/v2\/product\/740702","targetHints":{"allow":["GET"]}}],"collection":[{"href":"https:\/\/roveyayinevi.com.tr\/index.php\/wp-json\/wp\/v2\/product"}],"about":[{"href":"https:\/\/roveyayinevi.com.tr\/index.php\/wp-json\/wp\/v2\/types\/product"}],"wp:attachment":[{"href":"https:\/\/roveyayinevi.com.tr\/index.php\/wp-json\/wp\/v2\/media?parent=740702"}],"wp:term":[{"taxonomy":"product_brand","embeddable":true,"href":"https:\/\/roveyayinevi.com.tr\/index.php\/wp-json\/wp\/v2\/product_brand?post=740702"},{"taxonomy":"product_cat","embeddable":true,"href":"https:\/\/roveyayinevi.com.tr\/index.php\/wp-json\/wp\/v2\/product_cat?post=740702"},{"taxonomy":"product_tag","embeddable":true,"href":"https:\/\/roveyayinevi.com.tr\/index.php\/wp-json\/wp\/v2\/product_tag?post=740702"}],"curies":[{"name":"wp","href":"https:\/\/api.w.org\/{rel}","templated":true}]}}