{"id":740670,"date":"2025-08-28T00:32:44","date_gmt":"2025-08-27T21:32:44","guid":{"rendered":"https:\/\/roveyayinevi.com.tr\/index.php\/urun\/cilli-cirpi-5\/"},"modified":"2026-04-16T02:51:54","modified_gmt":"2026-04-15T23:51:54","slug":"cilli-cirpi-5","status":"publish","type":"product","link":"https:\/\/roveyayinevi.com.tr\/index.php\/urun\/cilli-cirpi-5\/","title":{"rendered":"\u00c7illi \u00c7irpi -5"},"content":{"rendered":"<p>Vaaayyy! Duydun mu, \u00c7illi \u00c7irpi dedesiyle birlikte yaylaya gidiyor! Yayladaki enfes \u00e7i\u00e7ek kokular\u0131n\u0131, tad\u0131na doyulmaz berrak sular\u0131, serin ve tertemiz havay\u0131, \u00e7obanlar\u0131n kaval\u0131ndan y\u00fckselen tatl\u0131 melodileri bu kitab\u0131 okurken hissedeceksin. \u00dcstelik e\u015fek Karak\u0131v\u0131rc\u0131k\u2019\u0131n g\u00fc\u00e7l\u00fc s\u0131rt\u0131nda gezinti maceras\u0131 var ki unutulmaz! Bu arada \u00c7illi \u00c7irpi ve dedesi bir sorunla ba\u015f ba\u015fa kalacak. Tavuk Hask\u0131z\u2019\u0131n g\u00f6zleri art\u0131k g\u00f6rm\u00fcyor, acaba ona yemek yedirmeyi ba\u015farabilecekler mi? Yoksa zavall\u0131c\u0131k hastalanacak. Kitab\u0131n sonundaysa \u00c7illi \u00c7irpi ve Ekrem dede e\u011flenceli mi e\u011flenceli bir kukla g\u00f6sterisi haz\u0131rlad\u0131 herkese. Kuklalar\u0131 nas\u0131l yapt\u0131klar\u0131n\u0131 \u00f6\u011frenip sen de kendi kuklan\u0131 dikmeye ne dersin? Bu iyi bir f\u0131rsat! \u00c7illi \u00c7irpi \u015fimdi de \u201cHayvan Pusulas\u0131\u201d defterine evcil hayvanlar\u0131 yaz\u0131yor. Taylar\u0131n g\u00f6zleri a\u00e7\u0131k do\u011fdu\u011funu, deve ku\u015funun sadece iki parma\u011f\u0131 oldu\u011funu, \u00f6zel horoz cinslerinin uzun uzun \u00f6terken duramay\u0131p bay\u0131ld\u0131\u011f\u0131n\u0131, kazlar\u0131n baz\u0131 \u00fclkelerde bek\u00e7i olarak kullan\u0131ld\u0131\u011f\u0131n\u0131, tav\u015fanlar\u0131n di\u015flerinin uzamaya devam etti\u011fini ve daha bir\u00e7ok \u015feyi ke\u015ffetmeye ge\u00e7 kalma! Hem belki yaylaya gidersen bu kitap da sana arkada\u015fl\u0131k eder!<\/p>\n","protected":false},"excerpt":{"rendered":"<p>Vaaayyy! Duydun mu, \u00c7illi \u00c7irpi dedesiyle birlikte yaylaya gidiyor! Yayladaki enfes \u00e7i\u00e7ek kokular\u0131n\u0131, tad\u0131na doyulmaz berrak sular\u0131, serin ve tertemiz havay\u0131, \u00e7obanlar\u0131n kaval\u0131ndan y\u00fckselen tatl\u0131 melodileri<span class=\"excerpt-hellip\"> [\u2026]<\/span><\/p>\n","protected":false},"featured_media":0,"template":"","meta":{"_monsterinsights_skip_tracking":false,"_monsterinsights_sitenote_active":false,"_monsterinsights_sitenote_note":"","_monsterinsights_sitenote_category":0},"product_brand":[],"product_cat":[12274,12284],"product_tag":[],"class_list":{"0":"post-740670","1":"product","2":"type-product","3":"status-publish","5":"product_cat-cocuk-ve-genclik-kitaplari","6":"product_cat-hikayeler","7":"pa_cilt-ciltsiz","8":"pa_tur-kitap","9":"pa_yayinevi-otuken-nesriyat","10":"pa_yazar-kudret-ayse-yilmaz","12":"first","13":"instock","14":"sale","15":"shipping-taxable","16":"purchasable","17":"product-type-simple"},"_links":{"self":[{"href":"https:\/\/roveyayinevi.com.tr\/index.php\/wp-json\/wp\/v2\/product\/740670","targetHints":{"allow":["GET"]}}],"collection":[{"href":"https:\/\/roveyayinevi.com.tr\/index.php\/wp-json\/wp\/v2\/product"}],"about":[{"href":"https:\/\/roveyayinevi.com.tr\/index.php\/wp-json\/wp\/v2\/types\/product"}],"wp:attachment":[{"href":"https:\/\/roveyayinevi.com.tr\/index.php\/wp-json\/wp\/v2\/media?parent=740670"}],"wp:term":[{"taxonomy":"product_brand","embeddable":true,"href":"https:\/\/roveyayinevi.com.tr\/index.php\/wp-json\/wp\/v2\/product_brand?post=740670"},{"taxonomy":"product_cat","embeddable":true,"href":"https:\/\/roveyayinevi.com.tr\/index.php\/wp-json\/wp\/v2\/product_cat?post=740670"},{"taxonomy":"product_tag","embeddable":true,"href":"https:\/\/roveyayinevi.com.tr\/index.php\/wp-json\/wp\/v2\/product_tag?post=740670"}],"curies":[{"name":"wp","href":"https:\/\/api.w.org\/{rel}","templated":true}]}}