{"id":740661,"date":"2025-08-28T00:32:32","date_gmt":"2025-08-27T21:32:32","guid":{"rendered":"https:\/\/roveyayinevi.com.tr\/index.php\/urun\/dark-polisiye-2-kitap\/"},"modified":"2026-04-07T02:57:22","modified_gmt":"2026-04-06T23:57:22","slug":"dark-polisiye-2-kitap","status":"publish","type":"product","link":"https:\/\/roveyayinevi.com.tr\/index.php\/urun\/dark-polisiye-2-kitap\/","title":{"rendered":"Dark Polisiye 2.Kitap"},"content":{"rendered":"<p>Bilgisayar oyunu \u015fampiyonu kay\u0131p k\u0131z\u0131 ararken, kehanetin g\u00f6rseliyle hedefe kilitlenen h\u0131r\u00e7\u0131n komiser. M\u00fcbadele y\u0131llar\u0131ndaki casus takas\u0131na tak\u0131lan dostlu\u011fun bir \u00f6m\u00fcr s\u00fcren k\u00fcsk\u00fcnl\u00fc\u011f\u00fc. Gecekonduda ya\u015fayan ailenin i\u011fren\u00e7 karakterli reisinin \u00f6l\u00fcm\u00fc. Adaletin elinden bir kez daha s\u0131yr\u0131lmakta olan psikopat katili ele veren sevimli sarman. Muhte\u015fem yal\u0131daki esrar perdesini bakla yeme\u011fi sayesinde aralayan kurt dedektif. Rakip gazetelerdeki polis muhabirlerine atlatma yapan gazetecinin son numaras\u0131. Denizde bulunan kesik bir elden \u00e7ocuk tacizcisi doktorun sap\u0131k ge\u00e7mi\u015fine do\u011fru y\u00f6nelen tekil sorgulama. \u015eansla kar\u0131\u015f\u0131k bir d\u00fcmenle hapisten \u00e7\u0131kan eli kanl\u0131 soyguncunun pe\u015fine d\u00fc\u015fen emekli ba\u015fkomiserin hatas\u0131zl\u0131k iddias\u0131. \u00c7ifte cinayet soru\u015fturmas\u0131nda muhbirini kollayan narkotik\u00e7i kirli polisle \u00e7at\u0131\u015fmaya giren iyi dedektifler. B\u00fcy\u00fck paralar\u0131n d\u00f6nd\u00fc\u011f\u00fc resim sahtek\u00e2rl\u0131\u011f\u0131n\u0131 ortaya d\u00f6ken yeni evli polis \u00e7iftin mizahla kar\u0131\u015f\u0131k \u00e7\u00f6z\u00fcm y\u00f6ntemi. \u00c7ok satan cinayet \u015fiirleri yazar\u0131n\u0131n gizemli \u00f6l\u00fcm\u00fcn\u00fcn kitap fuar\u0131nda sonlanan tuhaf soru\u015fturmas\u0131. Sanr\u0131lar i\u00e7inde akan ya\u015fam\u0131n\u0131 s\u00fcrd\u00fcrme amac\u0131n\u0131 \u00f6ld\u00fcrmekte bulan s\u0131yr\u0131k seri katilin infaz\u0131. Bulmacay\u0131 and\u0131ran seri cinayetlerin arkas\u0131ndaki kumpas\u0131 tezg\u00e2hlayan ka\u00e7ak\u00e7\u0131lar kral\u0131. Sokak \u00e7ocuklar\u0131n\u0131n aras\u0131na kar\u0131\u015farak gizli tarikat\u0131n kalbine ula\u015fan muhabirin haber u\u011fruna girdi\u011fi tehlikeli macera.<\/p>\n","protected":false},"excerpt":{"rendered":"<p>Bilgisayar oyunu \u015fampiyonu kay\u0131p k\u0131z\u0131 ararken, kehanetin g\u00f6rseliyle hedefe kilitlenen h\u0131r\u00e7\u0131n komiser. M\u00fcbadele y\u0131llar\u0131ndaki casus takas\u0131na tak\u0131lan dostlu\u011fun bir \u00f6m\u00fcr s\u00fcren k\u00fcsk\u00fcnl\u00fc\u011f\u00fc. Gecekonduda ya\u015fayan ailenin i\u011fren\u00e7<span class=\"excerpt-hellip\"> [\u2026]<\/span><\/p>\n","protected":false},"featured_media":0,"template":"","meta":{"_monsterinsights_skip_tracking":false,"_monsterinsights_sitenote_active":false,"_monsterinsights_sitenote_note":"","_monsterinsights_sitenote_category":0},"product_brand":[],"product_cat":[12291,12711],"product_tag":[],"class_list":{"0":"post-740661","1":"product","2":"type-product","3":"status-publish","5":"product_cat-edebiyat","6":"product_cat-roman-oyku","7":"pa_cilt-ciltsiz","8":"pa_tur-kitap","9":"pa_yayinevi-dark-istanbul-yayinlari","10":"pa_yazar-kollektif","12":"first","13":"instock","14":"sale","15":"shipping-taxable","16":"purchasable","17":"product-type-simple"},"_links":{"self":[{"href":"https:\/\/roveyayinevi.com.tr\/index.php\/wp-json\/wp\/v2\/product\/740661","targetHints":{"allow":["GET"]}}],"collection":[{"href":"https:\/\/roveyayinevi.com.tr\/index.php\/wp-json\/wp\/v2\/product"}],"about":[{"href":"https:\/\/roveyayinevi.com.tr\/index.php\/wp-json\/wp\/v2\/types\/product"}],"wp:attachment":[{"href":"https:\/\/roveyayinevi.com.tr\/index.php\/wp-json\/wp\/v2\/media?parent=740661"}],"wp:term":[{"taxonomy":"product_brand","embeddable":true,"href":"https:\/\/roveyayinevi.com.tr\/index.php\/wp-json\/wp\/v2\/product_brand?post=740661"},{"taxonomy":"product_cat","embeddable":true,"href":"https:\/\/roveyayinevi.com.tr\/index.php\/wp-json\/wp\/v2\/product_cat?post=740661"},{"taxonomy":"product_tag","embeddable":true,"href":"https:\/\/roveyayinevi.com.tr\/index.php\/wp-json\/wp\/v2\/product_tag?post=740661"}],"curies":[{"name":"wp","href":"https:\/\/api.w.org\/{rel}","templated":true}]}}