{"id":740649,"date":"2025-08-28T00:32:16","date_gmt":"2025-08-27T21:32:16","guid":{"rendered":"https:\/\/roveyayinevi.com.tr\/index.php\/urun\/marsa-yolculuk\/"},"modified":"2026-04-16T02:51:31","modified_gmt":"2026-04-15T23:51:31","slug":"marsa-yolculuk","status":"publish","type":"product","link":"https:\/\/roveyayinevi.com.tr\/index.php\/urun\/marsa-yolculuk\/","title":{"rendered":"Mars&#8217;a Yolculuk"},"content":{"rendered":"<p>Otomatik sondalar sayesinde bir zamanlar Mars\u2019\u0131n yu\u0308zeyinde akarsular, dev volkanlar bulundu\u011funu ve gezegenin bir zamanlar korkun\u00e7 bir iklim de\u011fi\u015fimine u\u011frad\u0131\u011f\u0131n\u0131 biliyoruz. Peki ama Mars\u2019taki ko\u015fullar neden Du\u0308nya\u2019dakine benzer ko\u015fullara evrilmedi? Evrilse ya\u015fama ev sahipli\u011fi yapar m\u0131yd\u0131? Bilinmez&#8230; Peki ya bir zamanlar ya\u015fama ev sahipli\u011fi yapm\u0131\u015f m\u0131yd\u0131? Bu da gizemini koruyan bir konu&#8230; Bilim insanlar\u0131 bir yandan bu ve buna benzer daha bir\u00e7ok soruya yan\u0131t bulabilmek i\u00e7in k\u0131z\u0131l gezegenden Du\u0308nya\u2019ya numuneler getirirken, \u00f6te yandan, \u00f6zel sekt\u00f6ru\u0308n de enerjisini kullanarak bamba\u015fka bir projeyi hayata ge\u00e7irmeye \u00e7al\u0131\u015f\u0131yor: Gu\u0308nu\u0308n birinde Mars\u2019a insan g\u00f6ndermek. Bu \u00e7ok zor bir g\u00f6rev. Bir ini\u015f arac\u0131 tasarlamak, yolcular\u0131 radyasyondan korumak, ini\u015f yerinde yeterli kaynaklar bulmak, hi\u00e7 bitmeyecekmi\u015f gibi gelecek uzun yolculuk s\u0131ras\u0131nda insan psikolojisini y\u00f6netmek vs&#8230; \u0130mk\u00e2ns\u0131z g\u00f6ru\u0308nen bir proje \u015fu anda ad\u0131m ad\u0131m hayata ge\u00e7iriliyor. Francis Rocard uzayla ilgili bu h\u0131rsl\u0131 ve e\u015fi benzeri g\u00f6ru\u0308lmemi\u015f giri\u015fimin panoramas\u0131n\u0131 g\u00f6zler \u00f6nu\u0308ne seriyor. <\/p>\n","protected":false},"excerpt":{"rendered":"<p>Otomatik sondalar sayesinde bir zamanlar Mars\u2019\u0131n yu\u0308zeyinde akarsular, dev volkanlar bulundu\u011funu ve gezegenin bir zamanlar korkun\u00e7 bir iklim de\u011fi\u015fimine u\u011frad\u0131\u011f\u0131n\u0131 biliyoruz. Peki ama Mars\u2019taki ko\u015fullar neden<span class=\"excerpt-hellip\"> [\u2026]<\/span><\/p>\n","protected":false},"featured_media":0,"template":"","meta":{"_monsterinsights_skip_tracking":false,"_monsterinsights_sitenote_active":false,"_monsterinsights_sitenote_note":"","_monsterinsights_sitenote_category":0},"product_brand":[],"product_cat":[13005,13006],"product_tag":[],"class_list":{"0":"post-740649","1":"product","2":"type-product","3":"status-publish","5":"product_cat-bilim-muhendislik","6":"product_cat-populer-bilim","7":"pa_cilt-ciltsiz","8":"pa_tur-kitap","9":"pa_yayinevi-say-yayinlari","10":"pa_yazar-francis-rocard","12":"first","13":"instock","14":"sale","15":"shipping-taxable","16":"purchasable","17":"product-type-simple"},"_links":{"self":[{"href":"https:\/\/roveyayinevi.com.tr\/index.php\/wp-json\/wp\/v2\/product\/740649","targetHints":{"allow":["GET"]}}],"collection":[{"href":"https:\/\/roveyayinevi.com.tr\/index.php\/wp-json\/wp\/v2\/product"}],"about":[{"href":"https:\/\/roveyayinevi.com.tr\/index.php\/wp-json\/wp\/v2\/types\/product"}],"wp:attachment":[{"href":"https:\/\/roveyayinevi.com.tr\/index.php\/wp-json\/wp\/v2\/media?parent=740649"}],"wp:term":[{"taxonomy":"product_brand","embeddable":true,"href":"https:\/\/roveyayinevi.com.tr\/index.php\/wp-json\/wp\/v2\/product_brand?post=740649"},{"taxonomy":"product_cat","embeddable":true,"href":"https:\/\/roveyayinevi.com.tr\/index.php\/wp-json\/wp\/v2\/product_cat?post=740649"},{"taxonomy":"product_tag","embeddable":true,"href":"https:\/\/roveyayinevi.com.tr\/index.php\/wp-json\/wp\/v2\/product_tag?post=740649"}],"curies":[{"name":"wp","href":"https:\/\/api.w.org\/{rel}","templated":true}]}}