{"id":740633,"date":"2025-08-28T00:31:55","date_gmt":"2025-08-27T21:31:55","guid":{"rendered":"https:\/\/roveyayinevi.com.tr\/index.php\/urun\/tanri-ve-devlet\/"},"modified":"2026-04-16T02:51:30","modified_gmt":"2026-04-15T23:51:30","slug":"tanri-ve-devlet","status":"publish","type":"product","link":"https:\/\/roveyayinevi.com.tr\/index.php\/urun\/tanri-ve-devlet\/","title":{"rendered":"Tanr\u0131 Ve Devlet"},"content":{"rendered":"<p>&#8220;Bir efendi, her kim olursa olsun ve kendini ne kadar liberal g\u00f6sterme arzusu ta\u015f\u0131sa ta\u015f\u0131s\u0131n, her zaman efendidir. Onun varl\u0131\u011f\u0131, t\u00fcm alt\u0131ndakilerin k\u00f6leli\u011fini zorunlu k\u0131lar. Bundan \u00f6t\u00fcr\u00fc e\u011fer Tanr\u0131 varsa ve insan \u00f6zg\u00fcrl\u00fc\u011f\u00fcne hizmet etmek istiyorsa bunu ancak var olmaktan vazge\u00e7erek yapabilir.&#8221; diyen Mihail Bakunin, 1814-1876 y\u0131llar\u0131 aras\u0131nda ya\u015fam\u0131\u015f bir Rus devrimci ve kolektivist anar\u015fizm kuramc\u0131s\u0131d\u0131r. Anar\u015fist d\u00fc\u015f\u00fcn\u00fcrlerin ilk ku\u015fa\u011f\u0131n\u0131n temsilcilerindendir. Anar\u015fizmin babalar\u0131ndan biridir. Tanr\u0131 ve Devlet, onun en \u00fcnl\u00fc eseri olmakla birlikte bir\u00e7ok \u00e7al\u0131\u015fmas\u0131 gibi bu da bitmemi\u015ftir.<\/p>\n","protected":false},"excerpt":{"rendered":"<p>&#8220;Bir efendi, her kim olursa olsun ve kendini ne kadar liberal g\u00f6sterme arzusu ta\u015f\u0131sa ta\u015f\u0131s\u0131n, her zaman efendidir. Onun varl\u0131\u011f\u0131, t\u00fcm alt\u0131ndakilerin k\u00f6leli\u011fini zorunlu k\u0131lar. Bundan<span class=\"excerpt-hellip\"> [\u2026]<\/span><\/p>\n","protected":false},"featured_media":0,"template":"","meta":{"_monsterinsights_skip_tracking":false,"_monsterinsights_sitenote_active":false,"_monsterinsights_sitenote_note":"","_monsterinsights_sitenote_category":0},"product_brand":[],"product_cat":[13059,12337],"product_tag":[],"class_list":{"0":"post-740633","1":"product","2":"type-product","3":"status-publish","5":"product_cat-diger-politika-siyaset","6":"product_cat-politika-siyaset","7":"pa_cilt-ciltsiz","8":"pa_tur-kitap","9":"pa_yayinevi-fa-yayinlari","10":"pa_yazar-mihail-bakunin","12":"first","13":"instock","14":"sale","15":"shipping-taxable","16":"purchasable","17":"product-type-simple"},"_links":{"self":[{"href":"https:\/\/roveyayinevi.com.tr\/index.php\/wp-json\/wp\/v2\/product\/740633","targetHints":{"allow":["GET"]}}],"collection":[{"href":"https:\/\/roveyayinevi.com.tr\/index.php\/wp-json\/wp\/v2\/product"}],"about":[{"href":"https:\/\/roveyayinevi.com.tr\/index.php\/wp-json\/wp\/v2\/types\/product"}],"wp:attachment":[{"href":"https:\/\/roveyayinevi.com.tr\/index.php\/wp-json\/wp\/v2\/media?parent=740633"}],"wp:term":[{"taxonomy":"product_brand","embeddable":true,"href":"https:\/\/roveyayinevi.com.tr\/index.php\/wp-json\/wp\/v2\/product_brand?post=740633"},{"taxonomy":"product_cat","embeddable":true,"href":"https:\/\/roveyayinevi.com.tr\/index.php\/wp-json\/wp\/v2\/product_cat?post=740633"},{"taxonomy":"product_tag","embeddable":true,"href":"https:\/\/roveyayinevi.com.tr\/index.php\/wp-json\/wp\/v2\/product_tag?post=740633"}],"curies":[{"name":"wp","href":"https:\/\/api.w.org\/{rel}","templated":true}]}}