{"id":740628,"date":"2025-08-28T00:31:00","date_gmt":"2025-08-27T21:31:00","guid":{"rendered":"https:\/\/roveyayinevi.com.tr\/index.php\/urun\/kugulu-park-cinayeti\/"},"modified":"2026-04-16T02:51:29","modified_gmt":"2026-04-15T23:51:29","slug":"kugulu-park-cinayeti","status":"publish","type":"product","link":"https:\/\/roveyayinevi.com.tr\/index.php\/urun\/kugulu-park-cinayeti\/","title":{"rendered":"Ku\u011fulu Park Cinayeti"},"content":{"rendered":"<p>Bir kad\u0131n\u0131n parf\u00fcm\u00fcne, deri \u00e7antas\u0131na, stilettolar\u0131na, k\u0131rm\u0131z\u0131 i\u00e7 \u00e7ama\u015f\u0131r\u0131na ba\u011fl\u0131 olmas\u0131 gibi ben de kurbanlar\u0131ma tutkuyla ba\u011fl\u0131y\u0131m. Onlar\u0131 titizlikle se\u00e7er, ba\u015f\u0131m\u0131 d\u00f6nd\u00fcren tenlerinin kokusunu bir kez daha duymak ve bedenlerine dokunmak h\u0131rs\u0131yla soluk al\u0131r\u0131m. Bu y\u00fczden beklemedi\u011fin bir anda duydu\u011fun t\u0131k\u0131rt\u0131ya, ayak sesine, kap\u0131 g\u0131c\u0131rt\u0131s\u0131na, r\u00fczgars\u0131z havada \u00e7arpan pencerelere, perdelerin h\u0131\u015f\u0131rt\u0131s\u0131na kulaklar\u0131n\u0131 kapatma! Birazdan \u00f6l\u00fcm\u00fcn sesi t\u00fcm seslere e\u015flik edecek. \u015eimdi usulca arkana yaslan!\u00d6zenle yap\u0131lm\u0131\u015f editasyonu ve 8. bask\u0131s\u0131yla Ku\u011fulu Park Cinayeti yeniden sizlerle. <\/p>\n","protected":false},"excerpt":{"rendered":"<p>Bir kad\u0131n\u0131n parf\u00fcm\u00fcne, deri \u00e7antas\u0131na, stilettolar\u0131na, k\u0131rm\u0131z\u0131 i\u00e7 \u00e7ama\u015f\u0131r\u0131na ba\u011fl\u0131 olmas\u0131 gibi ben de kurbanlar\u0131ma tutkuyla ba\u011fl\u0131y\u0131m. Onlar\u0131 titizlikle se\u00e7er, ba\u015f\u0131m\u0131 d\u00f6nd\u00fcren tenlerinin kokusunu bir kez<span class=\"excerpt-hellip\"> [\u2026]<\/span><\/p>\n","protected":false},"featured_media":0,"template":"","meta":{"_monsterinsights_skip_tracking":false,"_monsterinsights_sitenote_active":false,"_monsterinsights_sitenote_note":"","_monsterinsights_sitenote_category":0},"product_brand":[],"product_cat":[12291,12711],"product_tag":[],"class_list":{"0":"post-740628","1":"product","2":"type-product","3":"status-publish","5":"product_cat-edebiyat","6":"product_cat-roman-oyku","7":"pa_cilt-ciltsiz","8":"pa_tur-kitap","9":"pa_yayinevi-fa-yayinlari","10":"pa_yazar-ali-bayram","12":"first","13":"instock","14":"sale","15":"shipping-taxable","16":"purchasable","17":"product-type-simple"},"_links":{"self":[{"href":"https:\/\/roveyayinevi.com.tr\/index.php\/wp-json\/wp\/v2\/product\/740628","targetHints":{"allow":["GET"]}}],"collection":[{"href":"https:\/\/roveyayinevi.com.tr\/index.php\/wp-json\/wp\/v2\/product"}],"about":[{"href":"https:\/\/roveyayinevi.com.tr\/index.php\/wp-json\/wp\/v2\/types\/product"}],"wp:attachment":[{"href":"https:\/\/roveyayinevi.com.tr\/index.php\/wp-json\/wp\/v2\/media?parent=740628"}],"wp:term":[{"taxonomy":"product_brand","embeddable":true,"href":"https:\/\/roveyayinevi.com.tr\/index.php\/wp-json\/wp\/v2\/product_brand?post=740628"},{"taxonomy":"product_cat","embeddable":true,"href":"https:\/\/roveyayinevi.com.tr\/index.php\/wp-json\/wp\/v2\/product_cat?post=740628"},{"taxonomy":"product_tag","embeddable":true,"href":"https:\/\/roveyayinevi.com.tr\/index.php\/wp-json\/wp\/v2\/product_tag?post=740628"}],"curies":[{"name":"wp","href":"https:\/\/api.w.org\/{rel}","templated":true}]}}