{"id":740627,"date":"2025-08-28T00:30:59","date_gmt":"2025-08-27T21:30:59","guid":{"rendered":"https:\/\/roveyayinevi.com.tr\/index.php\/urun\/goblin-slayer-goblin-avcisi-1\/"},"modified":"2026-04-16T02:51:29","modified_gmt":"2026-04-15T23:51:29","slug":"goblin-slayer-goblin-avcisi-1","status":"publish","type":"product","link":"https:\/\/roveyayinevi.com.tr\/index.php\/urun\/goblin-slayer-goblin-avcisi-1\/","title":{"rendered":"Goblin Slayer \u2013 Goblin Avc\u0131s\u0131 1"},"content":{"rendered":"<p>Ejderhalar, \u015feytanlar, koca g\u00f6zl\u00fc zalim haydutlar\u2026 Canavarlar git gide \u00e7o\u011fal\u0131yor ve k\u00f6ylere sald\u0131r\u0131yorlar. \u0130\u00e7lerinde say\u0131lar\u0131 en fazla olanlar ise goblinler. Bu vah\u015fi yarat\u0131klar\u0131n sald\u0131r\u0131lar\u0131ndan muzdarip k\u00f6yl\u00fclerin yard\u0131m\u0131na ko\u015farak onlar\u0131 kurtarmak ise Macerac\u0131lar\u0131n i\u015fi.    Macerac\u0131lar Derne\u011fine \u00fcye olarak insanlara yard\u0131m etmek isteyen gen\u00e7 bir rahibe, derne\u011fe kat\u0131ld\u0131\u011f\u0131 g\u00fcn acemilerden olu\u015fan bir ekiple ilk g\u00f6revine \u00e7\u0131kar. Ne yaz\u0131k ki ekip \u00e7ok ge\u00e7meden kendini bir s\u00fcr\u00fc vah\u015fi goblinle \u00e7evrelenmi\u015f bulur. Onlar\u0131 kurtarmaya gelen, hayat\u0131n\u0131 ne pahas\u0131na olursa olsun goblinleri yok etmeye adayan Macerac\u0131, nam\u0131di\u011fer Goblin Avc\u0131s\u0131.   Goblin Slayer, her cildini nefesinizi tutarak okuyaca\u011f\u0131n\u0131z aksiyon dolu bir macera. <\/p>\n","protected":false},"excerpt":{"rendered":"<p>Ejderhalar, \u015feytanlar, koca g\u00f6zl\u00fc zalim haydutlar\u2026 Canavarlar git gide \u00e7o\u011fal\u0131yor ve k\u00f6ylere sald\u0131r\u0131yorlar. \u0130\u00e7lerinde say\u0131lar\u0131 en fazla olanlar ise goblinler. Bu vah\u015fi yarat\u0131klar\u0131n sald\u0131r\u0131lar\u0131ndan muzdarip k\u00f6yl\u00fclerin<span class=\"excerpt-hellip\"> [\u2026]<\/span><\/p>\n","protected":false},"featured_media":0,"template":"","meta":{"_monsterinsights_skip_tracking":false,"_monsterinsights_sitenote_active":false,"_monsterinsights_sitenote_note":"","_monsterinsights_sitenote_category":0},"product_brand":[],"product_cat":[12416,12291],"product_tag":[],"class_list":{"0":"post-740627","1":"product","2":"type-product","3":"status-publish","5":"product_cat-cizgi-roman","6":"product_cat-edebiyat","7":"pa_cilt-ciltsiz","8":"pa_tur-kitap","9":"pa_yayinevi-kurukafa","10":"pa_yazar-kumo-kagyu","12":"first","13":"instock","14":"sale","15":"shipping-taxable","16":"purchasable","17":"product-type-simple"},"_links":{"self":[{"href":"https:\/\/roveyayinevi.com.tr\/index.php\/wp-json\/wp\/v2\/product\/740627","targetHints":{"allow":["GET"]}}],"collection":[{"href":"https:\/\/roveyayinevi.com.tr\/index.php\/wp-json\/wp\/v2\/product"}],"about":[{"href":"https:\/\/roveyayinevi.com.tr\/index.php\/wp-json\/wp\/v2\/types\/product"}],"wp:attachment":[{"href":"https:\/\/roveyayinevi.com.tr\/index.php\/wp-json\/wp\/v2\/media?parent=740627"}],"wp:term":[{"taxonomy":"product_brand","embeddable":true,"href":"https:\/\/roveyayinevi.com.tr\/index.php\/wp-json\/wp\/v2\/product_brand?post=740627"},{"taxonomy":"product_cat","embeddable":true,"href":"https:\/\/roveyayinevi.com.tr\/index.php\/wp-json\/wp\/v2\/product_cat?post=740627"},{"taxonomy":"product_tag","embeddable":true,"href":"https:\/\/roveyayinevi.com.tr\/index.php\/wp-json\/wp\/v2\/product_tag?post=740627"}],"curies":[{"name":"wp","href":"https:\/\/api.w.org\/{rel}","templated":true}]}}