{"id":740626,"date":"2025-08-28T00:30:58","date_gmt":"2025-08-27T21:30:58","guid":{"rendered":"https:\/\/roveyayinevi.com.tr\/index.php\/urun\/gizemli-ada-2\/"},"modified":"2026-04-16T02:51:29","modified_gmt":"2026-04-15T23:51:29","slug":"gizemli-ada-2","status":"publish","type":"product","link":"https:\/\/roveyayinevi.com.tr\/index.php\/urun\/gizemli-ada-2\/","title":{"rendered":"Gizemli Ada"},"content":{"rendered":"<p>Amerika&#8217;ya gitmek i\u00e7in yola \u00e7\u0131kt\u0131lar. Ba\u015far\u0131l\u0131 bir futbol tak\u0131m\u0131. Okyanusta gemileri neye \u00e7arpt\u0131? F\u0131rt\u0131nadan kurtulabilecekler mi? Saat neden hep 11.11&#8217;i g\u00f6steriyor? Nas\u0131l bir ada bu? Gen\u00e7 futbol tak\u0131m\u0131 hayatta kalmay\u0131 ba\u015farabilecek mi?<\/p>\n","protected":false},"excerpt":{"rendered":"<p>Amerika&#8217;ya gitmek i\u00e7in yola \u00e7\u0131kt\u0131lar. Ba\u015far\u0131l\u0131 bir futbol tak\u0131m\u0131. Okyanusta gemileri neye \u00e7arpt\u0131? F\u0131rt\u0131nadan kurtulabilecekler mi? Saat neden hep 11.11&#8217;i g\u00f6steriyor? Nas\u0131l bir ada bu? Gen\u00e7<span class=\"excerpt-hellip\"> [\u2026]<\/span><\/p>\n","protected":false},"featured_media":0,"template":"","meta":{"_monsterinsights_skip_tracking":false,"_monsterinsights_sitenote_active":false,"_monsterinsights_sitenote_note":"","_monsterinsights_sitenote_category":0},"product_brand":[],"product_cat":[12274,12284],"product_tag":[],"class_list":{"0":"post-740626","1":"product","2":"type-product","3":"status-publish","5":"product_cat-cocuk-ve-genclik-kitaplari","6":"product_cat-hikayeler","7":"pa_cilt-ciltsiz","8":"pa_tur-kitap","9":"pa_yayinevi-fa-yayinlari","10":"pa_yazar-ali-eryilmaz-emirhan-sarica","12":"first","13":"instock","14":"sale","15":"shipping-taxable","16":"purchasable","17":"product-type-simple"},"_links":{"self":[{"href":"https:\/\/roveyayinevi.com.tr\/index.php\/wp-json\/wp\/v2\/product\/740626","targetHints":{"allow":["GET"]}}],"collection":[{"href":"https:\/\/roveyayinevi.com.tr\/index.php\/wp-json\/wp\/v2\/product"}],"about":[{"href":"https:\/\/roveyayinevi.com.tr\/index.php\/wp-json\/wp\/v2\/types\/product"}],"wp:attachment":[{"href":"https:\/\/roveyayinevi.com.tr\/index.php\/wp-json\/wp\/v2\/media?parent=740626"}],"wp:term":[{"taxonomy":"product_brand","embeddable":true,"href":"https:\/\/roveyayinevi.com.tr\/index.php\/wp-json\/wp\/v2\/product_brand?post=740626"},{"taxonomy":"product_cat","embeddable":true,"href":"https:\/\/roveyayinevi.com.tr\/index.php\/wp-json\/wp\/v2\/product_cat?post=740626"},{"taxonomy":"product_tag","embeddable":true,"href":"https:\/\/roveyayinevi.com.tr\/index.php\/wp-json\/wp\/v2\/product_tag?post=740626"}],"curies":[{"name":"wp","href":"https:\/\/api.w.org\/{rel}","templated":true}]}}