{"id":740619,"date":"2025-08-28T00:30:51","date_gmt":"2025-08-27T21:30:51","guid":{"rendered":"https:\/\/roveyayinevi.com.tr\/index.php\/urun\/hindistanda-islam\/"},"modified":"2026-04-16T02:51:29","modified_gmt":"2026-04-15T23:51:29","slug":"hindistanda-islam","status":"publish","type":"product","link":"https:\/\/roveyayinevi.com.tr\/index.php\/urun\/hindistanda-islam\/","title":{"rendered":"Hindistan\u2019da \u0130slam"},"content":{"rendered":"<p>\u0130slam\u2019\u0131n Hindistan\u2019daki var olu\u015f tarihi ile Anadolu\u2019dan Rumeli\u2019ye uzanan Bat\u0131\u2019daki tarihi aras\u0131nda ciddi benzerlikler kurulabilece\u011fi anla\u015f\u0131l\u0131yor. Mukayeseli \u00e7al\u0131\u015fmalar bu iki yay\u0131lma tarihinin benzerliklerini hen\u00fcz tespit etmemi\u015f olsa bile elinizdeki kitap \u0130slam\u2019\u0131n farkl\u0131 k\u00fclt\u00fcr, dil ve etnik zenginlik i\u00e7inde nas\u0131l bir geli\u015fim seyri g\u00f6sterebilece\u011fi hakk\u0131nda m\u00fchim bir perspektif veriyor. Erken devirlerden itibaren Hint alt k\u0131tas\u0131nda yay\u0131lan \u0130slam\u2019\u0131n buradaki maceras\u0131 ve yerle\u015fik din ve inan\u00e7larla ili\u015fkileri, \u015feriat, ahl\u00e2k, siyaset ve k\u00fclt\u00fcr sahalar\u0131nda kar\u015f\u0131l\u0131kl\u0131 etkile\u015fim ve uyum s\u00fcre\u00e7lerini g\u00f6steriyor. Bu s\u00fcre\u00e7te M\u00fcsl\u00fcman idareciler y\u00f6nettikleri halklar\u0131n k\u00fclt\u00fcrel ve dini geleneklerine bazen m\u00fcdahale etmi\u015fler, ama yakla\u015f\u0131k alt\u0131 as\u0131r boyunca yerel din ve k\u00fclt\u00fcrlerle al\u0131\u015fveri\u015f h\u00e2lini devam ettirmi\u015flerdi. Bu durum bizzat \u0130slam i\u00e7inde de birtak\u0131m tart\u0131\u015fmalar\u0131n do\u011fmas\u0131na da yol a\u00e7m\u0131\u015ft\u0131. Hindistan\u2019\u0131n Fars\u00e7a konu\u015fan M\u00fcsl\u00fcman T\u00fcrk idarecileri k\u00fclt\u00fcrel zenginlik ve \u00e7at\u0131\u015fma i\u00e7erisinde, \u0130slam\u2019\u0131n siyaset d\u00fc\u015f\u00fcncesi, ahl\u00e2k ve tasavvuf metinlerini Hint k\u00fclt\u00fcr d\u00fcnyas\u0131na sunmu\u015flard\u0131. Bu etkile\u015fimin neticesinde \u00fcretilen ahl\u00e2k teorileri, pratik hayat tecr\u00fcbesi, yeniden \u015fekillenen Fars\u00e7a ve tasavvuf\u00ee g\u00f6r\u00fc\u015fler, \u0130slam\u2019\u0131n d\u00fcnya tarihindeki geli\u015fimiyle ilgili yeni bir bak\u0131\u015f sunuyor. Chicago \u00dcniversitesi tarih profes\u00f6rlerinden Muzaffar Alam\u2019\u0131n, Hindistan\u2019da \u0130slam: Siyasi Dil ve K\u00fclt\u00fcr\u00fcn \u0130n\u015fas\u0131, 1200-1800 ba\u015fl\u0131kl\u0131 eseri, T\u00fcrk okuru i\u00e7in yeni bir ufuk a\u00e7acak. Yazar Hakk\u0131nda: 1947 do\u011fumlu Alam Yeni Delhi\u2019de C\u00e2mia Milliye \u0130sl\u00e2miye\u2019de tarih e\u011fitimi ald\u0131 ve ayn\u0131 \u015fehirde Cevahirlal Nehru \u00dcniversitesi\u2019nde 1977\u2019de doktora \u00e7al\u0131\u015fmas\u0131n\u0131 tamamlad\u0131. Amerika, Fransa ve Hollanda\u2019da \u00e7e\u015fitli \u00fcniversitelerde dersler veren Alam, 2001 y\u0131l\u0131nda Chicago \u00dcniversitesi\u2019nde e\u011fitim ve ara\u015ft\u0131rma faaliyetlerine ba\u015flad\u0131. Fars\u00e7a, Urduca, Hind\u012b ve Arap\u00e7a dillerinin tarihsel geli\u015fimleri \u00fczerine \u00e7al\u0131\u015fan yazar Delhi Sultanl\u0131\u011f\u0131 ve Bab\u00fcr \u0130mparatorlu\u011fu\u2019nun siyasi ve k\u00fclt\u00fcrel tarihi \u00fczerine \u00e7e\u015fitli eserler kaleme ald\u0131. G\u00fcney Asya\u2019da \u0130slam k\u00fclt\u00fcr\u00fc \u00fczerine uzmanla\u015fan m\u00fcellif, bu sahada bir\u00e7ok doktora \u00f6\u011frencisi yeti\u015ftirdi. <\/p>\n","protected":false},"excerpt":{"rendered":"<p>\u0130slam\u2019\u0131n Hindistan\u2019daki var olu\u015f tarihi ile Anadolu\u2019dan Rumeli\u2019ye uzanan Bat\u0131\u2019daki tarihi aras\u0131nda ciddi benzerlikler kurulabilece\u011fi anla\u015f\u0131l\u0131yor. Mukayeseli \u00e7al\u0131\u015fmalar bu iki yay\u0131lma tarihinin benzerliklerini hen\u00fcz tespit etmemi\u015f<span class=\"excerpt-hellip\"> [\u2026]<\/span><\/p>\n","protected":false},"featured_media":0,"template":"","meta":{"_monsterinsights_skip_tracking":false,"_monsterinsights_sitenote_active":false,"_monsterinsights_sitenote_note":"","_monsterinsights_sitenote_category":0},"product_brand":[],"product_cat":[12370,12304],"product_tag":[],"class_list":{"0":"post-740619","1":"product","2":"type-product","3":"status-publish","5":"product_cat-arastirma-inceleme","6":"product_cat-tarih","7":"pa_cilt-ciltsiz","8":"pa_tur-kitap","9":"pa_yayinevi-vakifbank-kultur-yayinlari","10":"pa_yazar-muzaffer-alam","12":"first","13":"instock","14":"sale","15":"shipping-taxable","16":"purchasable","17":"product-type-simple"},"_links":{"self":[{"href":"https:\/\/roveyayinevi.com.tr\/index.php\/wp-json\/wp\/v2\/product\/740619","targetHints":{"allow":["GET"]}}],"collection":[{"href":"https:\/\/roveyayinevi.com.tr\/index.php\/wp-json\/wp\/v2\/product"}],"about":[{"href":"https:\/\/roveyayinevi.com.tr\/index.php\/wp-json\/wp\/v2\/types\/product"}],"wp:attachment":[{"href":"https:\/\/roveyayinevi.com.tr\/index.php\/wp-json\/wp\/v2\/media?parent=740619"}],"wp:term":[{"taxonomy":"product_brand","embeddable":true,"href":"https:\/\/roveyayinevi.com.tr\/index.php\/wp-json\/wp\/v2\/product_brand?post=740619"},{"taxonomy":"product_cat","embeddable":true,"href":"https:\/\/roveyayinevi.com.tr\/index.php\/wp-json\/wp\/v2\/product_cat?post=740619"},{"taxonomy":"product_tag","embeddable":true,"href":"https:\/\/roveyayinevi.com.tr\/index.php\/wp-json\/wp\/v2\/product_tag?post=740619"}],"curies":[{"name":"wp","href":"https:\/\/api.w.org\/{rel}","templated":true}]}}